create table SURVEY (ID integer, PARENT_ID integer, NAME varchar(18), FULL_NAME varchar(41), TITLE varchar(22));
create table CENTRELINE (ID integer, SURVEY_ID integer, TITLE varchar(4), TOPO_DATE date, EXPLO_DATE date, LENGTH real, SURFACE_LENGTH real, DUPLICATE_LENGTH real);
create table PERSON (ID integer, NAME varchar(9), SURNAME varchar(12));
create table EXPLO (PERSON_ID integer, CENTRELINE_ID integer);
create table TOPO (PERSON_ID integer, CENTRELINE_ID integer);
create table STATION (ID integer, NAME varchar(14), SURVEY_ID integer, X real, Y real, Z real);
create table STATION_FLAG (STATION_ID integer, FLAG char(3));
create table SHOT (ID integer, FROM_ID integer, TO_ID integer, CENTRELINE_ID integer, LENGTH real, BEARING real, GRADIENT real, ADJ_LENGTH real, ADJ_BEARING real, ADJ_GRADIENT real, ERR_LENGTH real, ERR_BEARING real, ERR_GRADIENT real);
create table SHOT_FLAG (SHOT_ID integer, FLAG char(3));
insert into SURVEY values (1, 0, '', '', NULL);
 insert into CENTRELINE values (2, 1, NULL, NULL, NULL, 0.00, 0.00, 0.00);
 insert into SURVEY values (11, 1, 'UpperFlood', 'UpperFlood', ' ');
 insert into CENTRELINE values (12, 11, NULL, NULL, NULL, 0.00, 0.00, 0.00);
 insert into CENTRELINE values (13, 11, NULL, NULL, NULL, 0.00, 0.00, 0.00);
 insert into SURVEY values (59, 11, 'Surface', 'Surface.UpperFlood', 'Surface');
 insert into CENTRELINE values (60, 59, NULL, NULL, NULL, 0.00, 0.00, 0.00);
 insert into CENTRELINE values (61, 59, NULL, NULL, NULL, 0.00, 0.00, 0.00);
 insert into SURVEY values (93, 11, 'Legend', 'Legend.UpperFlood', 'Legend');
 insert into CENTRELINE values (94, 93, NULL, NULL, NULL, 0.00, 0.00, 0.00);
 insert into CENTRELINE values (95, 93, NULL, NULL, NULL, 0.00, 0.00, 0.00);
 insert into SURVEY values (107, 11, 'Grid', 'Grid.UpperFlood', 'Grid');
 insert into CENTRELINE values (108, 107, NULL, NULL, NULL, 0.00, 0.00, 0.00);
 insert into CENTRELINE values (109, 107, NULL, NULL, NULL, 0.00, 0.00, 0.00);
 insert into SURVEY values (166, 11, 'Entrance', 'Entrance.UpperFlood', 'Entrance');
 insert into CENTRELINE values (167, 166, NULL, NULL, NULL, 0.00, 0.00, 0.00);
 insert into CENTRELINE values (168, 166, NULL, '1996-01-01', NULL, 535.77, 0.00, 0.00);
 insert into PERSON values (1, 'Malcom', 'Cotter');
insert into TOPO values (1, 168);
 insert into SHOT values (1, 1, 71, 168, 3.25, 0.00, -90.00, 3.25, 90.00, -90.00, 0.00, 0.00, 0.00);
insert into SHOT values (2, 71, 72, 168, 1.08, 131.30, 0.00, 1.08, 131.24, 0.00, 0.00, 334.02, 0.00);
insert into SHOT values (3, 72, 73, 168, 2.75, 138.40, -5.20, 2.75, 138.40, -5.21, 0.00, 139.62, -16.01);
insert into SHOT values (4, 73, 74, 168, 6.07, 106.00, -71.20, 6.07, 106.03, -71.21, 0.00, 204.79, -76.90);
insert into SHOT values (5, 74, 75, 168, 6.61, 85.50, 0.00, 6.61, 85.49, 0.00, 0.00, 15.20, 0.00);
insert into SHOT values (6, 75, 76, 168, 2.79, 52.80, -69.00, 2.79, 53.13, -68.96, 0.01, 141.44, 39.14);
insert into SHOT values (7, 76, 77, 168, 10.77, 316.30, 6.70, 10.78, 316.33, 6.72, 0.01, 359.90, 26.88);
insert into SHOT values (8, 77, 78, 168, 3.61, 18.20, 0.00, 3.61, 18.08, 0.00, 0.01, 274.56, 0.00);
insert into SHOT values (9, 78, 79, 168, 2.62, 102.40, 34.90, 2.62, 102.62, 34.70, 0.01, 171.19, -46.11);
insert into SHOT values (10, 79, 80, 168, 5.07, 4.70, 0.00, 5.08, 4.74, 0.00, 0.01, 32.97, 0.00);
insert into SHOT values (11, 80, 81, 168, 2.30, 92.00, -13.70, 2.30, 92.05, -13.60, 0.01, 237.82, 51.33);
insert into SHOT values (12, 81, 82, 168, 2.10, 28.70, -10.50, 2.10, 28.68, -10.44, 0.00, 233.70, 53.92);
insert into SHOT values (13, 82, 83, 168, 6.38, 338.00, 7.90, 6.38, 338.06, 7.84, 0.01, 84.47, -43.21);
insert into SHOT values (14, 77, 84, 168, 6.33, 293.20, 22.50, 6.33, 293.15, 22.47, 0.01, 231.10, -21.35);
insert into SHOT values (15, 84, 85, 168, 3.80, 304.00, 42.90, 3.80, 304.03, 42.79, 0.01, 326.60, -58.89);
insert into SHOT values (16, 76, 86, 168, 13.70, 98.90, -5.20, 13.70, 98.90, -5.19, 0.00, 38.98, 58.01);
insert into SHOT values (17, 86, 87, 168, 6.94, 95.40, -5.20, 6.94, 95.40, -5.21, 0.00, 299.00, -49.12);
insert into SHOT values (18, 87, 88, 168, 9.16, 112.50, -5.20, 9.15, 112.51, -5.20, 0.01, 276.88, 1.40);
insert into SHOT values (19, 88, 89, 168, 6.69, 134.20, -5.20, 6.69, 134.15, -5.23, 0.01, 36.70, -31.29);
insert into SHOT values (20, 89, 90, 168, 5.04, 146.10, -5.20, 5.04, 146.12, -5.23, 0.01, 172.31, -38.83);
insert into SHOT values (21, 90, 3, 168, 3.96, 162.80, -5.20, 3.96, 162.76, -5.07, 0.01, 124.95, 62.40);
insert into SHOT values (22, 3, 91, 168, 4.80, 227.10, -5.20, 4.80, 227.20, -5.26, 0.01, 295.90, -28.38);
insert into SHOT values (23, 91, 92, 168, 6.06, 199.10, -5.20, 6.06, 199.07, -5.21, 0.01, 59.43, -7.86);
insert into SHOT values (24, 92, 93, 168, 11.22, 124.10, -5.20, 11.22, 124.13, -5.22, 0.01, 205.22, -26.96);
insert into SHOT values (25, 93, 94, 168, 8.90, 137.30, -5.20, 8.90, 137.29, -5.16, 0.01, 348.45, 59.54);
insert into SHOT values (26, 94, 95, 168, 7.39, 117.30, -5.20, 7.39, 117.33, -5.20, 0.00, 178.16, -2.85);
insert into SHOT values (27, 95, 96, 168, 7.47, 106.00, -5.20, 7.47, 106.00, -5.22, 0.00, 296.60, -68.04);
insert into SHOT values (28, 96, 97, 168, 12.22, 102.60, -5.20, 12.22, 102.57, -5.21, 0.01, 35.48, -22.99);
insert into SHOT values (29, 97, 98, 168, 8.85, 90.00, -5.20, 8.85, 90.00, -5.19, 0.00, 270.00, 30.40);
insert into SHOT values (30, 98, 99, 168, 11.87, 101.00, -5.20, 11.88, 101.02, -5.17, 0.01, 126.19, 37.82);
insert into SHOT values (31, 99, 100, 168, 19.55, 91.00, -5.20, 19.54, 91.00, -5.23, 0.01, 268.17, -51.03);
insert into SHOT values (32, 100, 101, 168, 2.64, 93.20, 12.20, 2.64, 93.11, 12.23, 0.01, 42.06, 21.12);
insert into SHOT values (33, 101, 102, 168, 2.91, 143.90, 12.20, 2.91, 143.85, 12.28, 0.01, 113.98, 47.93);
insert into SHOT values (34, 102, 103, 168, 6.04, 167.00, 12.20, 6.03, 167.07, 12.15, 0.01, 285.89, -37.52);
insert into SHOT values (35, 103, 6, 168, 5.53, 209.60, -26.40, 5.53, 209.52, -26.41, 0.01, 115.35, -9.03);
insert into SHOT values (36, 6, 104, 168, 7.36, 118.30, -1.90, 7.36, 118.34, -1.87, 0.01, 248.72, 29.04);
insert into SHOT values (37, 104, 105, 168, 4.26, 171.10, -1.90, 4.25, 171.07, -1.89, 0.01, 11.46, 10.77);
insert into SHOT values (38, 105, 106, 168, 8.56, 171.70, -1.90, 8.56, 171.67, -1.87, 0.01, 130.86, 29.99);
insert into SHOT values (39, 106, 107, 168, 5.68, 166.40, -1.90, 5.68, 166.45, -1.92, 0.01, 244.76, -17.31);
insert into SHOT values (40, 107, 108, 168, 4.98, 164.90, -1.90, 4.98, 164.85, -1.96, 0.01, 32.15, -37.41);
insert into SHOT values (41, 108, 109, 168, 12.54, 184.80, -1.90, 12.54, 184.81, -1.87, 0.01, 235.94, 75.26);
insert into SHOT values (42, 109, 110, 168, 12.61, 271.80, -1.90, 12.61, 271.77, -1.91, 0.01, 208.22, -16.02);
insert into SHOT values (43, 110, 111, 168, 24.00, 255.60, -1.90, 24.00, 255.61, -1.91, 0.01, 31.36, -34.68);
insert into SHOT values (44, 111, 112, 168, 4.52, 218.20, -1.90, 4.52, 218.16, -1.90, 0.00, 88.12, -2.16);
insert into SHOT values (45, 112, 113, 168, 2.52, 236.30, -1.90, 2.53, 236.31, -1.82, 0.01, 241.04, 33.88);
insert into SHOT values (46, 113, 114, 168, 5.78, 239.00, -1.90, 5.78, 239.04, -1.89, 0.01, 17.87, 16.43);
insert into SHOT values (47, 114, 115, 168, 11.71, 162.30, -1.90, 11.71, 162.29, -1.91, 0.00, 105.11, -44.36);
insert into SHOT values (48, 115, 116, 168, 6.74, 160.60, -1.90, 6.75, 160.60, -1.87, 0.01, 158.24, 27.53);
insert into SHOT values (49, 116, 117, 168, 4.21, 178.30, -1.70, 4.20, 178.36, -1.77, 0.01, 322.44, -32.74);
insert into SHOT values (50, 117, 118, 168, 7.42, 304.80, 16.70, 7.41, 304.79, 16.70, 0.01, 135.68, -14.60);
insert into SHOT values (51, 118, 119, 168, 8.75, 283.90, 3.30, 8.75, 283.91, 3.34, 0.01, 348.06, 76.44);
insert into SHOT values (52, 119, 120, 168, 7.68, 258.60, -5.60, 7.69, 258.62, -5.60, 0.01, 275.85, -4.30);
insert into SHOT values (53, 120, 121, 168, 1.40, 288.20, 10.30, 1.40, 288.17, 10.28, 0.00, 261.41, -12.25);
insert into SHOT values (54, 121, 122, 168, 3.17, 284.20, 9.10, 3.17, 284.26, 9.09, 0.01, 64.14, -15.35);
insert into SHOT values (55, 122, 123, 168, 18.66, 288.90, -7.70, 18.66, 288.91, -7.70, 0.00, 87.58, 2.19);
insert into SHOT values (56, 123, 124, 168, 3.89, 247.00, -40.00, 3.90, 246.95, -39.91, 0.01, 230.97, 2.83);
insert into SHOT values (57, 124, 125, 168, 3.42, 244.50, 41.10, 3.42, 244.43, 41.18, 0.01, 94.59, 16.11);
insert into SHOT values (58, 125, 126, 168, 4.41, 293.70, -47.50, 4.41, 293.73, -47.46, 0.00, 322.01, 24.09);
insert into SHOT values (59, 126, 127, 168, 3.41, 244.50, -2.10, 3.42, 244.49, -2.18, 0.01, 235.31, -44.30);
insert into SHOT values (60, 127, 128, 168, 17.02, 131.80, -0.40, 17.02, 131.78, -0.40, 0.00, 29.34, -14.05);
insert into SHOT values (61, 128, 8, 168, 0.90, 75.70, 0.00, 0.90, 75.81, 0.00, 0.00, 222.60, 0.00);
insert into SHOT values (62, 127, 129, 168, 17.11, 315.70, 0.40, 17.11, 315.71, 0.40, 0.00, 355.16, 6.53);
insert into SHOT values (63, 129, 130, 168, 31.12, 317.70, 12.10, 31.12, 317.70, 12.09, 0.01, 344.00, -38.31);
insert into SHOT values (64, 130, 131, 168, 4.13, 298.60, 13.50, 4.13, 298.61, 13.60, 0.01, 111.97, 42.79);
insert into SHOT values (65, 131, 132, 168, 8.06, 294.80, 13.50, 8.07, 294.80, 13.48, 0.01, 295.64, -14.49);
insert into SHOT values (66, 132, 133, 168, 11.62, 286.00, 13.50, 11.62, 285.98, 13.49, 0.01, 164.33, -29.92);
insert into SHOT values (67, 133, 134, 168, 5.15, 278.50, 13.50, 5.15, 278.50, 13.48, 0.00, 93.94, -39.66);
insert into SHOT values (68, 134, 135, 168, 8.21, 348.00, 62.10, 8.21, 347.99, 62.10, 0.01, 330.62, 58.96);
insert into SHOT values (69, 135, 136, 168, 6.50, 288.60, 0.00, 6.50, 288.57, 0.00, 0.00, 171.31, 0.00);
insert into SHOT values (70, 136, 137, 168, 12.37, 359.70, 50.20, 12.37, 359.71, 50.18, 0.00, 36.79, -56.40);
insert into SHOT values (71, 137, 138, 168, 9.43, 287.60, 3.00, 9.43, 287.61, 3.04, 0.01, 304.45, 55.04);
insert into SURVEY values (170, 11, 'Entrance2', 'Entrance2.UpperFlood', 'Upper Flood');
 insert into CENTRELINE values (171, 170, NULL, NULL, NULL, 0.00, 0.00, 0.00);
 insert into CENTRELINE values (172, 170, NULL, '2007-06-01', NULL, 0.00, 0.00, 148.33);
 insert into PERSON values (2, 'Martin', 'Rowe');
insert into TOPO values (2, 172);
 insert into PERSON values (3, 'Yvonne', 'Rowe');
insert into TOPO values (3, 172);
 insert into SHOT values (72, 139, 140, 172, 2.87, 357.42, -90.00, 2.87, 90.00, -90.00, 0.00, 357.42, 67.32);
insert into SHOT_FLAG values(72, 'dpl');
insert into SHOT values (73, 140, 141, 172, 4.24, 150.42, -16.00, 4.24, 150.41, -16.04, 0.01, 336.82, -14.70);
insert into SHOT_FLAG values(73, 'dpl');
insert into SHOT values (74, 141, 142, 172, 2.20, 357.42, -90.00, 2.20, 90.00, -90.00, 0.00, 357.42, 56.37);
insert into SHOT_FLAG values(74, 'dpl');
insert into SHOT values (75, 142, 143, 172, 5.54, 88.42, -35.00, 5.54, 88.49, -35.00, 0.01, 144.76, -20.81);
insert into SHOT_FLAG values(75, 'dpl');
insert into SHOT values (76, 143, 144, 172, 5.34, 84.42, -9.00, 5.34, 84.45, -8.94, 0.01, 165.48, 61.27);
insert into SHOT_FLAG values(76, 'dpl');
insert into SHOT values (77, 144, 145, 172, 2.35, 4.42, -37.00, 2.36, 4.26, -36.99, 0.01, 332.17, -29.99);
insert into SHOT_FLAG values(77, 'dpl');
insert into SHOT values (78, 145, 146, 172, 2.33, 274.42, -10.00, 2.32, 274.26, -9.92, 0.01, 131.32, 23.95);
insert into SHOT_FLAG values(78, 'dpl');
insert into SHOT values (79, 145, 147, 172, 10.31, 100.42, -7.00, 10.31, 100.41, -6.96, 0.01, 81.96, 48.80);
insert into SHOT_FLAG values(79, 'dpl');
insert into SHOT values (80, 147, 148, 172, 7.50, 102.42, -2.00, 7.50, 102.48, -1.99, 0.01, 180.13, 12.45);
insert into SHOT_FLAG values(80, 'dpl');
insert into SHOT values (81, 148, 149, 172, 6.90, 105.42, -12.00, 6.89, 105.40, -12.06, 0.01, 306.10, -34.90);
insert into SHOT_FLAG values(81, 'dpl');
insert into SHOT values (82, 149, 150, 172, 1.00, 110.42, 18.00, 1.01, 110.14, 17.92, 0.01, 78.18, 6.31);
insert into SHOT_FLAG values(82, 'dpl');
insert into SHOT values (83, 150, 151, 172, 6.63, 125.42, -6.00, 6.63, 125.43, -5.98, 0.00, 293.65, 39.51);
insert into SHOT_FLAG values(83, 'dpl');
insert into SHOT values (84, 151, 152, 172, 5.68, 139.42, -16.00, 5.68, 139.46, -16.04, 0.01, 209.06, -50.43);
insert into SHOT_FLAG values(84, 'dpl');
insert into SHOT values (85, 152, 153, 172, 3.20, 145.42, -17.00, 3.20, 145.38, -16.89, 0.01, 98.10, 60.13);
insert into SHOT_FLAG values(85, 'dpl');
insert into SHOT values (86, 153, 154, 172, 1.56, 157.42, -4.00, 1.56, 157.72, -4.04, 0.01, 247.70, -8.24);
insert into SHOT_FLAG values(86, 'dpl');
insert into SHOT values (87, 154, 2, 172, 2.36, 172.42, -1.00, 2.36, 172.21, -0.97, 0.01, 96.39, 7.69);
insert into SHOT_FLAG values(87, 'dpl');
insert into SHOT values (88, 2, 155, 172, 5.26, 225.42, 0.00, 5.26, 225.46, 0.00, 0.00, 300.29, 0.00);
insert into SHOT_FLAG values(88, 'dpl');
insert into SHOT values (89, 155, 156, 172, 5.02, 194.42, -2.00, 5.02, 194.42, -2.05, 0.00, 210.00, -75.06);
insert into SHOT_FLAG values(89, 'dpl');
insert into SHOT values (90, 156, 157, 172, 0.92, 143.42, -6.00, 0.92, 143.00, -6.24, 0.01, 44.99, -29.79);
insert into SHOT_FLAG values(90, 'dpl');
insert into SHOT values (91, 157, 158, 172, 9.31, 125.42, -3.00, 9.31, 125.45, -2.96, 0.01, 255.98, 46.99);
insert into SHOT_FLAG values(91, 'dpl');
insert into SHOT values (92, 158, 159, 172, 0.25, 357.42, 90.00, 0.25, 90.00, 90.00, 0.00, 357.42, 0.00);
insert into SHOT_FLAG values(92, 'dpl');
insert into SHOT values (93, 159, 160, 172, 5.29, 118.42, -2.00, 5.29, 118.45, -2.06, 0.01, 174.50, -54.24);
insert into SHOT_FLAG values(93, 'dpl');
insert into SHOT values (94, 160, 161, 172, 4.90, 135.42, -6.00, 4.90, 135.42, -5.98, 0.00, 334.06, 62.86);
insert into SHOT_FLAG values(94, 'dpl');
insert into SHOT values (95, 161, 162, 172, 8.25, 125.42, -3.00, 8.25, 125.37, -2.99, 0.01, 51.33, 12.82);
insert into SHOT_FLAG values(95, 'dpl');
insert into SHOT values (96, 162, 163, 172, 6.03, 116.42, 0.00, 6.03, 116.48, 0.00, 0.01, 181.69, 0.00);
insert into SHOT_FLAG values(96, 'dpl');
insert into SHOT values (97, 163, 164, 172, 11.64, 109.42, -13.00, 11.63, 109.43, -13.01, 0.01, 278.84, -13.62);
insert into SHOT_FLAG values(97, 'dpl');
insert into SHOT values (98, 164, 165, 172, 0.25, 357.42, 90.00, 0.25, 90.00, 90.00, 0.00, 357.42, 0.00);
insert into SHOT_FLAG values(98, 'dpl');
insert into SHOT values (99, 165, 166, 172, 3.66, 98.42, -8.00, 3.66, 98.40, -8.00, 0.00, 81.36, -7.53);
insert into SHOT_FLAG values(99, 'dpl');
insert into SHOT values (100, 166, 167, 172, 7.74, 108.42, -14.00, 7.73, 108.41, -13.99, 0.01, 299.76, 22.01);
insert into SHOT_FLAG values(100, 'dpl');
insert into SHOT values (101, 167, 168, 172, 0.25, 357.42, 90.00, 0.25, 90.00, 90.00, 0.00, 357.42, 0.00);
insert into SHOT_FLAG values(101, 'dpl');
insert into SHOT values (102, 168, 169, 172, 9.55, 101.42, -8.00, 9.55, 101.40, -8.01, 0.00, 3.89, -19.74);
insert into SHOT_FLAG values(102, 'dpl');
insert into SURVEY values (312, 11, 'MidnightChamber', 'MidnightChamber.UpperFlood', 'Midnight Chamber');
 insert into CENTRELINE values (313, 312, NULL, NULL, NULL, 0.00, 0.00, 0.00);
 insert into CENTRELINE values (314, 312, NULL, '2000-03-29', NULL, 0.00, 0.00, 71.08);
 insert into PERSON values (4, 'Ben', 'Cooper');
insert into TOPO values (4, 314);
 insert into PERSON values (5, 'Paul', 'Craddy');
insert into TOPO values (5, 314);
 insert into SHOT values (103, 5, 170, 314, 7.75, 121.93, -18.00, 7.74, 121.96, -17.97, 0.01, 252.05, 40.36);
insert into SHOT_FLAG values(103, 'dpl');
insert into SHOT values (104, 170, 171, 314, 3.73, 166.63, -8.30, 3.73, 166.53, -8.32, 0.01, 82.17, -13.27);
insert into SHOT_FLAG values(104, 'dpl');
insert into SHOT values (105, 171, 172, 314, 9.05, 168.43, -10.20, 9.04, 168.46, -10.19, 0.01, 312.96, 16.59);
insert into SHOT_FLAG values(105, 'dpl');
insert into SHOT values (106, 172, 173, 314, 4.87, 181.43, 5.00, 4.87, 181.42, 4.95, 0.00, 92.29, -76.45);
insert into SHOT_FLAG values(106, 'dpl');
insert into SHOT values (107, 173, 174, 314, 7.97, 161.43, -1.00, 7.98, 161.43, -1.01, 0.01, 159.89, -7.92);
insert into SHOT_FLAG values(107, 'dpl');
insert into SHOT values (108, 174, 175, 314, 3.27, 203.43, 5.00, 3.27, 203.50, 5.08, 0.01, 257.53, 46.07);
insert into SHOT_FLAG values(108, 'dpl');
insert into SHOT values (109, 175, 176, 314, 7.92, 178.43, -3.00, 7.91, 178.40, -3.04, 0.01, 28.14, -38.13);
insert into SHOT_FLAG values(109, 'dpl');
insert into SHOT values (110, 176, 177, 314, 3.35, 259.43, 2.50, 3.35, 259.33, 2.57, 0.01, 179.80, 32.54);
insert into SHOT_FLAG values(110, 'dpl');
insert into SHOT values (111, 177, 178, 314, 8.29, 282.43, -1.00, 8.29, 282.48, -0.97, 0.01, 37.11, 32.42);
insert into SHOT_FLAG values(111, 'dpl');
insert into SHOT values (112, 178, 179, 314, 10.05, 262.43, -2.00, 10.05, 262.39, -1.99, 0.01, 208.12, 5.45);
insert into SHOT_FLAG values(112, 'dpl');
insert into SHOT values (113, 179, 180, 314, 4.83, 232.93, 3.00, 4.83, 233.01, 2.97, 0.01, 349.21, -20.06);
insert into SHOT_FLAG values(113, 'dpl');
insert into SURVEY values (332, 11, 'TK1986', 'TK1986.UpperFlood', 'Tony Knibbs 1986');
 insert into CENTRELINE values (333, 332, NULL, NULL, NULL, 0.00, 0.00, 0.00);
 insert into CENTRELINE values (334, 332, NULL, '1986-01-01', NULL, 172.35, 0.00, 0.00);
 insert into SHOT values (114, 181, 182, 334, 4.35, 148.45, -9.50, 4.36, 148.42, -9.51, 0.01, 126.92, -17.72);
insert into SHOT values (115, 182, 183, 334, 3.28, 266.45, 10.00, 3.28, 266.45, 10.02, 0.00, 89.85, 6.24);
insert into SHOT values (116, 182, 184, 334, 2.77, 354.45, -90.00, 2.77, 90.00, -90.00, 0.00, 354.45, -46.56);
insert into SHOT values (117, 184, 185, 334, 3.63, 90.45, -34.00, 3.63, 90.38, -34.00, 0.00, 10.69, -2.01);
insert into SHOT values (118, 185, 186, 334, 7.26, 85.45, -13.00, 7.26, 85.46, -12.98, 0.00, 234.43, 57.44);
insert into SHOT values (119, 186, 187, 334, 1.95, 13.45, -29.00, 1.95, 13.55, -29.09, 0.01, 69.00, -52.55);
insert into SHOT values (120, 187, 188, 334, 8.68, 98.45, -8.00, 8.68, 98.43, -8.02, 0.00, 324.25, -27.52);
insert into SHOT values (121, 188, 189, 334, 6.10, 94.45, 0.00, 6.10, 94.51, 0.00, 0.01, 193.51, 0.00);
insert into SHOT values (122, 189, 190, 334, 10.25, 103.45, -6.00, 10.26, 103.44, -5.99, 0.01, 79.57, 13.66);
insert into SHOT values (123, 190, 191, 334, 1.70, 109.45, -1.00, 1.70, 109.29, -1.01, 0.01, 335.40, -2.88);
insert into SHOT values (124, 191, 192, 334, 8.40, 133.45, -8.00, 8.41, 133.49, -8.00, 0.01, 172.94, -5.73);
insert into SHOT values (125, 192, 193, 334, 5.53, 137.45, -19.00, 5.52, 137.48, -19.01, 0.01, 288.32, 3.65);
insert into SHOT values (126, 193, 4, 334, 4.50, 157.45, -3.00, 4.50, 157.37, -2.93, 0.01, 87.78, 39.58);
insert into SHOT values (127, 4, 194, 334, 6.00, 224.45, -3.00, 6.00, 224.53, -3.06, 0.01, 331.05, -35.65);
insert into SHOT values (128, 194, 195, 334, 4.88, 191.45, -1.00, 4.89, 191.45, -0.94, 0.01, 190.15, 32.95);
insert into SHOT values (129, 195, 196, 334, 5.20, 38.45, 24.00, 5.20, 38.51, 23.93, 0.01, 92.94, -39.80);
insert into SHOT values (130, 195, 197, 334, 11.50, 124.45, 0.00, 11.49, 124.44, 0.00, 0.01, 329.88, 0.00);
insert into SHOT values (131, 197, 198, 334, 5.00, 116.45, -1.00, 5.01, 116.46, -1.03, 0.01, 128.69, -27.73);
insert into SHOT values (132, 198, 199, 334, 4.88, 135.45, -7.00, 4.88, 135.42, -7.06, 0.01, 49.38, -62.96);
insert into SHOT values (133, 199, 200, 334, 7.25, 117.45, 0.00, 7.25, 117.45, 0.00, 0.00, 298.85, 0.00);
insert into SHOT values (134, 200, 201, 334, 6.85, 103.45, -4.00, 6.85, 103.45, -3.93, 0.01, 98.23, 62.11);
insert into SHOT values (135, 201, 202, 334, 12.80, 106.45, -11.00, 12.80, 106.46, -11.03, 0.01, 195.07, -75.49);
insert into SHOT values (136, 202, 203, 334, 2.50, 87.45, -10.00, 2.50, 87.44, -9.91, 0.00, 42.19, 81.40);
insert into SHOT values (137, 203, 204, 334, 4.75, 107.45, -15.00, 4.75, 107.49, -14.99, 0.01, 144.02, -6.80);
insert into SHOT values (138, 204, 205, 334, 10.45, 100.45, -8.00, 10.44, 100.42, -7.98, 0.01, 316.21, 24.37);
insert into SHOT values (139, 205, 206, 334, 3.90, 90.45, -2.00, 3.90, 90.44, -2.06, 0.00, 76.23, -56.56);
insert into SHOT values (140, 206, 207, 334, 13.55, 98.45, -3.00, 13.55, 98.46, -3.00, 0.00, 250.51, -9.99);
insert into SHOT values (141, 207, 208, 334, 4.44, 73.45, -1.00, 4.44, 73.52, -1.03, 0.01, 116.34, -17.11);
insert into SURVEY values (336, 11, 'GoldenChamber', 'GoldenChamber.UpperFlood', 'Golden Chamber');
 insert into CENTRELINE values (337, 336, NULL, NULL, NULL, 0.00, 0.00, 0.00);
 insert into CENTRELINE values (338, 336, NULL, '2007-02-21', NULL, 95.85, 0.00, 2.80);
 insert into PERSON values (6, 'Charlie', 'Alison');
insert into TOPO values (6, 338);
 insert into TOPO values (4, 338);
 insert into PERSON values (7, 'Sonya', 'Cotter');
insert into TOPO values (7, 338);
 insert into PERSON values (8, 'Tim', 'Francis');
insert into TOPO values (8, 338);
 insert into PERSON values (9, 'Julie', 'Hesketh');
insert into TOPO values (9, 338);
 insert into PERSON values (10, 'Linda', 'Milne');
insert into TOPO values (10, 338);
 insert into PERSON values (11, 'Mike', 'Richardson');
insert into TOPO values (11, 338);
 insert into SHOT values (142, 209, 210, 338, 5.70, 328.42, 1.00, 5.69, 328.43, 1.01, 0.01, 138.39, 4.33);
insert into SHOT values (143, 210, 7, 338, 7.90, 1.42, 2.00, 7.90, 1.38, 1.96, 0.01, 243.95, -42.21);
insert into SHOT values (144, 209, 211, 338, 8.71, 164.42, 2.00, 8.72, 164.42, 1.97, 0.01, 158.17, -35.63);
insert into SHOT values (145, 212, 213, 338, 0.01, 97.42, 0.00, 0.01, 90.00, 0.00, 0.00, 3.71, 0.00);
insert into SHOT values (146, 213, 214, 338, 1.40, 97.42, 0.00, 1.39, 97.43, 0.00, 0.01, 275.51, 0.00);
insert into SHOT values (147, 214, 215, 338, 2.74, 57.42, 44.00, 2.74, 57.60, 43.85, 0.01, 98.28, -19.97);
insert into SHOT values (148, 215, 216, 338, 4.32, 70.42, 28.00, 4.32, 70.38, 28.04, 0.00, 294.66, 24.42);
insert into SHOT values (149, 216, 217, 338, 6.23, 198.42, -16.50, 6.23, 198.43, -16.50, 0.00, 224.00, -9.19);
insert into SHOT values (150, 217, 218, 338, 1.33, 163.42, 0.00, 1.33, 163.34, 0.00, 0.00, 5.82, 0.00);
insert into SHOT values (151, 218, 219, 338, 2.53, 227.42, -21.00, 2.53, 227.40, -21.06, 0.00, 203.63, -58.70);
insert into SHOT values (152, 219, 220, 338, 2.51, 213.42, 40.00, 2.51, 213.52, 40.17, 0.01, 348.46, 53.13);
insert into SHOT values (153, 219, 221, 338, 0.93, 259.42, 4.00, 0.93, 259.42, 4.32, 0.01, 80.18, 68.77);
insert into SHOT values (154, 221, 222, 338, 2.25, 271.42, -33.00, 2.26, 271.52, -33.05, 0.01, 312.20, -43.43);
insert into SHOT values (155, 222, 223, 338, 1.36, 281.42, -52.00, 1.36, 281.04, -52.02, 0.01, 172.88, 16.21);
insert into SHOT values (156, 223, 224, 338, 0.68, 339.42, -44.00, 0.68, 339.72, -43.78, 0.00, 43.26, 39.85);
insert into SHOT values (157, 224, 225, 338, 1.98, 228.42, -38.00, 1.98, 228.37, -37.93, 0.01, 212.55, -10.49);
insert into SHOT values (158, 225, 226, 338, 0.84, 237.42, -10.00, 0.83, 237.48, -10.39, 0.01, 52.36, -24.87);
insert into SHOT values (159, 226, 227, 338, 1.00, 327.42, 0.00, 1.00, 327.26, 0.00, 0.00, 209.98, 0.00);
insert into SHOT values (160, 225, 228, 338, 1.50, 237.42, -10.00, 1.49, 237.50, -10.03, 0.01, 41.15, 3.74);
insert into SHOT values (161, 229, 230, 338, 0.01, 95.92, -6.00, 0.01, 135.00, 0.00, 0.01, 151.96, 2.78);
insert into SHOT values (162, 229, 231, 338, 4.13, 95.92, -6.00, 4.13, 96.02, -5.98, 0.01, 184.36, 9.70);
insert into SHOT values (163, 231, 232, 338, 2.20, 193.42, -8.00, 2.20, 193.27, -8.10, 0.01, 59.94, -21.76);
insert into SHOT values (164, 232, 233, 338, 1.55, 225.42, -0.50, 1.56, 225.52, -0.37, 0.00, 299.99, 51.49);
insert into SHOT values (165, 233, 234, 338, 1.51, 217.42, 54.00, 1.50, 217.26, 53.60, 0.01, 198.31, -44.03);
insert into SHOT values (166, 234, 235, 338, 1.69, 252.42, -4.00, 1.68, 252.65, -3.75, 0.01, 17.27, 43.10);
insert into SHOT values (167, 235, 236, 338, 1.49, 238.42, 15.00, 1.48, 238.42, 14.86, 0.00, 59.22, -62.07);
insert into SHOT values (168, 236, 237, 338, 3.95, 238.42, -7.50, 3.96, 238.34, -7.55, 0.01, 175.81, -29.92);
insert into SHOT values (169, 237, 238, 338, 2.95, 297.42, -35.00, 2.96, 297.52, -34.88, 0.01, 345.71, 42.00);
insert into SHOT values (170, 238, 239, 338, 3.80, 191.42, -64.00, 3.81, 191.38, -63.93, 0.01, 176.99, -1.01);
insert into SHOT values (171, 239, 240, 338, 0.01, 170.42, -9.00, 0.00, 90.00, 0.00, 0.01, 350.42, 9.00);
insert into SHOT values (172, 240, 241, 338, 4.04, 170.42, -9.00, 4.04, 170.49, -8.96, 0.01, 263.98, 29.41);
insert into SHOT values (173, 241, 242, 338, 0.01, 170.42, -9.00, 0.01, 180.00, -45.00, 0.01, 189.10, -60.59);
insert into SHOT values (174, 242, 243, 338, 1.56, 139.42, -37.00, 1.57, 139.20, -36.83, 0.01, 95.99, 14.75);
insert into SHOT values (175, 243, 244, 338, 6.53, 110.42, -18.00, 6.52, 110.39, -17.97, 0.01, 312.15, 39.58);
insert into SHOT values (176, 244, 10, 338, 6.50, 107.42, -0.50, 6.51, 107.43, -0.53, 0.01, 126.46, -35.98);
insert into SHOT values (177, 10, 245, 338, 1.31, 260.42, -29.00, 1.31, 260.46, -29.18, 0.00, 70.97, -29.80);
insert into SHOT_FLAG values(177, 'dpl');
insert into SHOT values (178, 245, 246, 338, 1.49, 111.42, -11.00, 1.48, 111.43, -10.93, 0.01, 288.56, 24.32);
insert into SHOT_FLAG values(178, 'dpl');
insert into SURVEY values (415, 11, 'BoulderChoke', 'BoulderChoke.UpperFlood', 'Bouder Choke');
 insert into CENTRELINE values (416, 415, NULL, NULL, NULL, 0.00, 0.00, 0.00);
 insert into CENTRELINE values (417, 415, NULL, '2007-08-03', NULL, 82.19, 0.00, 6.60);
 insert into TOPO values (4, 417);
 insert into TOPO values (11, 417);
 insert into SHOT values (179, 247, 248, 417, 0.01, 107.42, 0.50, 0.01, 135.00, 0.00, 0.01, 176.25, -0.71);
insert into SHOT_FLAG values(179, 'dpl');
insert into SHOT values (180, 248, 9, 417, 6.59, 107.42, 0.50, 6.59, 107.39, 0.52, 0.00, 41.59, 33.66);
insert into SHOT_FLAG values(180, 'dpl');
insert into SHOT values (181, 9, 249, 417, 0.01, 260.42, -29.00, 0.01, 270.00, 0.00, 0.01, 316.61, 67.55);
insert into SHOT values (182, 249, 250, 417, 1.40, 260.42, -29.00, 1.40, 260.61, -29.01, 0.00, 325.40, -15.41);
insert into SHOT values (183, 250, 251, 417, 1.58, 111.42, -11.00, 1.59, 111.46, -11.25, 0.01, 120.19, -50.11);
insert into SHOT values (184, 251, 252, 417, 1.02, 184.42, -29.00, 1.02, 184.50, -28.76, 0.00, 246.55, 73.21);
insert into SHOT values (185, 252, 253, 417, 1.47, 100.42, -3.00, 1.47, 100.62, -3.13, 0.01, 220.02, -27.57);
insert into SHOT values (186, 253, 254, 417, 1.74, 121.42, 45.00, 1.74, 121.36, 45.01, 0.00, 1.81, -14.65);
insert into SHOT values (187, 254, 255, 417, 1.61, 171.42, 25.00, 1.61, 171.31, 25.02, 0.00, 39.25, -6.50);
insert into SHOT values (188, 255, 256, 417, 1.43, 159.42, 26.00, 1.43, 159.44, 26.18, 0.00, 331.12, 40.12);
insert into SHOT values (189, 255, 257, 417, 3.90, 216.42, -32.00, 3.89, 216.38, -31.94, 0.01, 68.58, 59.98);
insert into SHOT values (190, 256, 258, 417, 2.33, 204.42, 38.00, 2.34, 204.34, 37.99, 0.01, 186.48, 33.75);
insert into SHOT values (191, 258, 259, 417, 1.62, 187.42, 35.00, 1.61, 187.39, 34.86, 0.01, 13.08, -56.56);
insert into SHOT values (192, 258, 260, 417, 2.70, 210.42, -7.00, 2.70, 210.30, -7.03, 0.01, 82.14, -7.77);
insert into SHOT values (193, 259, 261, 417, 1.48, 81.42, 36.00, 1.49, 81.40, 35.86, 0.01, 77.27, 0.72);
insert into SHOT values (194, 261, 262, 417, 2.48, 178.42, 18.00, 2.48, 178.54, 18.06, 0.01, 245.66, 33.36);
insert into SHOT values (195, 262, 263, 417, 2.21, 172.42, -7.00, 2.21, 172.39, -7.03, 0.00, 8.49, -8.63);
insert into SHOT values (196, 263, 264, 417, 0.76, 301.42, -13.00, 0.76, 301.10, -13.01, 0.01, 162.21, 8.63);
insert into SHOT values (197, 264, 265, 417, 2.59, 176.42, -12.00, 2.59, 176.38, -12.03, 0.00, 130.43, -32.41);
insert into SHOT values (198, 265, 266, 417, 0.01, 176.42, -12.00, 0.01, 180.00, 0.00, 0.00, 248.74, 72.50);
insert into SHOT values (199, 266, 267, 417, 2.62, 159.42, -49.00, 2.62, 159.56, -49.05, 0.01, 258.98, -31.81);
insert into SHOT values (200, 267, 268, 417, 2.16, 55.42, -78.00, 2.16, 54.90, -77.90, 0.01, 2.79, 28.65);
insert into SHOT values (201, 268, 269, 417, 2.37, 335.42, -15.00, 2.37, 335.45, -14.94, 0.00, 128.70, 49.82);
insert into SHOT values (202, 269, 270, 417, 1.29, 22.42, -43.00, 1.29, 22.48, -43.06, 0.00, 175.28, -5.92);
insert into SHOT values (203, 270, 271, 417, 2.30, 71.42, -31.00, 2.30, 71.38, -31.09, 0.01, 34.77, -67.64);
insert into SHOT values (204, 270, 272, 417, 0.50, 233.42, -7.00, 0.50, 234.06, -6.92, 0.01, 345.57, 8.94);
insert into SHOT values (205, 272, 273, 417, 3.00, 328.42, -13.00, 3.00, 328.43, -13.10, 0.01, 105.80, -80.83);
insert into SHOT values (206, 270, 274, 417, 2.59, 233.42, -7.00, 2.59, 233.53, -7.09, 0.01, 289.36, -35.97);
insert into SHOT values (207, 274, 275, 417, 1.35, 184.42, -23.00, 1.35, 184.15, -23.09, 0.01, 99.97, -23.22);
insert into SHOT values (208, 275, 276, 417, 0.01, 184.42, -23.00, 0.01, 180.00, 0.00, 0.00, 139.22, 74.47);
insert into SHOT values (209, 276, 277, 417, 1.18, 148.42, -14.00, 1.18, 148.26, -14.27, 0.01, 4.28, -39.96);
insert into SHOT values (210, 277, 278, 417, 0.01, 148.42, -14.00, 0.01, 180.00, 0.00, 0.01, 251.16, 24.26);
insert into SHOT values (211, 278, 279, 417, 4.40, 166.42, -27.00, 4.40, 166.42, -27.03, 0.00, 327.41, -68.14);
insert into SHOT values (212, 279, 280, 417, 0.98, 171.42, 45.00, 0.99, 170.94, 45.05, 0.01, 125.91, 40.74);
insert into SHOT values (213, 280, 281, 417, 0.01, 171.42, 45.00, 0.00, 90.00, 0.00, 0.01, 351.42, -45.00);
insert into SHOT values (214, 281, 282, 417, 3.18, 113.42, 13.00, 3.18, 113.59, 13.08, 0.01, 200.93, 27.24);
insert into SHOT values (215, 282, 283, 417, 0.01, 113.42, 13.00, 0.01, 90.00, 0.00, 0.00, 15.29, -29.26);
insert into SHOT values (216, 283, 284, 417, 1.36, 29.42, 0.00, 1.37, 29.38, 0.00, 0.01, 19.98, 0.00);
insert into SHOT values (217, 284, 285, 417, 2.02, 91.42, -17.00, 2.02, 91.48, -16.99, 0.00, 208.21, 13.74);
insert into SHOT values (218, 285, 286, 417, 1.48, 164.42, -4.00, 1.48, 164.64, -3.88, 0.01, 288.18, 25.22);
insert into SHOT values (219, 286, 287, 417, 0.01, 164.42, -4.00, 0.01, 135.00, 0.00, 0.01, 93.06, 5.44);
insert into SHOT values (220, 287, 288, 417, 2.33, 198.42, -54.00, 2.34, 198.70, -54.01, 0.01, 265.05, -34.43);
insert into SHOT values (221, 288, 289, 417, 3.07, 236.42, -39.00, 3.06, 236.31, -39.04, 0.01, 92.92, 14.68);
insert into SHOT values (222, 289, 290, 417, 2.49, 228.42, -57.00, 2.49, 228.58, -56.94, 0.01, 270.31, -17.10);
insert into SHOT values (223, 290, 291, 417, 2.13, 191.42, -37.00, 2.13, 191.18, -36.94, 0.01, 110.77, 14.36);
insert into SHOT values (224, 291, 292, 417, 2.50, 138.42, 6.00, 2.50, 138.42, 5.97, 0.00, 203.47, -82.02);
insert into SHOT values (225, 292, 293, 417, 3.74, 136.42, -9.00, 3.74, 136.54, -8.93, 0.01, 238.01, 33.50);
insert into SHOT values (226, 293, 12, 417, 2.76, 133.42, -10.00, 2.76, 133.21, -10.02, 0.01, 35.01, -4.16);
insert into SURVEY values (551, 11, 'MalcolmsWay', 'MalcolmsWay.UpperFlood', '550m Way');
 insert into CENTRELINE values (552, 551, NULL, NULL, NULL, 0.00, 0.00, 0.00);
 insert into CENTRELINE values (553, 551, NULL, NULL, NULL, 0.00, 0.00, 0.00);
 insert into SURVEY values (554, 551, 'Leg1', 'Leg1.MalcolmsWay.UpperFlood', NULL);
 insert into CENTRELINE values (555, 554, NULL, NULL, NULL, 0.00, 0.00, 0.00);
 insert into CENTRELINE values (556, 554, NULL, '2007-05-06', NULL, 288.85, 0.00, 19.02);
 insert into PERSON values (12, 'Peat', 'Bennett');
insert into TOPO values (12, 556);
 insert into TOPO values (4, 556);
 insert into TOPO values (11, 556);
 insert into SHOT values (227, 296, 297, 556, 2.33, 198.42, -54.00, 2.34, 198.70, -54.01, 0.01, 265.05, -34.43);
insert into SHOT_FLAG values(227, 'dpl');
insert into SHOT values (228, 297, 298, 556, 3.07, 236.42, -39.00, 3.06, 236.31, -39.04, 0.01, 92.92, 14.68);
insert into SHOT_FLAG values(228, 'dpl');
insert into SHOT values (229, 298, 299, 556, 2.49, 228.42, -57.00, 2.49, 228.58, -56.94, 0.01, 270.31, -17.10);
insert into SHOT_FLAG values(229, 'dpl');
insert into SHOT values (230, 299, 300, 556, 2.13, 191.42, -37.00, 2.13, 191.18, -36.94, 0.01, 110.77, 14.36);
insert into SHOT_FLAG values(230, 'dpl');
insert into SHOT values (231, 300, 301, 556, 2.50, 138.42, 6.00, 2.50, 138.42, 5.97, 0.00, 203.47, -82.02);
insert into SHOT_FLAG values(231, 'dpl');
insert into SHOT values (232, 301, 302, 556, 3.74, 136.42, -9.00, 3.74, 136.54, -8.93, 0.01, 238.01, 33.50);
insert into SHOT_FLAG values(232, 'dpl');
insert into SHOT values (233, 302, 303, 556, 2.75, 133.42, -10.00, 2.75, 133.35, -10.05, 0.00, 63.29, -37.00);
insert into SHOT_FLAG values(233, 'dpl');
insert into SHOT values (234, 303, 11, 556, 0.01, 133.42, -10.00, 0.01, 90.00, 0.00, 0.01, 22.81, 13.30);
insert into SHOT_FLAG values(234, 'dpl');
insert into SHOT values (235, 11, 304, 556, 11.00, 49.42, 43.00, 11.00, 49.44, 43.00, 0.00, 181.43, -31.17);
insert into SHOT values (236, 11, 305, 556, 29.46, 150.42, -25.00, 29.46, 150.42, -25.00, 0.00, 240.16, 78.66);
insert into SHOT values (237, 305, 306, 556, 16.09, 141.42, -4.00, 16.09, 141.42, -4.03, 0.01, 166.16, -71.52);
insert into SHOT values (238, 306, 307, 556, 11.44, 139.42, -11.00, 11.44, 139.44, -10.99, 0.01, 259.19, 28.82);
insert into SHOT values (239, 307, 308, 556, 9.48, 139.42, -29.00, 9.48, 139.45, -28.97, 0.01, 233.36, 52.98);
insert into SHOT values (240, 308, 309, 556, 6.08, 163.92, -18.00, 6.08, 163.82, -18.02, 0.01, 53.57, -6.44);
insert into SHOT values (241, 309, 310, 556, 3.22, 151.42, -9.00, 3.23, 151.50, -9.09, 0.01, 191.33, -40.66);
insert into SHOT values (242, 310, 311, 556, 1.75, 137.42, -4.00, 1.75, 137.33, -3.94, 0.01, 347.58, 20.41);
insert into SHOT values (243, 311, 312, 556, 9.27, 175.92, -12.50, 9.27, 175.95, -12.52, 0.01, 235.72, -37.23);
insert into SHOT values (244, 312, 313, 556, 1.60, 156.92, -20.50, 1.60, 156.85, -20.46, 0.00, 117.17, 6.75);
insert into SHOT values (245, 313, 314, 556, 2.95, 153.42, -11.00, 2.95, 153.35, -10.94, 0.01, 93.41, 33.93);
insert into SHOT values (246, 314, 315, 556, 5.36, 128.42, 3.00, 5.36, 128.48, 2.99, 0.01, 224.48, -5.66);
insert into SHOT values (247, 315, 316, 556, 8.17, 121.92, 6.00, 8.17, 121.87, 6.04, 0.01, 29.12, 40.69);
insert into SHOT values (248, 316, 317, 556, 8.37, 129.42, 7.50, 8.37, 129.43, 7.48, 0.00, 229.56, -72.30);
insert into SHOT values (249, 317, 318, 556, 8.81, 144.42, -10.00, 8.81, 144.42, -10.00, 0.00, 152.82, -2.23);
insert into SHOT values (250, 318, 319, 556, 5.75, 232.42, -10.50, 5.76, 232.46, -10.51, 0.01, 258.14, -12.57);
insert into SHOT values (251, 319, 320, 556, 6.54, 269.42, 2.00, 6.53, 269.47, 2.02, 0.01, 42.67, 11.84);
insert into SHOT values (252, 320, 321, 556, 2.81, 242.42, -19.00, 2.82, 242.47, -19.07, 0.01, 271.29, -45.80);
insert into SHOT values (253, 321, 322, 556, 7.54, 259.42, 0.00, 7.54, 259.38, 0.00, 0.01, 162.01, 0.00);
insert into SHOT values (254, 322, 323, 556, 6.03, 260.42, -2.00, 6.03, 260.44, -2.00, 0.00, 37.96, 6.82);
insert into SHOT values (255, 323, 324, 556, 4.00, 322.42, 0.00, 4.00, 322.41, 0.00, 0.00, 268.88, 0.00);
insert into SHOT values (256, 323, 325, 556, 2.26, 202.42, -2.00, 2.26, 202.37, -2.03, 0.00, 145.86, -23.96);
insert into SHOT values (257, 325, 326, 556, 4.58, 159.42, 9.00, 4.58, 159.40, 9.05, 0.01, 358.64, 35.62);
insert into SHOT values (258, 326, 327, 556, 4.15, 141.42, -4.00, 4.15, 141.47, -4.01, 0.00, 204.28, -7.19);
insert into SHOT values (259, 327, 328, 556, 13.68, 137.92, -2.50, 13.68, 137.91, -2.47, 0.01, 12.48, 60.12);
insert into SHOT values (260, 328, 329, 556, 8.61, 213.42, 6.00, 8.61, 213.43, 6.00, 0.00, 232.09, 0.12);
insert into SHOT values (261, 329, 330, 556, 4.58, 301.42, -13.00, 4.59, 301.45, -13.11, 0.01, 334.19, -67.62);
insert into SHOT values (262, 330, 331, 556, 12.65, 278.42, 1.00, 12.65, 278.41, 1.04, 0.01, 139.43, 73.80);
insert into SHOT values (263, 331, 332, 556, 5.59, 301.42, -5.00, 5.59, 301.41, -5.03, 0.00, 144.18, -36.93);
insert into SHOT values (264, 332, 333, 556, 5.46, 272.42, -6.00, 5.45, 272.43, -6.00, 0.01, 82.21, 7.80);
insert into SHOT values (265, 333, 334, 556, 3.63, 309.42, 2.00, 3.64, 309.42, 1.89, 0.01, 310.31, -34.24);
insert into SHOT values (266, 334, 335, 556, 10.16, 280.42, 3.50, 10.16, 280.40, 3.50, 0.01, 137.36, -2.58);
insert into SHOT values (267, 335, 336, 556, 4.48, 273.42, 3.00, 4.48, 273.46, 3.07, 0.01, 307.16, 47.04);
insert into SHOT values (268, 336, 337, 556, 8.42, 283.42, -5.00, 8.42, 283.37, -4.97, 0.01, 189.06, 29.44);
insert into SHOT values (269, 337, 338, 556, 14.82, 268.42, 1.00, 14.82, 268.41, 0.97, 0.01, 124.22, -73.56);
insert into SHOT values (270, 338, 294, 556, 20.06, 287.92, 2.00, 20.06, 287.93, 2.00, 0.01, 73.68, -0.89);
insert into SURVEY values (558, 551, 'Leg2', 'Leg2.MalcolmsWay.UpperFlood', NULL);
 insert into CENTRELINE values (559, 558, NULL, NULL, NULL, 0.00, 0.00, 0.00);
 insert into CENTRELINE values (560, 558, NULL, '2007-06-02', NULL, 344.27, 0.00, 34.60);
 insert into TOPO values (4, 560);
 insert into TOPO values (10, 560);
 insert into TOPO values (11, 560);
 insert into PERSON values (13, 'Brian', 'Snell');
insert into TOPO values (13, 560);
 insert into SHOT values (271, 339, 340, 560, 0.10, 17.42, 35.00, 0.10, 20.56, 35.08, 0.01, 71.41, 24.57);
insert into SHOT values (272, 340, 341, 560, 7.99, 17.42, 35.00, 7.98, 17.44, 35.00, 0.01, 173.05, -30.52);
insert into SHOT values (273, 341, 342, 560, 2.55, 15.42, 5.50, 2.55, 15.29, 5.40, 0.01, 302.38, -37.19);
insert into SHOT values (274, 342, 343, 560, 6.23, 22.42, -6.50, 6.23, 22.42, -6.45, 0.01, 201.23, 67.07);
insert into SHOT values (275, 343, 344, 560, 5.39, 30.42, 37.00, 5.39, 30.44, 36.98, 0.00, 168.76, -61.02);
insert into SHOT values (276, 344, 345, 560, 2.24, 350.42, 23.00, 2.24, 350.49, 23.15, 0.01, 135.18, 46.77);
insert into SHOT values (277, 345, 346, 560, 5.12, 51.42, 11.50, 5.12, 51.39, 11.49, 0.00, 299.82, -17.14);
insert into SHOT values (278, 346, 347, 560, 1.52, 154.42, 37.00, 1.52, 154.07, 36.90, 0.01, 49.87, -31.83);
insert into SHOT values (279, 347, 22, 560, 2.50, 20.92, 6.00, 2.49, 20.77, 5.98, 0.01, 252.79, -9.23);
insert into SHOT values (280, 22, 348, 560, 7.30, 24.42, -0.50, 7.30, 24.42, -0.47, 0.01, 32.75, 43.22);
insert into SHOT values (281, 348, 349, 560, 5.40, 8.92, -3.50, 5.40, 8.97, -3.51, 0.01, 138.04, -3.03);
insert into SHOT values (282, 349, 350, 560, 10.15, 306.42, 7.00, 10.15, 306.40, 7.02, 0.00, 251.06, 40.85);
insert into SHOT values (283, 350, 351, 560, 11.62, 286.42, 16.00, 11.62, 286.44, 15.99, 0.01, 59.39, -30.17);
insert into SHOT values (284, 351, 352, 560, 7.68, 293.42, 10.50, 7.68, 293.41, 10.50, 0.00, 206.46, 15.00);
insert into SHOT values (285, 352, 20, 560, 8.84, 308.42, 19.00, 8.85, 308.45, 19.00, 0.01, 346.68, 18.00);
insert into SHOT values (286, 20, 353, 560, 2.91, 297.42, -27.00, 2.91, 297.36, -27.01, 0.00, 159.09, 14.48);
insert into SHOT values (287, 353, 354, 560, 3.77, 325.42, -17.00, 3.77, 325.39, -16.95, 0.00, 293.53, 28.36);
insert into SHOT values (288, 354, 355, 560, 12.60, 332.42, 12.50, 12.59, 332.43, 12.47, 0.01, 122.97, -48.22);
insert into SHOT values (289, 355, 356, 560, 12.69, 313.42, 4.00, 12.69, 313.40, 4.02, 0.01, 258.08, 41.68);
insert into SHOT values (290, 356, 357, 560, 4.71, 351.42, 0.00, 4.71, 351.46, 0.00, 0.00, 44.72, 0.00);
insert into SHOT values (291, 357, 358, 560, 11.70, 287.42, 4.00, 11.70, 287.40, 3.97, 0.01, 222.56, -47.56);
insert into SHOT values (292, 358, 18, 560, 1.49, 27.42, 28.00, 1.49, 27.54, 27.95, 0.00, 62.02, 5.91);
insert into SHOT values (293, 18, 359, 560, 12.47, 304.42, 3.00, 12.47, 304.43, 3.03, 0.01, 70.37, 69.41);
insert into SHOT values (294, 359, 360, 560, 13.13, 297.42, 4.00, 13.13, 297.41, 3.97, 0.01, 243.16, -56.51);
insert into SHOT values (295, 360, 361, 560, 10.27, 311.42, 8.00, 10.27, 311.41, 8.00, 0.00, 295.58, 9.63);
insert into SHOT values (296, 361, 362, 560, 2.09, 198.92, 1.00, 2.09, 198.95, 1.09, 0.01, 217.00, 41.17);
insert into SHOT values (297, 362, 363, 560, 6.90, 282.42, 4.00, 6.90, 282.50, 3.99, 0.01, 12.39, -7.66);
insert into SHOT values (298, 363, 364, 560, 6.12, 296.92, 4.00, 6.12, 296.90, 4.03, 0.01, 138.87, 29.85);
insert into SHOT values (299, 364, 365, 560, 11.29, 304.42, 16.00, 11.29, 304.41, 16.00, 0.01, 150.79, -20.63);
insert into SHOT values (300, 365, 366, 560, 9.60, 307.42, 4.00, 9.60, 307.41, 4.00, 0.00, 279.93, 4.50);
insert into SHOT values (301, 366, 367, 560, 4.22, 292.42, -17.00, 4.22, 292.43, -17.08, 0.01, 33.75, -80.65);
insert into SHOT values (302, 367, 368, 560, 2.48, 325.42, -28.00, 2.48, 325.59, -27.87, 0.01, 21.31, 29.25);
insert into SHOT values (303, 368, 369, 560, 1.82, 341.42, 26.50, 1.82, 341.34, 26.49, 0.00, 194.76, -27.35);
insert into SHOT values (304, 369, 370, 560, 6.32, 295.42, -5.00, 6.32, 295.39, -4.99, 0.00, 234.72, 10.62);
insert into SHOT values (305, 370, 371, 560, 16.58, 315.42, 16.00, 16.57, 315.43, 16.01, 0.01, 106.31, -0.55);
insert into SHOT values (306, 371, 372, 560, 4.87, 316.92, 8.00, 4.88, 316.93, 8.01, 0.01, 321.26, 12.93);
insert into SHOT values (307, 372, 373, 560, 3.09, 292.42, -18.00, 3.09, 292.38, -18.07, 0.01, 256.24, -55.98);
insert into SHOT values (308, 373, 374, 560, 9.61, 277.42, 12.00, 9.61, 277.40, 12.01, 0.00, 161.91, 25.45);
insert into SHOT values (309, 374, 375, 560, 6.38, 282.42, -2.00, 6.37, 282.42, -1.98, 0.01, 101.08, 20.73);
insert into SHOT values (310, 375, 376, 560, 7.42, 285.42, 10.00, 7.43, 285.46, 10.00, 0.01, 320.71, 9.54);
insert into SHOT values (311, 376, 377, 560, 3.17, 187.42, 67.00, 3.17, 187.41, 66.99, 0.00, 181.40, 48.73);
insert into SHOT values (312, 377, 378, 560, 3.58, 293.42, 1.50, 3.58, 293.41, 1.44, 0.01, 121.86, -38.68);
insert into SHOT values (313, 378, 379, 560, 3.34, 295.42, -18.00, 3.34, 295.35, -17.97, 0.00, 195.91, 30.00);
insert into SHOT values (314, 379, 380, 560, 5.49, 290.42, 4.50, 5.49, 290.42, 4.49, 0.00, 297.78, -37.60);
insert into SHOT values (315, 380, 381, 560, 6.05, 292.42, 16.00, 6.05, 292.42, 16.01, 0.01, 296.35, 28.49);
insert into SHOT values (316, 381, 382, 560, 7.33, 312.42, 10.00, 7.32, 312.47, 9.99, 0.01, 86.21, -17.59);
insert into SHOT values (317, 382, 383, 560, 1.98, 297.42, 33.00, 1.98, 297.18, 32.99, 0.01, 231.83, 11.97);
insert into SHOT values (318, 383, 384, 560, 2.70, 16.42, 9.50, 2.70, 16.33, 9.37, 0.01, 333.92, -41.89);
insert into SHOT values (319, 384, 385, 560, 2.86, 251.42, 63.00, 2.86, 251.57, 63.05, 0.00, 11.26, 24.46);
insert into SHOT values (320, 385, 386, 560, 2.71, 9.42, 20.00, 2.71, 9.50, 20.07, 0.00, 124.81, 38.70);
insert into SHOT values (321, 386, 295, 560, 5.81, 37.92, 5.00, 5.81, 37.98, 4.94, 0.01, 153.09, -43.98);
insert into SHOT values (322, 386, 387, 560, 2.26, 64.42, 33.00, 2.26, 64.38, 32.97, 0.00, 13.34, -27.92);
insert into SHOT values (323, 387, 16, 560, 7.11, 292.42, 24.00, 7.10, 292.38, 24.01, 0.01, 149.11, -12.63);
insert into SHOT values (324, 16, 14, 560, 12.82, 288.42, 36.00, 12.82, 288.43, 36.01, 0.01, 4.46, 58.74);
insert into SHOT values (325, 14, 388, 560, 7.90, 319.42, 6.00, 7.91, 319.38, 5.95, 0.01, 287.23, -31.14);
insert into SHOT values (326, 16, 389, 560, 18.10, 125.42, -5.00, 18.10, 125.43, -5.01, 0.00, 273.14, -31.62);
insert into SHOT_FLAG values(326, 'dpl');
insert into SHOT values (327, 16, 390, 560, 16.50, 174.42, -5.00, 16.50, 174.45, -5.01, 0.01, 265.33, -13.08);
insert into SHOT_FLAG values(327, 'dpl');
insert into SURVEY values (717, 11, 'TrenchPassage', 'TrenchPassage.UpperFlood', ' ');
 insert into CENTRELINE values (718, 717, NULL, NULL, NULL, 0.00, 0.00, 0.00);
 insert into CENTRELINE values (719, 717, NULL, '2008-03-08', NULL, 170.45, 0.00, 119.33);
 insert into TOPO values (4, 719);
 insert into TOPO values (8, 719);
 insert into TOPO values (9, 719);
 insert into SHOT values (328, 391, 392, 719, 5.81, 37.92, 5.00, 5.81, 37.98, 4.94, 0.01, 153.09, -43.98);
insert into SHOT_FLAG values(328, 'dpl');
insert into SHOT values (329, 391, 393, 719, 2.26, 64.42, 33.00, 2.26, 64.38, 32.97, 0.00, 13.34, -27.92);
insert into SHOT_FLAG values(329, 'dpl');
insert into SHOT values (330, 393, 394, 719, 7.11, 292.42, 24.00, 7.10, 292.38, 24.01, 0.01, 149.11, -12.63);
insert into SHOT_FLAG values(330, 'dpl');
insert into SHOT values (331, 394, 395, 719, 12.82, 288.42, 36.00, 12.83, 284.21, 36.88, 0.78, 188.25, 12.14);
insert into SHOT_FLAG values(331, 'dpl');
insert into SHOT values (332, 395, 396, 719, 7.90, 319.42, 6.00, 7.90, 319.44, 5.96, 0.01, 17.08, -62.85);
insert into SHOT_FLAG values(332, 'dpl');
insert into SHOT values (333, 395, 397, 719, 7.51, 90.42, -34.00, 7.46, 93.33, -33.96, 0.32, 188.31, 5.31);
insert into SHOT_FLAG values(333, 'dpl');
insert into SHOT values (334, 397, 15, 719, 5.54, 117.42, -40.00, 5.60, 119.81, -39.09, 0.21, 179.19, 8.58);
insert into SHOT_FLAG values(334, 'dpl');
insert into SHOT values (335, 397, 398, 719, 10.80, 357.42, 90.00, 10.80, 90.00, 90.00, 0.00, 357.42, 15.78);
insert into SHOT_FLAG values(335, 'dpl');
insert into SHOT values (336, 394, 399, 719, 18.10, 125.42, -5.00, 18.10, 125.43, -5.01, 0.00, 273.14, -31.62);
insert into SHOT_FLAG values(336, 'dpl');
insert into SHOT values (337, 394, 400, 719, 16.50, 174.42, -5.00, 16.50, 174.45, -5.01, 0.01, 265.33, -13.08);
insert into SHOT_FLAG values(337, 'dpl');
insert into SHOT values (338, 397, 401, 719, 8.55, 170.42, -28.00, 8.55, 170.40, -27.96, 0.01, 149.17, 29.36);
insert into SHOT values (339, 401, 402, 719, 6.93, 133.42, -26.00, 6.93, 133.44, -26.03, 0.00, 286.42, -26.15);
insert into SHOT values (340, 402, 403, 719, 4.35, 205.42, 8.00, 4.35, 205.43, 8.06, 0.00, 303.69, 76.30);
insert into SHOT values (341, 403, 404, 719, 7.39, 134.42, 24.00, 7.40, 134.40, 23.93, 0.01, 120.53, -31.37);
insert into SHOT values (342, 404, 405, 719, 5.38, 148.42, 0.00, 5.37, 148.47, 0.00, 0.01, 293.74, 0.00);
insert into SHOT values (343, 404, 406, 719, 2.00, 58.42, 0.00, 2.00, 58.30, 0.00, 0.00, 304.48, 0.00);
insert into SHOT values (344, 406, 407, 719, 8.60, 357.42, 90.00, 8.60, 90.00, 90.00, 0.00, 357.42, -10.06);
insert into SHOT values (345, 405, 408, 719, 7.95, 132.42, 0.00, 7.95, 132.40, 0.00, 0.00, 22.70, 0.00);
insert into SHOT values (346, 408, 409, 719, 9.29, 127.42, -10.00, 9.29, 127.41, -9.98, 0.01, 99.55, 38.56);
insert into SHOT values (347, 409, 410, 719, 4.00, 133.42, -2.00, 4.00, 133.48, -2.01, 0.00, 237.08, -5.40);
insert into SHOT_FLAG values(347, 'dpl');
insert into SHOT values (348, 409, 411, 719, 7.40, 142.42, -2.00, 7.40, 142.42, -2.01, 0.00, 343.62, -60.50);
insert into SHOT_FLAG values(348, 'dpl');
insert into SHOT values (349, 411, 412, 719, 2.80, 204.42, -3.00, 2.81, 204.46, -3.06, 0.01, 225.15, -31.49);
insert into SHOT_FLAG values(349, 'dpl');
insert into SHOT values (350, 401, 413, 719, 16.56, 126.72, -8.00, 16.55, 126.72, -8.02, 0.01, 316.06, -37.61);
insert into SHOT values (351, 413, 414, 719, 3.37, 88.02, -12.40, 3.37, 88.09, -12.34, 0.01, 171.14, 44.18);
insert into SHOT values (352, 414, 415, 719, 6.23, 129.42, -18.30, 6.23, 129.45, -18.32, 0.01, 170.78, -43.19);
insert into SHOT values (353, 415, 416, 719, 8.20, 86.62, -10.30, 8.21, 86.59, -10.25, 0.01, 54.93, 39.31);
insert into SHOT values (354, 413, 417, 719, 5.79, 285.42, -10.80, 5.79, 285.41, -10.76, 0.01, 129.69, 54.50);
insert into SHOT_FLAG values(354, 'dpl');
insert into SHOT values (355, 417, 418, 719, 4.99, 193.62, 24.00, 4.99, 193.58, 24.01, 0.00, 83.43, 6.29);
insert into SHOT_FLAG values(355, 'dpl');
insert into SHOT values (356, 419, 420, 719, 4.95, 137.82, -0.80, 4.95, 137.87, -0.81, 0.00, 237.02, -12.30);
insert into SHOT values (357, 420, 421, 719, 3.40, 155.72, -7.50, 3.40, 155.64, -7.44, 0.01, 54.82, 38.50);
insert into SHOT values (358, 421, 422, 719, 5.24, 202.62, -2.80, 5.24, 202.70, -2.84, 0.01, 279.27, -29.55);
insert into SHOT values (359, 422, 423, 719, 2.12, 147.62, 11.70, 2.13, 147.53, 11.65, 0.01, 129.57, 0.49);
insert into SHOT values (360, 423, 424, 719, 5.40, 266.42, 1.40, 5.40, 266.50, 1.38, 0.01, 343.15, -14.64);
insert into SHOT values (361, 423, 425, 719, 2.53, 114.62, 1.60, 2.53, 114.54, 1.59, 0.00, 14.06, -9.86);
insert into SHOT values (362, 425, 426, 719, 13.00, 184.22, 81.80, 13.00, 184.33, 81.80, 0.00, 256.55, 38.49);
insert into SHOT values (363, 425, 427, 719, 9.24, 99.02, -10.50, 9.24, 99.00, -10.48, 0.01, 326.29, 36.20);
insert into SHOT values (364, 427, 428, 719, 2.34, 128.52, -15.40, 2.34, 128.70, -15.61, 0.01, 225.34, -50.39);
insert into SHOT values (365, 428, 429, 719, 2.60, 203.92, -20.80, 2.60, 203.82, -20.76, 0.01, 71.92, 29.57);
insert into SHOT values (366, 429, 430, 719, 1.65, 180.62, -31.10, 1.65, 180.81, -31.08, 0.01, 300.34, 22.67);
insert into SHOT values (367, 427, 431, 719, 2.48, 169.62, 0.00, 2.48, 169.55, 0.00, 0.00, 100.50, 0.00);
insert into SHOT values (368, 431, 432, 719, 2.97, 89.12, 42.80, 2.96, 89.21, 42.81, 0.01, 248.75, -39.68);
insert into SHOT values (369, 432, 433, 719, 5.99, 119.32, 32.90, 6.00, 119.26, 32.94, 0.01, 60.52, 48.36);
insert into SHOT values (370, 432, 434, 719, 11.74, 128.72, 56.70, 11.75, 128.70, 56.72, 0.01, 32.28, 74.60);
insert into SURVEY values (755, 11, 'WallStreet', 'WallStreet.UpperFlood', 'Wall Street');
 insert into CENTRELINE values (756, 755, NULL, NULL, NULL, 0.00, 0.00, 0.00);
 insert into CENTRELINE values (757, 755, NULL, '2007-07-07', NULL, 118.56, 0.00, 0.00);
 insert into TOPO values (12, 757);
 insert into PERSON values (14, 'Bill', 'Chadwick');
insert into TOPO values (14, 757);
 insert into TOPO values (9, 757);
 insert into TOPO values (11, 757);
 insert into SHOT values (371, 17, 435, 757, 4.97, 223.42, 30.00, 4.97, 223.49, 30.07, 0.01, 345.79, 37.79);
insert into SHOT values (372, 435, 436, 757, 4.50, 287.42, 26.00, 4.50, 287.40, 25.97, 0.00, 227.85, -64.90);
insert into SHOT values (373, 436, 437, 757, 11.50, 275.42, 0.00, 11.50, 275.39, 0.00, 0.01, 192.78, 0.00);
insert into SHOT values (374, 437, 438, 757, 4.11, 261.42, 8.00, 4.10, 261.51, 7.98, 0.01, 31.72, -13.30);
insert into SHOT values (375, 438, 439, 757, 3.27, 281.42, 4.00, 3.27, 281.31, 4.03, 0.01, 203.42, 16.48);
insert into SHOT values (376, 439, 440, 757, 3.56, 275.42, 20.00, 3.56, 275.49, 20.04, 0.00, 4.97, 30.85);
insert into SHOT values (377, 440, 441, 757, 7.94, 267.42, 22.00, 7.93, 267.43, 21.98, 0.01, 72.41, -43.62);
insert into SHOT values (378, 441, 442, 757, 5.36, 284.42, 12.00, 5.36, 284.35, 12.06, 0.01, 202.24, 42.64);
insert into SHOT values (379, 442, 443, 757, 9.47, 275.42, 23.00, 9.47, 275.46, 22.99, 0.01, 344.83, -1.87);
insert into SHOT values (380, 443, 444, 757, 4.54, 287.42, 12.00, 4.54, 287.42, 11.94, 0.00, 280.68, -53.18);
insert into SHOT values (381, 444, 445, 757, 5.40, 276.42, 5.00, 5.39, 276.41, 5.00, 0.01, 104.78, -6.19);
insert into SHOT values (382, 442, 446, 757, 4.25, 161.42, 20.00, 4.24, 161.43, 19.98, 0.01, 335.68, -30.53);
insert into SHOT values (383, 446, 447, 757, 4.82, 142.42, 10.00, 4.82, 142.53, 10.03, 0.01, 210.99, 17.56);
insert into SHOT values (384, 447, 448, 757, 2.13, 136.42, -3.00, 2.13, 136.33, -2.96, 0.00, 76.42, 21.39);
insert into SHOT values (385, 448, 449, 757, 7.61, 125.42, 8.00, 7.60, 125.38, 8.01, 0.01, 350.77, 6.64);
insert into SHOT values (386, 449, 450, 757, 5.51, 119.42, -5.00, 5.51, 119.46, -5.00, 0.00, 197.50, 3.33);
insert into SHOT values (387, 450, 451, 757, 5.35, 145.42, 0.00, 5.35, 145.36, 0.00, 0.01, 36.44, 0.00);
insert into SHOT values (388, 451, 452, 757, 3.15, 117.42, 0.00, 3.16, 117.54, 0.00, 0.01, 157.52, 0.00);
insert into SHOT values (389, 452, 453, 757, 1.58, 225.42, 0.00, 1.58, 225.77, 0.00, 0.01, 332.89, 0.00);
insert into SHOT values (390, 453, 454, 757, 3.22, 163.42, 0.00, 3.22, 163.42, 0.00, 0.00, 163.35, 0.00);
insert into SHOT values (391, 454, 455, 757, 2.32, 137.42, -7.00, 2.33, 137.46, -7.16, 0.01, 156.35, -56.28);
insert into SHOT values (392, 455, 456, 757, 4.00, 102.42, 0.00, 3.99, 102.44, 0.00, 0.01, 272.73, 0.00);
insert into SHOT values (393, 455, 457, 757, 10.00, 257.42, 0.00, 10.00, 257.46, 0.00, 0.01, 359.49, 0.00);
insert into SURVEY values (796, 11, 'CharnelPassage', 'CharnelPassage.UpperFlood', 'Charnel Passage');
 insert into CENTRELINE values (797, 796, NULL, NULL, NULL, 0.00, 0.00, 0.00);
 insert into CENTRELINE values (798, 796, NULL, '2006-09-30', NULL, 31.51, 0.00, 0.00);
 insert into TOPO values (8, 798);
 insert into SHOT values (394, 19, 458, 798, 6.69, 199.42, 15.00, 6.69, 199.44, 15.00, 0.00, 267.02, -3.86);
insert into SHOT values (395, 458, 459, 798, 8.90, 178.42, 27.00, 8.90, 178.41, 26.99, 0.00, 41.30, -56.28);
insert into SHOT values (396, 459, 460, 798, 3.90, 172.42, -2.00, 3.91, 172.35, -1.91, 0.01, 105.89, 49.27);
insert into SHOT values (397, 460, 461, 798, 7.11, 135.42, -4.00, 7.10, 135.46, -4.04, 0.01, 251.42, -40.37);
insert into SHOT values (398, 461, 462, 798, 4.91, 225.42, -4.00, 4.91, 225.33, -3.97, 0.01, 136.95, 15.86);
insert into SURVEY values (811, 11, 'RoyalIcing', 'RoyalIcing.UpperFlood', 'Royal Icing Passage');
 insert into CENTRELINE values (812, 811, NULL, NULL, NULL, 0.00, 0.00, 0.00);
 insert into CENTRELINE values (813, 811, NULL, '2007-12-08', NULL, 212.97, 0.00, 12.70);
 insert into TOPO values (4, 813);
 insert into TOPO values (11, 813);
 insert into SHOT values (399, 21, 465, 813, 1.55, 1.58, 1.00, 1.55, 1.85, 1.11, 0.01, 83.52, 21.95);
insert into SHOT_FLAG values(399, 'dpl');
insert into SHOT values (400, 465, 466, 813, 3.81, 40.58, -1.00, 3.81, 41.17, -0.90, 0.04, 126.05, 9.34);
insert into SHOT_FLAG values(400, 'dpl');
insert into SHOT values (401, 466, 467, 813, 5.52, 13.58, 5.00, 5.49, 14.19, 5.12, 0.07, 132.83, 7.61);
insert into SHOT_FLAG values(401, 'dpl');
insert into SHOT values (402, 467, 468, 813, 1.82, 302.58, 44.00, 1.77, 302.68, 44.56, 0.06, 120.04, -25.95);
insert into SHOT_FLAG values(402, 'dpl');
insert into SHOT values (403, 468, 469, 813, 4.41, 35.58, 38.00, 4.42, 36.11, 38.03, 0.03, 120.23, 8.64);
insert into SHOT values (404, 469, 470, 813, 2.93, 106.58, 12.00, 3.00, 106.83, 11.93, 0.07, 116.99, 8.67);
insert into SHOT values (405, 470, 471, 813, 3.80, 28.58, 32.00, 3.80, 28.55, 31.96, 0.00, 273.11, -66.07);
insert into SHOT values (406, 471, 472, 813, 2.76, 17.58, 12.00, 2.76, 17.49, 12.15, 0.01, 236.33, 43.50);
insert into SHOT values (407, 472, 473, 813, 2.49, 61.58, 53.00, 2.49, 61.73, 53.01, 0.00, 146.93, 20.15);
insert into SHOT values (408, 470, 474, 813, 4.91, 202.58, 20.00, 4.94, 202.03, 20.02, 0.05, 141.54, 11.87);
insert into SHOT values (409, 474, 475, 813, 6.90, 147.58, 15.00, 6.90, 147.50, 14.96, 0.01, 48.13, -32.61);
insert into SHOT values (410, 474, 476, 813, 7.58, 187.58, 4.00, 7.61, 186.81, 4.07, 0.11, 114.56, 5.99);
insert into SHOT values (411, 476, 477, 813, 4.88, 221.58, -14.00, 4.88, 220.89, -13.99, 0.06, 131.85, 0.58);
insert into SHOT values (412, 477, 478, 813, 2.71, 202.58, -58.00, 2.72, 201.95, -57.87, 0.02, 140.81, -5.66);
insert into SHOT values (413, 478, 479, 813, 4.40, 340.58, -42.00, 4.35, 340.95, -42.33, 0.06, 139.67, 13.86);
insert into SHOT values (414, 479, 480, 813, 1.57, 13.58, -34.00, 1.54, 14.47, -33.88, 0.03, 150.28, 31.72);
insert into SHOT values (415, 480, 481, 813, 1.85, 338.58, 1.00, 1.79, 339.03, 0.96, 0.06, 145.64, -2.08);
insert into SHOT values (416, 478, 482, 813, 2.74, 240.58, -17.00, 2.73, 240.69, -17.01, 0.01, 18.46, 8.35);
insert into SHOT values (417, 482, 483, 813, 3.21, 199.58, -10.00, 3.21, 199.58, -10.04, 0.00, 200.92, -57.06);
insert into SHOT values (418, 483, 484, 813, 1.02, 205.58, 31.00, 1.02, 205.69, 31.16, 0.01, 240.97, 58.49);
insert into SHOT values (419, 484, 485, 813, 4.00, 314.58, 16.00, 4.00, 314.58, 15.96, 0.00, 311.71, -55.99);
insert into SHOT values (420, 484, 486, 813, 3.30, 221.58, -14.00, 3.30, 221.46, -14.03, 0.01, 133.76, -13.36);
insert into SHOT values (421, 486, 487, 813, 2.00, 245.58, -32.00, 2.00, 245.70, -31.93, 0.01, 282.06, -1.60);
insert into SHOT values (422, 478, 488, 813, 6.46, 208.58, 15.00, 6.46, 208.54, 14.99, 0.01, 95.06, -21.18);
insert into SHOT values (423, 488, 489, 813, 4.90, 165.58, 21.00, 4.96, 165.24, 21.02, 0.07, 140.54, 20.49);
insert into SHOT values (424, 489, 490, 813, 5.44, 203.58, 6.00, 5.46, 202.98, 6.10, 0.06, 133.20, 10.61);
insert into SHOT values (425, 490, 491, 813, 6.31, 232.58, -4.00, 6.29, 231.80, -3.83, 0.09, 128.50, 12.84);
insert into SHOT values (426, 491, 492, 813, 8.84, 200.58, -28.00, 8.87, 199.80, -27.68, 0.12, 134.72, 14.35);
insert into SHOT values (427, 492, 493, 813, 7.50, 310.58, 10.00, 7.50, 310.61, 10.05, 0.01, 356.76, 55.19);
insert into SHOT values (428, 492, 494, 813, 4.86, 31.58, 18.00, 4.86, 32.24, 18.24, 0.06, 133.66, 18.44);
insert into SHOT values (429, 494, 495, 813, 3.65, 340.58, -37.00, 3.60, 341.06, -37.27, 0.06, 134.97, 16.70);
insert into SHOT values (430, 495, 496, 813, 3.80, 27.58, -2.00, 3.78, 28.13, -1.82, 0.04, 148.99, 16.66);
insert into SHOT values (431, 496, 497, 813, 2.38, 298.58, -31.00, 2.38, 298.45, -31.14, 0.01, 166.02, -34.54);
insert into SHOT values (432, 497, 498, 813, 3.00, 314.58, 9.00, 3.00, 314.59, 9.01, 0.00, 67.31, 51.81);
insert into SHOT values (433, 496, 499, 813, 5.24, 19.58, 28.00, 5.22, 20.25, 28.27, 0.06, 141.18, 8.99);
insert into SHOT values (434, 499, 500, 813, 6.72, 37.58, 4.00, 6.72, 38.34, 4.18, 0.09, 126.30, 13.43);
insert into SHOT values (435, 500, 501, 813, 1.42, 336.58, 0.00, 1.35, 336.86, 0.00, 0.07, 151.37, 0.00);
insert into SHOT values (436, 492, 502, 813, 7.75, 193.58, 1.00, 7.75, 193.59, 1.04, 0.01, 345.75, 64.57);
insert into SHOT values (437, 502, 503, 813, 10.10, 194.58, -2.00, 10.10, 194.57, -1.99, 0.00, 142.02, 58.43);
insert into SHOT values (438, 503, 504, 813, 4.34, 202.58, -17.00, 4.34, 202.55, -17.03, 0.00, 58.61, -14.60);
insert into SHOT values (439, 504, 505, 813, 4.60, 325.58, -33.00, 4.60, 325.57, -33.06, 0.01, 164.19, -61.53);
insert into SHOT values (440, 504, 506, 813, 8.00, 140.58, 6.00, 8.00, 140.61, 5.95, 0.01, 210.03, -55.11);
insert into SHOT values (441, 504, 507, 813, 5.65, 165.58, 29.00, 5.65, 165.60, 28.99, 0.00, 188.33, 11.33);
insert into SHOT values (442, 507, 508, 813, 4.38, 174.58, 17.00, 4.38, 174.66, 16.99, 0.01, 268.86, -5.95);
insert into SHOT values (443, 508, 509, 813, 2.62, 174.58, 13.00, 2.62, 174.38, 13.02, 0.01, 80.80, 4.00);
insert into SHOT values (444, 509, 24, 813, 2.23, 229.58, 15.00, 2.22, 229.72, 14.85, 0.01, 358.94, -47.21);
insert into SHOT values (445, 509, 510, 813, 6.46, 256.58, -41.00, 6.47, 256.62, -40.97, 0.01, 281.20, -13.32);
insert into SHOT values (446, 510, 511, 813, 2.60, 286.58, -31.00, 2.60, 286.72, -31.07, 0.01, 55.86, -7.12);
insert into SHOT values (447, 24, 512, 813, 6.86, 185.58, 1.00, 6.86, 185.60, 1.00, 0.00, 220.84, 3.38);
insert into SHOT values (448, 512, 513, 813, 3.88, 229.58, 38.00, 3.88, 229.64, 38.01, 0.00, 316.51, 20.24);
insert into SHOT values (449, 513, 514, 813, 1.35, 309.58, -4.00, 1.35, 309.59, -3.82, 0.01, 313.48, 56.00);
insert into SHOT values (450, 514, 29, 813, 4.17, 282.58, -24.00, 4.17, 282.58, -24.04, 0.00, 278.22, -63.01);
insert into SURVEY values (814, 811, 'MW', 'MW.RoyalIcing.UpperFlood', NULL);
 insert into CENTRELINE values (815, 814, NULL, NULL, NULL, 0.00, 0.00, 0.00);
 insert into CENTRELINE values (816, 814, NULL, '2007-06-02', NULL, 0.00, 0.00, 43.61);
 insert into SHOT values (451, 515, 516, 816, 5.12, 51.42, 11.50, 5.12, 51.39, 11.49, 0.00, 299.82, -17.14);
insert into SHOT_FLAG values(451, 'dpl');
insert into SHOT values (452, 516, 517, 816, 1.52, 154.42, 37.00, 1.52, 154.07, 36.90, 0.01, 49.87, -31.83);
insert into SHOT_FLAG values(452, 'dpl');
insert into SHOT values (453, 517, 463, 816, 2.50, 20.92, 6.00, 2.49, 20.77, 5.98, 0.01, 252.79, -9.23);
insert into SHOT_FLAG values(453, 'dpl');
insert into SHOT values (454, 463, 518, 816, 7.30, 24.42, -0.50, 7.30, 24.42, -0.47, 0.01, 32.75, 43.22);
insert into SHOT_FLAG values(454, 'dpl');
insert into SHOT values (455, 518, 519, 816, 5.40, 8.92, -3.50, 5.40, 8.97, -3.51, 0.01, 138.04, -3.03);
insert into SHOT_FLAG values(455, 'dpl');
insert into SHOT values (456, 519, 520, 816, 10.15, 306.42, 7.00, 10.15, 306.40, 7.02, 0.00, 251.06, 40.85);
insert into SHOT_FLAG values(456, 'dpl');
insert into SHOT values (457, 520, 521, 816, 11.62, 286.42, 16.00, 11.62, 286.44, 15.99, 0.01, 59.39, -30.17);
insert into SHOT_FLAG values(457, 'dpl');
insert into SURVEY values (818, 811, 'HiddenPassage', 'HiddenPassage.RoyalIcing.UpperFlood', NULL);
 insert into CENTRELINE values (819, 818, NULL, NULL, NULL, 0.00, 0.00, 0.00);
 insert into CENTRELINE values (820, 818, NULL, '2009-07-10', NULL, 30.42, 0.00, 0.00);
 insert into TOPO values (4, 820);
 insert into TOPO values (11, 820);
 insert into SHOT values (458, 464, 522, 820, 6.82, 185.06, 1.66, 6.82, 185.13, 1.68, 0.01, 248.48, 15.20);
insert into SHOT values (459, 522, 523, 820, 4.17, 209.07, 40.95, 4.17, 209.09, 41.05, 0.01, 18.14, 45.59);
insert into SHOT values (460, 523, 524, 820, 4.15, 182.27, 8.36, 4.16, 182.23, 8.30, 0.01, 138.35, -41.25);
insert into SHOT values (461, 524, 525, 820, 3.22, 140.13, -31.69, 3.22, 140.03, -31.67, 0.00, 61.34, 11.85);
insert into SHOT values (462, 525, 526, 820, 4.28, 71.15, 39.56, 4.27, 71.18, 39.62, 0.01, 242.80, -14.66);
insert into SHOT values (463, 526, 527, 820, 2.98, 87.08, 12.60, 2.99, 87.05, 12.58, 0.01, 72.51, 1.27);
insert into SHOT values (464, 527, 528, 820, 4.81, 192.50, -2.15, 4.81, 192.50, -2.15, 0.00, 192.26, 12.94);
insert into SURVEY values (917, 11, 'RoyalIcing2', 'RoyalIcing2.UpperFlood', 'Royal Icing Passage');
 insert into CENTRELINE values (918, 917, NULL, NULL, NULL, 0.00, 0.00, 0.00);
 insert into CENTRELINE values (919, 917, NULL, '2007-01-20', NULL, 126.13, 0.00, 69.70);
 insert into PERSON values (15, 'Richard', 'Carey');
insert into TOPO values (15, 919);
 insert into TOPO values (8, 919);
 insert into PERSON values (16, 'Dongwoo', 'Park');
insert into TOPO values (16, 919);
 insert into SHOT values (465, 529, 530, 919, 10.50, 192.42, 8.00, 10.49, 192.39, 8.00, 0.01, 54.70, -9.65);
insert into SHOT_FLAG values(465, 'dpl');
insert into SHOT values (466, 530, 531, 919, 13.50, 202.42, 10.00, 13.50, 202.42, 9.98, 0.00, 91.75, -82.16);
insert into SHOT_FLAG values(466, 'dpl');
insert into SHOT values (467, 531, 532, 919, 13.00, 197.42, -3.00, 13.00, 197.43, -3.00, 0.00, 227.06, 4.43);
insert into SHOT_FLAG values(467, 'dpl');
insert into SHOT values (468, 532, 533, 919, 4.00, 177.42, 12.00, 4.00, 177.36, 11.97, 0.00, 109.53, -21.81);
insert into SHOT_FLAG values(468, 'dpl');
insert into SHOT values (469, 533, 534, 919, 2.70, 187.42, -5.00, 2.70, 187.47, -4.88, 0.01, 223.38, 54.11);
insert into SHOT_FLAG values(469, 'dpl');
insert into SHOT values (470, 534, 535, 919, 7.00, 172.42, 35.00, 6.99, 172.38, 34.98, 0.01, 42.43, -43.20);
insert into SHOT_FLAG values(470, 'dpl');
insert into SHOT values (471, 535, 23, 919, 6.50, 184.42, 3.00, 6.50, 184.42, 3.00, 0.00, 7.94, -5.81);
insert into SHOT_FLAG values(471, 'dpl');
insert into SHOT values (472, 23, 27, 919, 12.50, 192.42, 20.00, 12.50, 192.44, 20.02, 0.01, 288.97, 50.66);
insert into SHOT_FLAG values(472, 'dpl');
insert into SHOT values (473, 536, 537, 919, 5.30, 164.42, -11.00, 5.31, 164.42, -10.97, 0.01, 162.69, 8.19);
insert into SHOT values (474, 537, 538, 919, 4.30, 81.42, 28.00, 4.30, 81.36, 28.04, 0.01, 310.50, 13.02);
insert into SHOT values (475, 538, 539, 919, 2.62, 89.42, 23.00, 2.62, 89.52, 22.94, 0.01, 199.92, -38.36);
insert into SHOT values (476, 539, 540, 919, 7.80, 186.42, 23.00, 7.80, 186.40, 23.03, 0.01, 29.95, 22.06);
insert into SHOT values (477, 540, 541, 919, 4.60, 182.42, 47.00, 4.59, 182.38, 47.01, 0.01, 29.30, -39.99);
insert into SHOT values (478, 537, 542, 919, 6.34, 206.42, -20.00, 6.34, 206.44, -20.03, 0.01, 8.86, -16.21);
insert into SHOT values (479, 542, 543, 919, 4.30, 228.42, -59.00, 4.30, 228.47, -59.00, 0.01, 266.52, -51.11);
insert into SHOT values (480, 543, 544, 919, 4.60, 181.42, -36.00, 4.60, 181.39, -35.96, 0.00, 81.42, 59.48);
insert into SHOT values (481, 544, 545, 919, 10.60, 173.42, -3.00, 10.60, 173.44, -2.97, 0.01, 215.13, 42.46);
insert into SHOT values (482, 545, 546, 919, 2.65, 160.42, -14.00, 2.65, 160.44, -14.20, 0.01, 326.87, -70.80);
insert into SHOT values (483, 546, 547, 919, 5.75, 250.42, -7.00, 5.75, 250.45, -6.99, 0.00, 312.01, 10.94);
insert into SHOT values (484, 547, 548, 919, 2.30, 281.42, 2.00, 2.30, 281.31, 2.00, 0.01, 148.88, -2.57);
insert into SHOT values (485, 548, 549, 919, 3.50, 322.42, 4.00, 3.50, 322.44, 4.09, 0.01, 347.59, 62.32);
insert into SHOT values (486, 549, 550, 919, 6.20, 189.42, -5.00, 6.20, 189.42, -5.00, 0.00, 16.00, 6.43);
insert into SHOT values (487, 550, 551, 919, 5.70, 163.42, 2.00, 5.70, 163.38, 2.01, 0.00, 94.11, 13.45);
insert into SHOT values (488, 551, 552, 919, 3.50, 142.42, -8.00, 3.50, 142.50, -8.05, 0.01, 229.34, -30.24);
insert into SHOT values (489, 552, 553, 919, 3.43, 160.42, -2.00, 3.43, 160.40, -2.00, 0.00, 104.16, -13.09);
insert into SHOT values (490, 553, 554, 919, 1.98, 176.42, 3.00, 1.98, 176.51, 2.90, 0.01, 314.68, -36.64);
insert into SHOT values (491, 554, 555, 919, 3.60, 144.42, 24.00, 3.61, 144.38, 24.03, 0.01, 128.99, 34.63);
insert into SHOT values (492, 555, 556, 919, 2.70, 218.42, 6.00, 2.70, 218.49, 5.96, 0.00, 340.38, -28.91);
insert into SHOT values (493, 556, 557, 919, 3.14, 154.42, -4.00, 3.14, 154.50, -4.01, 0.01, 207.75, -10.36);
insert into SHOT values (494, 557, 558, 919, 4.08, 93.42, -8.00, 4.08, 93.41, -8.04, 0.00, 288.27, -33.67);
insert into SHOT values (495, 558, 559, 919, 8.80, 180.42, -4.00, 8.80, 180.39, -3.97, 0.01, 111.03, 39.61);
insert into SHOT values (496, 559, 560, 919, 4.42, 127.42, -4.00, 4.42, 127.44, -4.02, 0.00, 248.58, -40.55);
insert into SHOT values (497, 560, 561, 919, 4.40, 190.42, -5.00, 4.40, 190.39, -4.96, 0.00, 70.68, 49.93);
insert into SHOT values (498, 561, 562, 919, 3.26, 139.42, -5.00, 3.25, 139.38, -5.11, 0.01, 338.40, -39.84);
insert into SHOT values (499, 562, 563, 919, 4.26, 207.42, -6.00, 4.26, 207.41, -5.93, 0.01, 55.88, 76.84);
insert into SHOT values (500, 563, 564, 919, 2.00, 137.42, 0.00, 2.00, 137.63, 0.00, 0.01, 203.82, 0.00);
insert into SURVEY values (958, 11, 'EastPassage', 'EastPassage.UpperFlood', 'East Passage');
 insert into CENTRELINE values (959, 958, NULL, NULL, NULL, 0.00, 0.00, 0.00);
 insert into CENTRELINE values (960, 958, NULL, '2007-01-06', NULL, 0.00, 0.00, 349.12);
 insert into TOPO values (15, 960);
 insert into TOPO values (8, 960);
 insert into SHOT values (501, 565, 566, 960, 9.00, 71.42, -9.00, 9.00, 71.44, -9.01, 0.01, 119.75, -23.81);
insert into SHOT_FLAG values(501, 'dpl');
insert into SHOT values (502, 566, 567, 960, 4.20, 330.42, -21.00, 4.20, 330.36, -20.92, 0.01, 270.02, 49.30);
insert into SHOT_FLAG values(502, 'dpl');
insert into SHOT values (503, 567, 568, 960, 9.70, 91.42, -8.00, 9.71, 91.37, -7.99, 0.01, 42.44, -0.11);
insert into SHOT_FLAG values(503, 'dpl');
insert into SHOT values (504, 568, 569, 960, 13.93, 76.42, 2.00, 13.93, 76.41, 1.97, 0.01, 297.23, -67.09);
insert into SHOT_FLAG values(504, 'dpl');
insert into SHOT values (505, 569, 570, 960, 8.64, 124.42, 8.00, 8.64, 124.43, 7.98, 0.00, 150.76, -29.90);
insert into SHOT_FLAG values(505, 'dpl');
insert into SHOT values (506, 570, 571, 960, 7.44, 103.42, -1.00, 7.42, 103.72, -1.39, 0.07, 217.52, -49.87);
insert into SHOT_FLAG values(506, 'dpl');
insert into SHOT values (507, 571, 572, 960, 9.50, 118.42, 4.00, 9.48, 118.87, 3.57, 0.10, 216.86, -44.27);
insert into SHOT_FLAG values(507, 'dpl');
insert into SHOT values (508, 572, 573, 960, 10.31, 80.42, 5.00, 10.29, 80.74, 4.57, 0.10, 187.24, -52.73);
insert into SHOT_FLAG values(508, 'dpl');
insert into SHOT values (509, 573, 574, 960, 10.30, 123.42, 19.00, 10.29, 123.84, 18.54, 0.11, 203.38, -49.17);
insert into SHOT_FLAG values(509, 'dpl');
insert into SHOT values (510, 574, 575, 960, 3.90, 249.42, 23.00, 3.92, 249.26, 22.67, 0.03, 226.64, -27.76);
insert into SHOT_FLAG values(510, 'dpl');
insert into SHOT values (511, 575, 576, 960, 4.75, 130.42, 4.00, 4.75, 130.38, 3.98, 0.00, 47.88, -21.14);
insert into SHOT_FLAG values(511, 'dpl');
insert into SHOT values (512, 576, 577, 960, 8.84, 125.42, 14.00, 8.84, 125.41, 14.01, 0.00, 2.25, 50.19);
insert into SHOT_FLAG values(512, 'dpl');
insert into SHOT values (513, 577, 578, 960, 9.00, 121.42, 26.00, 9.00, 121.45, 25.97, 0.01, 224.61, -51.11);
insert into SHOT_FLAG values(513, 'dpl');
insert into SHOT values (514, 578, 579, 960, 5.70, 117.42, 1.00, 5.70, 117.37, 1.01, 0.00, 14.19, 6.40);
insert into SHOT_FLAG values(514, 'dpl');
insert into SHOT values (515, 579, 580, 960, 8.12, 88.42, 3.00, 8.11, 88.44, 3.04, 0.01, 238.24, 36.47);
insert into SHOT_FLAG values(515, 'dpl');
insert into SHOT values (516, 580, 581, 960, 1.20, 96.42, 1.00, 1.21, 96.18, 0.95, 0.01, 61.65, -6.15);
insert into SHOT_FLAG values(516, 'dpl');
insert into SHOT values (517, 581, 582, 960, 8.40, 107.42, -3.00, 8.40, 107.42, -3.00, 0.00, 289.00, -5.43);
insert into SHOT_FLAG values(517, 'dpl');
insert into SHOT values (518, 582, 583, 960, 15.25, 132.42, -17.00, 15.25, 132.42, -17.00, 0.00, 121.13, -15.68);
insert into SHOT_FLAG values(518, 'dpl');
insert into SHOT values (519, 583, 584, 960, 10.00, 126.42, -3.00, 10.00, 126.45, -2.98, 0.01, 258.97, 29.46);
insert into SHOT_FLAG values(519, 'dpl');
insert into SHOT values (520, 584, 585, 960, 2.92, 124.42, -1.00, 2.92, 124.40, -0.98, 0.00, 79.69, 30.40);
insert into SHOT_FLAG values(520, 'dpl');
insert into SHOT values (521, 585, 586, 960, 2.60, 258.42, 2.00, 2.60, 258.47, 1.98, 0.00, 289.63, -8.84);
insert into SHOT_FLAG values(521, 'dpl');
insert into SHOT values (522, 586, 587, 960, 2.50, 265.42, 0.00, 2.50, 265.41, 0.00, 0.00, 100.46, 0.00);
insert into SHOT_FLAG values(522, 'dpl');
insert into SHOT values (523, 587, 588, 960, 2.50, 224.42, -6.00, 2.50, 224.35, -5.96, 0.00, 177.33, 17.40);
insert into SHOT_FLAG values(523, 'dpl');
insert into SHOT values (524, 588, 589, 960, 2.55, 238.42, -3.00, 2.55, 238.50, -3.15, 0.01, 350.36, -61.00);
insert into SHOT_FLAG values(524, 'dpl');
insert into SHOT values (525, 589, 590, 960, 5.66, 308.42, -2.00, 5.66, 308.39, -1.93, 0.01, 160.81, 54.35);
insert into SHOT_FLAG values(525, 'dpl');
insert into SHOT values (526, 590, 591, 960, 5.07, 155.42, -6.00, 5.07, 155.37, -6.00, 0.01, 26.27, -0.39);
insert into SHOT_FLAG values(526, 'dpl');
insert into SHOT values (527, 592, 591, 960, 5.56, 86.42, 4.00, 5.56, 86.39, 4.02, 0.01, 49.98, 20.69);
insert into SHOT_FLAG values(527, 'dpl');
insert into SHOT values (528, 592, 593, 960, 3.47, 212.42, -18.00, 3.47, 212.48, -18.14, 0.01, 353.03, -52.82);
insert into SHOT_FLAG values(528, 'dpl');
insert into SHOT values (529, 593, 594, 960, 7.70, 338.42, 2.00, 7.69, 338.41, 2.01, 0.01, 176.76, 12.15);
insert into SHOT_FLAG values(529, 'dpl');
insert into SHOT values (530, 594, 595, 960, 12.31, 334.42, -1.00, 12.31, 334.43, -0.98, 0.01, 111.88, 46.30);
insert into SHOT_FLAG values(530, 'dpl');
insert into SHOT values (531, 595, 596, 960, 7.00, 301.42, 0.00, 7.00, 301.44, 0.00, 0.00, 76.69, 0.00);
insert into SHOT_FLAG values(531, 'dpl');
insert into SHOT values (532, 575, 597, 960, 4.75, 130.42, 4.00, 4.75, 131.33, 0.60, 0.29, 208.94, -74.63);
insert into SHOT_FLAG values(532, 'dpl');
insert into SHOT values (533, 597, 598, 960, 8.84, 125.42, 14.00, 8.89, 126.82, 8.28, 0.91, 170.49, -70.56);
insert into SHOT_FLAG values(533, 'dpl');
insert into SHOT values (534, 598, 599, 960, 9.00, 121.42, 26.00, 9.04, 122.71, 20.95, 0.82, 150.14, -61.06);
insert into SHOT_FLAG values(534, 'dpl');
insert into SHOT values (535, 599, 600, 960, 5.70, 117.42, 1.00, 5.70, 118.41, -3.01, 0.41, 209.75, -76.15);
insert into SHOT_FLAG values(535, 'dpl');
insert into SHOT values (536, 600, 601, 960, 8.12, 88.42, 3.00, 8.12, 88.38, 3.03, 0.01, 33.28, 33.25);
insert into SHOT_FLAG values(536, 'dpl');
insert into SHOT values (537, 601, 602, 960, 1.20, 96.42, 1.00, 1.20, 96.71, 0.96, 0.01, 201.43, -8.54);
insert into SHOT_FLAG values(537, 'dpl');
insert into SHOT values (538, 602, 603, 960, 8.40, 107.42, -3.00, 8.41, 107.40, -3.00, 0.01, 78.29, -3.39);
insert into SHOT_FLAG values(538, 'dpl');
insert into SHOT values (539, 603, 604, 960, 15.25, 132.42, -17.00, 15.25, 132.44, -17.01, 0.01, 247.56, -11.71);
insert into SHOT_FLAG values(539, 'dpl');
insert into SHOT values (540, 604, 605, 960, 10.00, 126.42, -3.00, 10.00, 126.41, -3.04, 0.01, 105.30, -56.99);
insert into SHOT_FLAG values(540, 'dpl');
insert into SHOT values (541, 605, 606, 960, 2.92, 124.42, -1.00, 2.92, 124.40, -0.98, 0.00, 79.69, 30.40);
insert into SHOT_FLAG values(541, 'dpl');
insert into SHOT values (542, 606, 607, 960, 2.60, 258.42, 2.00, 2.60, 258.47, 1.98, 0.00, 289.63, -8.84);
insert into SHOT_FLAG values(542, 'dpl');
insert into SHOT values (543, 607, 608, 960, 2.50, 265.42, 0.00, 2.50, 265.41, 0.00, 0.00, 100.46, 0.00);
insert into SHOT_FLAG values(543, 'dpl');
insert into SHOT values (544, 608, 609, 960, 2.50, 224.42, -6.00, 2.50, 224.51, -5.98, 0.01, 1.94, 12.85);
insert into SHOT_FLAG values(544, 'dpl');
insert into SHOT values (545, 609, 610, 960, 2.55, 238.42, -3.00, 2.55, 238.30, -2.92, 0.01, 185.40, 28.18);
insert into SHOT_FLAG values(545, 'dpl');
insert into SHOT values (546, 610, 611, 960, 5.66, 308.42, -2.00, 5.66, 308.47, -2.02, 0.01, 19.93, -25.35);
insert into SHOT_FLAG values(546, 'dpl');
insert into SHOT values (547, 611, 612, 960, 5.07, 155.42, -6.00, 5.07, 155.52, -6.00, 0.01, 237.55, -0.27);
insert into SHOT_FLAG values(547, 'dpl');
insert into SHOT values (548, 613, 612, 960, 5.56, 86.42, 4.00, 5.55, 86.48, 4.03, 0.01, 221.65, 14.26);
insert into SHOT_FLAG values(548, 'dpl');
insert into SHOT values (549, 613, 614, 960, 3.47, 212.42, -18.00, 3.47, 212.39, -17.94, 0.00, 189.61, 28.28);
insert into SHOT_FLAG values(549, 'dpl');
insert into SHOT values (550, 614, 615, 960, 7.70, 338.42, 2.00, 7.70, 338.43, 2.01, 0.00, 4.67, 17.23);
insert into SHOT_FLAG values(550, 'dpl');
insert into SHOT values (551, 615, 616, 960, 12.31, 334.42, -1.00, 12.31, 334.39, -0.98, 0.01, 253.20, 39.06);
insert into SHOT_FLAG values(551, 'dpl');
insert into SHOT values (552, 616, 617, 960, 7.00, 301.42, 0.00, 7.00, 301.44, 0.00, 0.00, 76.69, 0.00);
insert into SHOT_FLAG values(552, 'dpl');
insert into SURVEY values (961, 958, 'FullLRUD', 'FullLRUD.EastPassage.UpperFlood', NULL);
 insert into CENTRELINE values (962, 961, NULL, NULL, NULL, 0.00, 0.00, 0.00);
 insert into CENTRELINE values (963, 961, NULL, '2008-06-13', NULL, 275.79, 0.00, 129.55);
 insert into TOPO values (4, 963);
 insert into TOPO values (11, 963);
 insert into SHOT values (553, 627, 628, 963, 2.62, 174.42, 13.00, 2.62, 174.38, 13.02, 0.00, 66.99, 18.07);
insert into SHOT_FLAG values(553, 'dpl');
insert into SHOT values (554, 628, 629, 963, 2.23, 229.42, 15.00, 2.22, 229.34, 14.86, 0.01, 78.58, -49.64);
insert into SHOT_FLAG values(554, 'dpl');
insert into SHOT values (555, 628, 630, 963, 6.46, 256.42, -41.00, 6.46, 256.36, -41.00, 0.01, 189.52, -19.29);
insert into SHOT_FLAG values(555, 'dpl');
insert into SHOT values (556, 629, 631, 963, 6.86, 185.42, 1.00, 6.86, 185.44, 1.00, 0.00, 231.25, 5.78);
insert into SHOT_FLAG values(556, 'dpl');
insert into SHOT values (557, 631, 632, 963, 3.88, 229.42, 38.00, 3.88, 229.38, 38.02, 0.00, 116.65, 27.12);
insert into SHOT_FLAG values(557, 'dpl');
insert into SHOT values (558, 25, 633, 963, 4.50, 91.42, -3.00, 4.50, 91.40, -2.93, 0.01, 299.05, 63.02);
insert into SHOT values (559, 633, 634, 963, 5.54, 47.42, -15.00, 5.54, 47.42, -15.06, 0.01, 201.20, -82.61);
insert into SHOT values (560, 634, 635, 963, 4.46, 18.42, -24.00, 4.45, 18.48, -23.98, 0.01, 155.62, 33.05);
insert into SHOT values (561, 635, 636, 963, 8.04, 104.42, 0.00, 8.03, 104.42, 0.00, 0.01, 288.04, 0.00);
insert into SHOT values (562, 636, 637, 963, 3.90, 145.42, 0.00, 3.90, 145.33, 0.00, 0.01, 81.25, 0.00);
insert into SHOT values (563, 637, 638, 963, 4.08, 177.42, 7.00, 4.08, 177.46, 7.03, 0.01, 206.88, 28.71);
insert into SHOT values (564, 638, 639, 963, 2.61, 173.42, 9.00, 2.61, 173.54, 9.04, 0.01, 279.32, 17.32);
insert into SHOT values (565, 639, 640, 963, 3.50, 216.42, -18.00, 3.50, 216.32, -18.14, 0.01, 102.99, -52.78);
insert into SHOT values (566, 639, 641, 963, 3.32, 272.42, 3.00, 3.32, 272.42, 2.94, 0.00, 89.84, -56.42);
insert into SHOT values (567, 641, 642, 963, 2.22, 310.42, 23.00, 2.22, 310.63, 23.07, 0.01, 48.97, 18.66);
insert into SHOT values (568, 636, 643, 963, 10.53, 81.42, 1.00, 10.53, 81.42, 0.98, 0.00, 217.75, -76.19);
insert into SHOT values (569, 643, 644, 963, 7.21, 69.42, -3.00, 7.21, 69.43, -2.94, 0.01, 213.32, 81.21);
insert into SHOT values (570, 644, 618, 963, 5.94, 140.42, 14.00, 5.94, 140.35, 13.93, 0.01, 74.24, -41.17);
insert into SHOT values (571, 618, 645, 963, 4.98, 133.42, 11.00, 4.98, 133.34, 11.35, 0.03, 356.08, 71.27);
insert into SHOT values (572, 645, 646, 963, 3.66, 153.42, 42.00, 3.68, 153.15, 42.20, 0.02, 79.34, 57.80);
insert into SHOT values (573, 646, 647, 963, 4.57, 140.42, 1.00, 4.57, 140.24, 1.25, 0.02, 36.40, 54.26);
insert into SHOT values (574, 647, 648, 963, 3.59, 117.42, 2.00, 3.59, 117.35, 2.39, 0.03, 67.10, 76.99);
insert into SHOT values (575, 648, 649, 963, 4.12, 139.42, -7.00, 4.12, 139.26, -6.69, 0.02, 59.54, 62.59);
insert into SHOT values (576, 649, 650, 963, 2.61, 134.42, 21.00, 2.62, 134.34, 21.22, 0.02, 115.23, 53.87);
insert into SHOT values (577, 650, 651, 963, 1.81, 270.42, -2.00, 1.76, 271.30, -2.28, 0.06, 61.30, -6.99);
insert into SHOT values (578, 651, 652, 963, 3.30, 222.42, -11.00, 3.30, 222.50, -11.00, 0.01, 285.74, -3.75);
insert into SHOT_FLAG values(578, 'dpl');
insert into SHOT values (579, 651, 653, 963, 4.20, 207.42, -10.00, 4.20, 207.49, -10.01, 0.01, 286.07, -7.08);
insert into SHOT_FLAG values(579, 'dpl');
insert into SHOT values (580, 650, 654, 963, 15.00, 224.42, -8.00, 15.00, 224.43, -8.01, 0.00, 256.50, -33.87);
insert into SHOT values (581, 651, 655, 963, 5.17, 143.42, -11.00, 5.19, 141.78, -11.00, 0.15, 59.03, -1.38);
insert into SHOT values (582, 655, 656, 963, 2.22, 106.42, -12.00, 2.23, 106.27, -11.93, 0.01, 61.59, 11.00);
insert into SHOT values (583, 656, 657, 963, 3.54, 150.42, 3.00, 3.54, 150.54, 2.91, 0.01, 222.26, -34.87);
insert into SHOT values (584, 656, 658, 963, 3.05, 102.42, -6.00, 3.05, 102.39, -6.03, 0.00, 316.03, -19.70);
insert into SHOT values (585, 658, 659, 963, 6.24, 128.42, 10.00, 6.24, 128.46, 9.97, 0.01, 254.96, -36.69);
insert into SHOT values (586, 659, 660, 963, 4.30, 149.42, 8.00, 4.31, 149.40, 8.01, 0.01, 137.72, 15.78);
insert into SHOT values (587, 660, 661, 963, 6.04, 139.42, -5.00, 6.04, 139.45, -5.04, 0.01, 268.81, -40.95);
insert into SHOT values (588, 661, 662, 963, 6.64, 149.42, -14.00, 6.63, 149.37, -13.96, 0.01, 18.96, 41.91);
insert into SHOT values (589, 662, 663, 963, 3.32, 133.42, -5.00, 3.32, 133.53, -5.01, 0.01, 198.57, -5.19);
insert into SHOT values (590, 663, 664, 963, 2.80, 148.42, 8.00, 2.80, 148.26, 8.00, 0.01, 74.96, 2.20);
insert into SHOT values (591, 664, 665, 963, 2.66, 159.42, -15.00, 2.66, 159.52, -15.01, 0.01, 214.52, -15.41);
insert into SHOT values (592, 665, 666, 963, 3.79, 167.42, -13.00, 3.78, 167.47, -12.98, 0.01, 314.28, 23.05);
insert into SHOT values (593, 666, 667, 963, 10.15, 121.42, -1.00, 10.15, 121.42, -1.02, 0.00, 321.17, -78.19);
insert into SHOT values (594, 666, 668, 963, 8.25, 303.42, 6.00, 8.25, 303.42, 5.98, 0.00, 299.41, -48.60);
insert into SHOT values (595, 666, 669, 963, 100.00, 302.42, 5.00, 100.00, 302.42, 5.00, 0.01, 56.96, -58.51);
insert into SHOT_FLAG values(595, 'dpl');
insert into SHOT values (596, 655, 670, 963, 4.68, 33.42, 11.00, 4.72, 34.48, 10.49, 0.11, 92.54, -18.28);
insert into SHOT values (597, 670, 671, 963, 3.74, 308.42, 9.00, 3.72, 309.81, 8.98, 0.09, 53.68, -3.15);
insert into SHOT values (598, 671, 650, 963, 2.58, 209.42, -8.00, 2.55, 208.39, -8.56, 0.06, 84.37, -20.75);
insert into SHOT values (599, 671, 672, 963, 5.20, 71.42, 3.00, 5.21, 71.50, 3.41, 0.04, 120.58, 76.57);
insert into SHOT values (600, 672, 673, 963, 5.15, 111.42, -5.00, 5.15, 111.37, -4.68, 0.03, 47.49, 79.45);
insert into SHOT values (601, 673, 626, 963, 3.99, 97.42, 2.00, 4.00, 97.34, 2.29, 0.02, 49.56, 69.76);
insert into SHOT values (602, 626, 674, 963, 3.46, 50.42, 26.00, 3.46, 50.62, 26.08, 0.01, 164.63, 15.25);
insert into SHOT values (603, 674, 675, 963, 3.47, 24.42, -38.00, 3.46, 24.50, -38.01, 0.01, 182.70, 32.96);
insert into SHOT values (604, 676, 675, 963, 1.99, 6.42, -19.00, 1.99, 6.41, -19.06, 0.00, 299.11, -78.09);
insert into SHOT values (605, 676, 677, 963, 8.80, 58.42, 10.00, 8.80, 58.40, 9.95, 0.01, 298.07, -67.84);
insert into SHOT values (606, 675, 678, 963, 6.94, 304.42, -30.00, 6.93, 304.27, -30.03, 0.02, 186.84, 0.00);
insert into SHOT values (607, 678, 679, 963, 4.10, 287.42, -5.00, 4.10, 287.24, -5.04, 0.01, 192.93, -11.49);
insert into SHOT values (608, 679, 680, 963, 4.70, 35.42, -1.00, 4.70, 35.38, -0.98, 0.00, 276.97, 29.58);
insert into SHOT values (609, 680, 681, 963, 5.70, 289.42, 12.00, 5.70, 289.47, 12.04, 0.01, 344.16, 37.18);
insert into SHOT values (610, 680, 682, 963, 2.54, 85.42, -17.00, 2.54, 85.28, -16.95, 0.01, 348.24, 23.04);
insert into SHOT values (611, 682, 683, 963, 6.00, 120.42, -8.00, 6.01, 120.40, -8.04, 0.01, 103.81, -37.27);
insert into SHOT values (612, 679, 684, 963, 6.25, 284.42, -5.00, 6.25, 284.21, -4.95, 0.02, 205.85, 11.71);
insert into SHOT values (613, 684, 621, 963, 4.87, 233.42, -2.00, 4.87, 233.27, -1.88, 0.02, 138.73, 38.19);
insert into SHOT values (614, 621, 623, 963, 4.92, 324.42, 3.00, 4.92, 324.02, 2.44, 0.06, 242.95, -53.52);
insert into SHOT values (615, 623, 685, 963, 6.27, 286.42, 0.00, 6.27, 286.21, 0.09, 0.03, 194.34, 23.41);
insert into SHOT values (616, 685, 618, 963, 6.08, 278.42, 3.00, 6.07, 278.25, 3.02, 0.02, 161.92, 5.12);
insert into SURVEY values (965, 958, 'DeepPoolTube', 'DeepPoolTube.EastPassage.UpperFlood', NULL);
 insert into CENTRELINE values (966, 965, NULL, NULL, NULL, 0.00, 0.00, 0.00);
 insert into CENTRELINE values (967, 965, NULL, '2008-01-10', NULL, 7.15, 0.00, 14.69);
 insert into TOPO values (4, 967);
 insert into TOPO values (11, 967);
 insert into SHOT values (617, 620, 622, 967, 4.93, 323.42, 2.00, 4.92, 324.02, 2.44, 0.06, 63.05, 36.20);
insert into SHOT_FLAG values(617, 'dpl');
insert into SHOT values (618, 622, 686, 967, 9.76, 293.42, 20.00, 9.76, 293.46, 20.02, 0.01, 51.33, 14.17);
insert into SHOT_FLAG values(618, 'dpl');
insert into SHOT values (619, 686, 687, 967, 4.55, 64.42, 19.00, 4.55, 64.39, 18.98, 0.00, 350.12, -28.00);
insert into SHOT values (620, 687, 688, 967, 0.30, 64.42, 19.00, 0.29, 64.36, 19.83, 0.01, 247.08, 20.13);
insert into SHOT values (621, 688, 689, 967, 2.30, 64.42, 19.00, 2.31, 64.49, 18.96, 0.01, 83.06, 7.97);
insert into SURVEY values (969, 958, 'MikesTube', 'MikesTube.EastPassage.UpperFlood', NULL);
 insert into CENTRELINE values (970, 969, NULL, NULL, NULL, 0.00, 0.00, 0.00);
 insert into CENTRELINE values (971, 969, NULL, '2008-01-10', NULL, 32.70, 0.00, 0.87);
 insert into TOPO values (4, 971);
 insert into TOPO values (11, 971);
 insert into SHOT values (622, 624, 690, 971, 2.08, 81.42, 32.00, 2.07, 81.50, 32.02, 0.01, 233.01, -23.01);
insert into SHOT values (623, 690, 691, 971, 1.58, 113.42, 35.00, 1.58, 113.20, 35.10, 0.01, 28.12, 36.75);
insert into SHOT values (624, 691, 692, 971, 2.42, 114.42, 10.00, 2.42, 114.52, 9.99, 0.00, 180.35, -2.77);
insert into SHOT values (625, 692, 693, 971, 3.82, 214.42, -6.00, 3.82, 214.49, -6.01, 0.00, 326.89, -8.53);
insert into SHOT values (626, 693, 694, 971, 1.86, 130.42, 4.00, 1.86, 130.20, 4.00, 0.01, 67.56, 1.81);
insert into SHOT values (627, 694, 695, 971, 5.30, 203.42, -1.00, 5.31, 203.43, -1.08, 0.01, 206.88, -42.21);
insert into SHOT values (628, 694, 696, 971, 3.30, 46.42, 32.00, 3.30, 46.31, 32.06, 0.01, 275.99, 9.77);
insert into SHOT values (629, 694, 697, 971, 0.87, 38.42, 47.00, 0.86, 38.05, 47.16, 0.01, 240.81, -32.17);
insert into SHOT_FLAG values(629, 'dpl');
insert into SHOT values (630, 697, 698, 971, 4.50, 145.42, 36.00, 4.51, 145.39, 36.02, 0.01, 124.48, 47.38);
insert into SHOT values (631, 693, 699, 971, 1.33, 222.42, 18.00, 1.32, 222.43, 18.03, 0.01, 40.74, -11.26);
insert into SHOT values (632, 699, 700, 971, 3.30, 309.42, 51.00, 3.29, 309.31, 51.07, 0.01, 153.70, -25.17);
insert into SHOT values (633, 692, 701, 971, 1.21, 96.42, 75.00, 1.21, 95.53, 75.09, 0.01, 346.47, 13.40);
insert into SHOT values (634, 701, 702, 971, 2.00, 170.42, 9.00, 2.00, 170.39, 8.91, 0.00, 150.10, -48.87);
insert into SURVEY values (973, 958, 'BeyondZebraAven', 'BeyondZebraAven.EastPassage.UpperFlood', NULL);
 insert into CENTRELINE values (974, 973, NULL, NULL, NULL, 0.00, 0.00, 0.00);
 insert into CENTRELINE values (975, 973, NULL, '2008-01-10', NULL, 218.22, 0.00, 5.43);
 insert into TOPO values (4, 975);
 insert into TOPO values (11, 975);
 insert into SHOT values (635, 703, 625, 975, 3.76, 159.42, -18.00, 3.78, 164.30, -18.66, 0.31, 250.39, -8.97);
insert into SHOT_FLAG values(635, 'dpl');
insert into SHOT values (636, 703, 704, 975, 8.96, 134.42, 1.00, 9.20, 121.42, 2.49, 2.08, 44.24, 6.72);
insert into SHOT values (637, 704, 705, 975, 4.78, 145.42, 2.00, 4.82, 138.46, 2.86, 0.59, 55.17, 7.15);
insert into SHOT values (638, 705, 706, 975, 3.35, 125.42, 19.00, 3.37, 120.69, 19.59, 0.27, 34.58, 8.54);
insert into SHOT values (639, 706, 707, 975, 5.76, 124.42, 11.00, 5.82, 116.16, 11.90, 0.82, 33.02, 7.03);
insert into SHOT values (640, 707, 708, 975, 2.52, 121.42, -17.00, 2.52, 117.63, -16.38, 0.16, 31.49, 9.51);
insert into SHOT values (641, 708, 619, 975, 4.42, 138.42, 29.00, 4.45, 132.69, 29.66, 0.39, 45.28, 8.42);
insert into SHOT values (642, 619, 709, 975, 1.59, 162.42, 20.00, 1.59, 166.43, 20.24, 0.10, 255.78, 3.39);
insert into SHOT values (643, 709, 710, 975, 4.32, 123.42, 42.00, 4.31, 126.83, 41.37, 0.20, 207.53, -11.85);
insert into SHOT values (644, 710, 711, 975, 2.61, 156.42, 53.00, 2.58, 159.15, 52.50, 0.08, 246.01, -24.72);
insert into SHOT values (645, 711, 712, 975, 1.54, 132.42, 3.00, 1.54, 132.63, 2.98, 0.01, 243.86, -5.78);
insert into SHOT values (646, 712, 713, 975, 3.20, 141.42, 0.00, 3.20, 141.34, 0.00, 0.00, 70.69, 0.00);
insert into SHOT values (647, 711, 714, 975, 2.35, 312.42, 29.00, 2.35, 309.74, 27.87, 0.11, 235.68, -21.43);
insert into SHOT values (648, 714, 715, 975, 1.28, 235.42, -22.00, 1.29, 235.24, -21.92, 0.01, 204.07, -4.09);
insert into SHOT values (649, 715, 716, 975, 1.37, 300.42, 22.00, 1.37, 300.81, 21.89, 0.01, 38.20, -20.27);
insert into SHOT values (650, 716, 717, 975, 6.60, 272.42, 6.00, 6.60, 272.36, 6.00, 0.01, 195.69, 0.86);
insert into SHOT values (651, 714, 718, 975, 1.17, 311.42, -26.00, 1.18, 309.60, -27.19, 0.04, 219.82, -39.00);
insert into SHOT values (652, 718, 709, 975, 5.67, 330.42, -73.00, 5.69, 332.31, -73.74, 0.09, 112.03, -24.07);
insert into SHOT values (653, 718, 719, 975, 4.11, 75.42, 11.00, 4.10, 73.96, 11.68, 0.11, 334.73, 23.68);
insert into SHOT values (654, 719, 720, 975, 0.80, 109.42, -1.00, 0.78, 110.98, -0.73, 0.03, 240.04, 8.02);
insert into SHOT values (655, 720, 721, 975, 7.77, 110.42, -62.00, 7.77, 115.24, -63.46, 0.36, 233.35, -14.45);
insert into SHOT values (656, 619, 722, 975, 5.91, 111.42, -3.00, 5.98, 103.97, -3.36, 0.78, 22.46, -3.01);
insert into SHOT values (657, 722, 721, 975, 3.64, 131.42, 4.00, 3.68, 124.34, 3.59, 0.45, 42.74, -3.03);
insert into SHOT values (658, 721, 723, 975, 2.38, 158.42, 10.00, 2.38, 158.24, 9.91, 0.01, 93.24, -22.44);
insert into SHOT values (659, 722, 724, 975, 2.91, 64.42, 12.00, 2.90, 64.34, 11.93, 0.01, 277.71, -33.88);
insert into SHOT values (660, 724, 725, 975, 7.78, 118.42, -4.00, 7.79, 118.45, -3.98, 0.01, 145.62, 19.59);
insert into SHOT values (661, 725, 726, 975, 4.53, 121.42, -3.00, 4.53, 121.44, -3.04, 0.00, 195.13, -58.69);
insert into SHOT values (662, 726, 727, 975, 3.47, 145.42, -13.00, 3.47, 145.37, -13.00, 0.00, 15.73, 8.48);
insert into SHOT values (663, 727, 728, 975, 8.22, 145.42, -34.00, 8.22, 145.40, -33.96, 0.01, 71.37, 69.87);
insert into SHOT values (664, 728, 729, 975, 9.88, 129.42, -2.00, 9.88, 129.41, -2.03, 0.01, 90.51, -66.75);
insert into SHOT values (665, 729, 730, 975, 5.70, 130.42, -4.00, 5.69, 130.50, -3.93, 0.01, 250.22, 38.80);
insert into SHOT values (666, 730, 731, 975, 5.87, 140.42, -10.00, 5.87, 140.33, -10.01, 0.01, 50.78, -4.52);
insert into SHOT values (667, 732, 729, 975, 1.67, 133.42, -24.00, 1.67, 133.41, -23.99, 0.00, 126.12, -17.78);
insert into SHOT_FLAG values(667, 'dpl');
insert into SHOT values (668, 732, 733, 975, 2.21, 185.42, -9.00, 2.22, 185.50, -8.82, 0.01, 208.75, 35.74);
insert into SHOT values (669, 730, 734, 975, 4.19, 242.42, -7.00, 4.18, 242.45, -7.14, 0.01, 48.60, -48.63);
insert into SHOT values (670, 734, 735, 975, 2.98, 215.42, -6.00, 2.99, 215.40, -5.96, 0.01, 206.02, 15.56);
insert into SHOT values (671, 735, 736, 975, 3.35, 232.42, -8.00, 3.35, 232.47, -7.90, 0.01, 343.29, 61.97);
insert into SHOT values (672, 736, 737, 975, 3.43, 268.42, 0.00, 3.43, 268.33, 0.00, 0.01, 193.52, 0.00);
insert into SHOT values (673, 737, 738, 975, 2.24, 240.42, -5.00, 2.24, 240.45, -5.12, 0.01, 22.60, -70.71);
insert into SHOT values (674, 738, 739, 975, 3.63, 162.42, -15.00, 3.63, 162.39, -15.02, 0.00, 20.69, -10.12);
insert into SHOT values (675, 739, 740, 975, 1.46, 120.42, -15.00, 1.46, 120.20, -15.07, 0.01, 43.76, -20.70);
insert into SHOT values (676, 740, 741, 975, 1.20, 237.42, -1.00, 1.20, 237.24, -0.95, 0.00, 165.51, 13.09);
insert into SHOT values (677, 741, 742, 975, 4.65, 251.42, -1.00, 4.65, 251.45, -0.99, 0.00, 294.74, 19.07);
insert into SHOT values (678, 742, 743, 975, 5.00, 301.42, 8.00, 5.00, 301.38, 8.04, 0.01, 255.95, 40.60);
insert into SHOT values (679, 742, 744, 975, 2.62, 232.42, -18.00, 2.62, 232.49, -17.98, 0.01, 266.21, -4.07);
insert into SHOT values (680, 744, 745, 975, 2.38, 169.42, -14.00, 2.38, 169.27, -13.86, 0.01, 89.57, 43.93);
insert into SHOT values (681, 745, 746, 975, 6.50, 179.42, -8.00, 6.50, 179.47, -8.04, 0.01, 235.18, -40.55);
insert into SHOT values (682, 745, 747, 975, 3.19, 104.42, 7.00, 3.19, 104.43, 7.01, 0.00, 113.35, 17.85);
insert into SHOT values (683, 745, 748, 975, 4.75, 4.42, 6.00, 4.75, 4.37, 5.92, 0.01, 270.99, -58.03);
insert into SHOT values (684, 748, 749, 975, 1.60, 257.42, -9.00, 1.60, 257.20, -9.00, 0.01, 157.86, 2.70);
insert into SHOT values (685, 749, 750, 975, 6.00, 303.42, 22.00, 6.00, 303.49, 22.02, 0.01, 28.64, 19.05);
insert into SHOT values (686, 748, 751, 975, 2.78, 310.42, 1.00, 2.77, 310.47, 1.03, 0.01, 110.07, 12.81);
insert into SHOT values (687, 751, 752, 975, 3.89, 340.42, -7.00, 3.89, 340.35, -6.93, 0.01, 290.36, 32.08);
insert into SHOT values (688, 752, 753, 975, 6.41, 358.42, -4.00, 6.41, 358.48, -4.03, 0.01, 107.21, -23.42);
insert into SHOT values (689, 753, 754, 975, 9.30, 288.42, -6.00, 9.30, 288.40, -5.98, 0.01, 242.39, 21.27);
insert into SURVEY values (1104, 11, 'WestPassage', 'WestPassage.UpperFlood', 'West Passage');
 insert into CENTRELINE values (1105, 1104, NULL, NULL, NULL, 0.00, 0.00, 0.00);
 insert into SURVEY values (1106, 1104, 'CentreLineOnly', 'CentreLineOnly.WestPassage.UpperFlood', NULL);
 insert into CENTRELINE values (1107, 1106, NULL, NULL, NULL, 0.00, 0.00, 0.00);
 insert into CENTRELINE values (1108, 1106, NULL, '2006-10-07', NULL, 0.00, 0.00, 264.15);
 insert into TOPO values (8, 1108);
 insert into TOPO values (16, 1108);
 insert into SHOT values (690, 26, 755, 1108, 3.50, 322.42, 1.00, 3.50, 322.31, 0.98, 0.01, 240.03, -9.21);
insert into SHOT_FLAG values(690, 'dpl');
insert into SHOT values (691, 755, 756, 1108, 19.50, 307.42, -25.00, 19.50, 307.43, -25.00, 0.01, 80.96, 9.95);
insert into SHOT_FLAG values(691, 'dpl');
insert into SHOT values (692, 756, 757, 1108, 6.00, 232.42, -35.00, 6.00, 232.43, -34.96, 0.01, 242.60, 14.75);
insert into SHOT_FLAG values(692, 'dpl');
insert into SHOT values (693, 757, 758, 1108, 13.50, 267.42, -12.00, 13.50, 267.44, -12.01, 0.01, 20.01, -34.20);
insert into SHOT_FLAG values(693, 'dpl');
insert into SHOT values (694, 758, 759, 1108, 10.50, 282.42, 3.00, 10.50, 282.39, 3.00, 0.01, 177.60, 5.18);
insert into SHOT_FLAG values(694, 'dpl');
insert into SHOT values (695, 759, 760, 1108, 13.00, 282.42, 2.00, 13.00, 282.44, 1.98, 0.01, 340.98, -31.44);
insert into SHOT_FLAG values(695, 'dpl');
insert into SHOT values (696, 760, 761, 1108, 14.50, 262.42, -3.00, 14.50, 262.42, -2.97, 0.01, 88.74, 67.93);
insert into SHOT_FLAG values(696, 'dpl');
insert into SHOT values (697, 761, 762, 1108, 12.50, 262.42, 1.00, 12.50, 262.41, 0.96, 0.01, 219.15, -77.76);
insert into SHOT_FLAG values(697, 'dpl');
insert into SHOT values (698, 762, 763, 1108, 3.50, 232.42, -2.00, 3.50, 232.31, -1.96, 0.01, 162.98, 16.90);
insert into SHOT_FLAG values(698, 'dpl');
insert into SHOT values (699, 763, 764, 1108, 17.00, 267.42, -3.00, 17.00, 267.43, -3.00, 0.00, 353.11, -3.91);
insert into SHOT_FLAG values(699, 'dpl');
insert into SHOT values (700, 764, 765, 1108, 7.00, 262.42, -8.00, 7.00, 262.37, -7.97, 0.01, 166.93, 36.16);
insert into SHOT_FLAG values(700, 'dpl');
insert into SHOT values (701, 765, 766, 1108, 2.00, 187.42, -2.00, 2.00, 187.48, -2.01, 0.00, 317.49, -4.15);
insert into SHOT_FLAG values(701, 'dpl');
insert into SHOT values (702, 766, 767, 1108, 2.50, 127.42, 2.00, 2.50, 127.51, 2.06, 0.01, 247.35, 30.58);
insert into SHOT_FLAG values(702, 'dpl');
insert into SHOT values (703, 767, 768, 1108, 3.50, 164.42, 3.00, 3.49, 164.37, 2.95, 0.01, 10.42, -24.75);
insert into SHOT_FLAG values(703, 'dpl');
insert into SHOT values (704, 768, 769, 1108, 4.50, 267.42, -3.00, 4.50, 267.45, -3.06, 0.01, 342.47, -61.88);
insert into SHOT_FLAG values(704, 'dpl');
insert into SHOT values (705, 769, 770, 1108, 8.50, 282.42, -1.00, 8.50, 282.37, -1.01, 0.01, 181.37, -11.87);
insert into SHOT_FLAG values(705, 'dpl');
insert into SHOT values (706, 770, 771, 1108, 10.50, 262.42, -3.00, 10.50, 262.43, -3.00, 0.01, 51.57, -5.31);
insert into SHOT_FLAG values(706, 'dpl');
insert into SHOT values (707, 771, 772, 1108, 5.50, 357.42, -5.00, 5.50, 357.38, -4.91, 0.01, 223.72, 62.52);
insert into SHOT_FLAG values(707, 'dpl');
insert into SHOT values (708, 772, 773, 1108, 15.00, 257.42, -2.00, 15.00, 257.44, -2.03, 0.01, 10.93, -51.69);
insert into SHOT_FLAG values(708, 'dpl');
insert into SHOT values (709, 773, 774, 1108, 10.00, 267.42, -2.00, 10.00, 267.42, -2.01, 0.00, 91.99, -14.89);
insert into SHOT_FLAG values(709, 'dpl');
insert into SHOT values (710, 774, 775, 1108, 22.50, 265.42, -2.00, 22.51, 265.41, -1.99, 0.01, 231.09, 36.50);
insert into SHOT_FLAG values(710, 'dpl');
insert into SHOT values (711, 775, 776, 1108, 10.00, 262.42, 0.00, 10.00, 262.41, 0.00, 0.00, 108.91, 0.00);
insert into SHOT_FLAG values(711, 'dpl');
insert into SHOT values (712, 776, 777, 1108, 21.00, 267.42, -2.00, 20.99, 267.43, -2.02, 0.01, 51.47, -43.15);
insert into SHOT_FLAG values(712, 'dpl');
insert into SHOT values (713, 777, 778, 1108, 14.00, 272.42, -3.00, 14.00, 272.42, -2.99, 0.00, 258.67, 58.02);
insert into SHOT_FLAG values(713, 'dpl');
insert into SHOT values (714, 778, 779, 1108, 5.00, 197.42, -2.00, 5.00, 197.46, -1.95, 0.01, 241.15, 44.26);
insert into SHOT_FLAG values(714, 'dpl');
insert into SHOT values (715, 779, 780, 1108, 6.00, 157.42, -3.00, 6.00, 157.42, -3.06, 0.01, 344.61, -66.80);
insert into SHOT_FLAG values(715, 'dpl');
insert into SHOT values (716, 780, 781, 1108, 3.15, 212.42, 8.00, 3.15, 212.41, 8.04, 0.00, 36.56, 22.15);
insert into SHOT_FLAG values(716, 'dpl');
insert into SURVEY values (1110, 1104, 'FullLRUD', 'FullLRUD.WestPassage.UpperFlood', NULL);
 insert into CENTRELINE values (1111, 1110, NULL, NULL, NULL, 0.00, 0.00, 0.00);
 insert into SURVEY values (1112, 1110, 'Pony', 'Pony.FullLRUD.WestPassage.UpperFlood', NULL);
 insert into CENTRELINE values (1113, 1112, NULL, NULL, NULL, 0.00, 0.00, 0.00);
 insert into CENTRELINE values (1114, 1112, NULL, '2007-12-14', NULL, 0.00, 0.00, 0.00);
 insert into TOPO values (4, 1114);
 insert into TOPO values (11, 1114);
 insert into SURVEY values (1115, 1112, 'Rift', 'Rift.Pony.FullLRUD.WestPassage.UpperFlood', NULL);
 insert into CENTRELINE values (1116, 1115, NULL, NULL, NULL, 0.00, 0.00, 0.00);
 insert into CENTRELINE values (1117, 1115, NULL, NULL, NULL, 13.01, 0.00, 0.00);
 insert into SHOT values (717, 786, 787, 1117, 1.25, 4.50, 82.40, 1.25, 3.37, 82.18, 0.01, 330.21, 9.31);
insert into SHOT values (718, 786, 788, 1117, 3.10, 170.90, -2.30, 3.09, 170.87, -2.22, 0.01, 0.71, 27.37);
insert into SHOT values (719, 786, 789, 1117, 3.46, 156.40, -64.00, 3.46, 156.65, -64.04, 0.01, 269.26, -1.37);
insert into SHOT values (720, 789, 790, 1117, 2.96, 347.40, 3.00, 2.96, 347.51, 3.09, 0.01, 42.58, 35.53);
insert into SHOT values (721, 790, 782, 1117, 2.24, 341.60, -33.00, 2.24, 341.37, -33.00, 0.01, 249.81, -0.07);
insert into SURVEY values (1119, 1112, 'WP', 'WP.Pony.FullLRUD.WestPassage.UpperFlood', NULL);
 insert into CENTRELINE values (1120, 1119, NULL, NULL, NULL, 0.00, 0.00, 0.00);
 insert into CENTRELINE values (1121, 1119, NULL, NULL, NULL, 0.00, 0.00, 145.31);
 insert into SHOT values (722, 791, 792, 1121, 5.75, 78.40, -9.80, 5.75, 78.39, -9.71, 0.01, 331.42, 84.97);
insert into SHOT_FLAG values(722, 'dpl');
insert into SHOT values (723, 792, 793, 1121, 7.47, 86.00, 7.00, 7.46, 86.05, 7.00, 0.01, 221.01, -2.19);
insert into SHOT_FLAG values(723, 'dpl');
insert into SHOT values (724, 793, 794, 1121, 5.74, 95.00, -12.00, 5.75, 94.90, -12.05, 0.01, 36.04, -29.69);
insert into SHOT_FLAG values(724, 'dpl');
insert into SHOT values (725, 794, 795, 1121, 3.26, 17.20, 7.00, 3.26, 17.09, 7.05, 0.01, 261.71, 21.43);
insert into SHOT_FLAG values(725, 'dpl');
insert into SHOT values (726, 795, 796, 1121, 13.71, 88.90, 2.20, 13.71, 88.91, 2.22, 0.01, 138.79, 42.85);
insert into SHOT_FLAG values(726, 'dpl');
insert into SHOT values (727, 796, 797, 1121, 3.53, 28.00, 9.40, 3.53, 28.11, 9.30, 0.01, 134.62, -42.85);
insert into SHOT_FLAG values(727, 'dpl');
insert into SHOT values (728, 796, 798, 1121, 7.40, 85.30, 0.00, 7.41, 85.27, 0.00, 0.01, 53.19, 0.00);
insert into SHOT_FLAG values(728, 'dpl');
insert into SHOT values (729, 796, 799, 1121, 4.60, 319.50, 26.40, 4.59, 319.53, 26.37, 0.01, 117.56, -38.63);
insert into SHOT_FLAG values(729, 'dpl');
insert into SHOT values (730, 797, 800, 1121, 9.57, 80.50, -0.50, 9.56, 80.49, -0.48, 0.01, 273.78, 22.67);
insert into SHOT_FLAG values(730, 'dpl');
insert into SHOT values (731, 800, 801, 1121, 10.28, 94.30, 2.40, 10.29, 94.30, 2.40, 0.01, 89.24, -3.48);
insert into SHOT_FLAG values(731, 'dpl');
insert into SHOT values (732, 801, 802, 1121, 0.50, 0.00, 90.00, 0.50, 90.00, 90.00, 0.00, 0.00, 0.00);
insert into SHOT_FLAG values(732, 'dpl');
insert into SHOT values (733, 802, 803, 1121, 3.00, 56.40, 26.80, 3.00, 56.25, 26.72, 0.01, 357.46, -17.88);
insert into SHOT_FLAG values(733, 'dpl');
insert into SHOT values (734, 801, 804, 1121, 3.77, 114.20, -2.30, 3.76, 114.18, -2.28, 0.01, 305.12, 10.15);
insert into SHOT_FLAG values(734, 'dpl');
insert into SHOT values (735, 804, 805, 1121, 5.00, 23.40, -45.90, 5.00, 23.39, -45.93, 0.00, 209.32, 9.24);
insert into SHOT_FLAG values(735, 'dpl');
insert into SHOT values (736, 804, 806, 1121, 3.19, 55.70, -9.90, 3.19, 55.75, -9.92, 0.00, 102.44, -20.74);
insert into SHOT_FLAG values(736, 'dpl');
insert into SHOT values (737, 806, 807, 1121, 10.00, 108.90, -4.60, 10.00, 108.91, -4.59, 0.00, 196.75, 56.53);
insert into SHOT_FLAG values(737, 'dpl');
insert into SHOT values (738, 807, 808, 1121, 4.35, 68.20, -5.80, 4.35, 68.17, -5.80, 0.00, 32.01, -6.95);
insert into SHOT_FLAG values(738, 'dpl');
insert into SHOT values (739, 808, 809, 1121, 2.20, 331.10, 0.00, 2.21, 331.00, 0.00, 0.01, 300.41, 0.00);
insert into SHOT_FLAG values(739, 'dpl');
insert into SHOT values (740, 808, 810, 1121, 6.76, 81.30, 0.60, 6.76, 81.32, 0.59, 0.00, 216.90, -14.35);
insert into SHOT_FLAG values(740, 'dpl');
insert into SHOT values (741, 810, 811, 1121, 3.38, 66.10, 28.70, 3.38, 66.12, 28.66, 0.00, 205.17, -68.15);
insert into SHOT_FLAG values(741, 'dpl');
insert into SHOT values (742, 811, 812, 1121, 3.56, 14.20, 25.20, 3.57, 14.17, 25.21, 0.01, 358.57, 30.27);
insert into SHOT_FLAG values(742, 'dpl');
insert into SHOT values (743, 812, 813, 1121, 10.30, 26.20, 52.50, 10.30, 26.24, 52.52, 0.01, 164.68, -13.84);
insert into SHOT_FLAG values(743, 'dpl');
insert into SHOT values (744, 812, 814, 1121, 5.81, 140.30, 26.30, 5.81, 140.29, 26.25, 0.01, 130.72, -47.74);
insert into SHOT_FLAG values(744, 'dpl');
insert into SHOT values (745, 814, 815, 1121, 4.30, 112.00, 32.70, 4.30, 112.10, 32.80, 0.01, 228.16, 46.00);
insert into SHOT_FLAG values(745, 'dpl');
insert into SHOT values (746, 815, 816, 1121, 2.30, 124.60, 52.30, 2.30, 124.59, 52.25, 0.00, 120.43, 4.08);
insert into SHOT_FLAG values(746, 'dpl');
insert into SHOT values (747, 816, 817, 1121, 4.13, 141.10, 30.80, 4.13, 141.06, 30.74, 0.01, 70.34, -62.74);
insert into SHOT_FLAG values(747, 'dpl');
insert into SHOT values (748, 817, 784, 1121, 1.45, 267.00, 60.50, 1.45, 267.61, 60.23, 0.01, 316.62, -11.24);
insert into SHOT_FLAG values(748, 'dpl');
insert into SURVEY values (1124, 1110, 'RI', 'RI.FullLRUD.WestPassage.UpperFlood', NULL);
 insert into CENTRELINE values (1125, 1124, NULL, NULL, NULL, 0.00, 0.00, 0.00);
 insert into CENTRELINE values (1126, 1124, NULL, '2007-12-08', NULL, 0.00, 0.00, 9.40);
 insert into SHOT values (749, 818, 819, 1126, 3.88, 229.42, 38.00, 3.88, 229.38, 38.02, 0.00, 116.65, 27.12);
insert into SHOT_FLAG values(749, 'dpl');
insert into SHOT values (750, 819, 820, 1126, 1.35, 309.42, -4.00, 1.36, 309.32, -3.79, 0.01, 296.63, 21.13);
insert into SHOT_FLAG values(750, 'dpl');
insert into SHOT values (751, 820, 785, 1126, 4.17, 282.42, -24.00, 4.17, 282.43, -24.05, 0.00, 26.36, -79.16);
insert into SHOT_FLAG values(751, 'dpl');
insert into SURVEY values (1128, 1110, 'DistoX', 'DistoX.FullLRUD.WestPassage.UpperFlood', NULL);
 insert into CENTRELINE values (1129, 1128, NULL, NULL, NULL, 0.00, 0.00, 0.00);
 insert into CENTRELINE values (1130, 1128, NULL, '2009-05-29', NULL, 346.52, 0.00, 0.00);
 insert into TOPO values (4, 1130);
 insert into PERSON values (17, 'Ray', 'Deasy');
insert into TOPO values (17, 1130);
 insert into TOPO values (11, 1130);
 insert into SHOT values (752, 821, 822, 1130, 4.42, 285.69, -41.65, 4.42, 285.64, -41.68, 0.00, 149.10, 1.14);
insert into SHOT values (753, 821, 823, 1130, 1.30, 85.71, 0.88, 1.29, 86.01, 0.89, 0.01, 204.87, 0.60);
insert into SHOT values (754, 823, 824, 1130, 2.19, 132.15, 1.96, 2.20, 132.05, 2.09, 0.01, 80.22, 43.66);
insert into SHOT values (755, 824, 825, 1130, 3.07, 99.70, -7.95, 3.06, 99.68, -8.07, 0.01, 299.91, -59.01);
insert into SHOT values (756, 825, 826, 1130, 3.40, 339.79, -27.90, 3.40, 339.76, -27.88, 0.00, 273.81, 24.53);
insert into SHOT values (757, 826, 827, 1130, 1.92, 79.17, 8.44, 1.92, 79.10, 8.36, 0.00, 42.77, -28.20);
insert into SHOT values (758, 827, 828, 1130, 3.98, 95.96, -6.35, 3.98, 95.96, -6.35, 0.00, 288.20, -0.66);
insert into SHOT values (759, 827, 829, 1130, 7.58, 348.18, 4.51, 7.57, 348.15, 4.54, 0.01, 201.59, 29.99);
insert into SHOT values (760, 829, 830, 1130, 4.39, 329.71, 17.61, 4.40, 329.76, 17.61, 0.01, 2.20, 15.26);
insert into SHOT values (761, 829, 831, 1130, 2.10, 115.50, 5.22, 2.10, 115.46, 5.19, 0.00, 90.10, -15.98);
insert into SHOT values (762, 831, 832, 1130, 4.15, 352.39, -2.40, 4.16, 352.40, -2.34, 0.01, 354.27, 28.52);
insert into SHOT values (763, 832, 833, 1130, 6.86, 100.57, -0.88, 6.86, 100.59, -0.92, 0.01, 203.29, -67.40);
insert into SHOT values (764, 833, 834, 1130, 5.19, 91.29, -0.02, 5.19, 91.32, 0.00, 0.00, 223.75, 25.10);
insert into SHOT values (765, 834, 835, 1130, 5.99, 89.25, 0.17, 6.00, 89.24, 0.19, 0.01, 76.08, 15.95);
insert into SHOT values (766, 835, 836, 1130, 7.00, 81.09, -3.41, 7.00, 81.10, -3.44, 0.00, 154.81, -69.93);
insert into SHOT values (767, 836, 837, 1130, 2.99, 85.95, 0.29, 2.99, 85.97, 0.38, 0.01, 237.93, 69.92);
insert into SHOT values (768, 837, 838, 1130, 1.79, 88.04, -4.42, 1.79, 88.07, -4.49, 0.00, 250.94, -37.30);
insert into SHOT values (769, 838, 839, 1130, 4.75, 85.04, 5.16, 4.75, 85.03, 5.20, 0.00, 322.50, 59.40);
insert into SHOT values (770, 839, 840, 1130, 4.84, 84.15, 1.37, 4.85, 84.20, 1.30, 0.01, 142.24, -54.09);
insert into SHOT values (771, 840, 841, 1130, 2.76, 4.55, 24.59, 2.76, 4.57, 24.63, 0.00, 46.39, 63.48);
insert into SHOT values (772, 840, 842, 1130, 6.23, 85.76, -2.66, 6.22, 85.76, -2.67, 0.00, 277.46, -16.94);
insert into SHOT values (773, 842, 843, 1130, 3.92, 76.75, -2.85, 3.93, 76.74, -2.77, 0.01, 70.54, 37.97);
insert into SHOT values (774, 843, 844, 1130, 2.55, 90.74, 4.90, 2.55, 90.68, 4.73, 0.01, 303.96, -56.65);
insert into SHOT values (775, 844, 845, 1130, 5.40, 85.43, 1.67, 5.40, 85.43, 1.70, 0.00, 290.17, 77.03);
insert into SHOT values (776, 845, 846, 1130, 5.50, 85.09, -0.40, 5.51, 85.11, -0.42, 0.01, 99.40, -16.24);
insert into SHOT values (777, 846, 847, 1130, 4.00, 78.29, 3.43, 3.99, 78.27, 3.45, 0.01, 271.69, 5.86);
insert into SHOT values (778, 847, 848, 1130, 5.79, 86.84, -1.98, 5.79, 86.83, -1.98, 0.01, 76.09, -0.80);
insert into SHOT values (779, 848, 849, 1130, 4.45, 79.65, -2.65, 4.45, 79.63, -2.58, 0.01, 277.25, 40.51);
insert into SHOT values (780, 849, 850, 1130, 3.58, 84.52, -6.49, 3.58, 84.51, -6.58, 0.01, 76.82, -54.39);
insert into SHOT values (781, 849, 851, 1130, 3.00, 315.69, 3.04, 3.00, 315.68, 3.06, 0.01, 142.91, 6.91);
insert into SHOT values (782, 850, 852, 1130, 3.66, 313.67, 11.73, 3.66, 313.64, 11.84, 0.01, 204.52, 72.80);
insert into SHOT values (783, 850, 853, 1130, 5.33, 81.92, 9.71, 5.33, 82.01, 9.73, 0.01, 196.79, 5.71);
insert into SHOT values (784, 853, 854, 1130, 4.51, 72.16, 1.80, 4.52, 72.09, 1.77, 0.01, 39.12, -8.84);
insert into SHOT values (785, 854, 855, 1130, 6.45, 90.71, 6.86, 6.45, 90.72, 6.86, 0.01, 267.51, -6.96);
insert into SHOT values (786, 854, 856, 1130, 3.96, 114.47, -1.47, 3.96, 114.62, -1.45, 0.01, 213.19, 8.99);
insert into SHOT values (787, 856, 857, 1130, 3.60, 186.93, 14.68, 3.59, 186.94, 14.67, 0.01, 2.35, -18.76);
insert into SHOT values (788, 857, 858, 1130, 1.16, 165.58, 24.80, 1.17, 165.83, 24.76, 0.01, 204.96, 13.53);
insert into SHOT values (789, 858, 859, 1130, 4.74, 138.67, -3.63, 4.74, 138.60, -3.63, 0.01, 51.53, 2.12);
insert into SHOT values (790, 857, 860, 1130, 3.71, 96.96, 1.56, 3.71, 96.97, 1.70, 0.01, 108.35, 72.68);
insert into SHOT values (791, 860, 861, 1130, 7.85, 79.38, 1.20, 7.86, 79.36, 1.17, 0.01, 42.16, -43.73);
insert into SHOT values (792, 861, 862, 1130, 10.78, 104.91, 1.22, 10.78, 104.95, 1.22, 0.01, 192.97, 4.23);
insert into SHOT values (793, 862, 863, 1130, 1.83, 20.30, 5.59, 1.83, 20.22, 5.64, 0.00, 341.15, 26.19);
insert into SHOT values (794, 863, 864, 1130, 7.24, 99.49, -4.99, 7.24, 99.50, -4.99, 0.00, 172.76, -28.16);
insert into SHOT values (795, 863, 865, 1130, 3.12, 64.27, -11.04, 3.11, 64.19, -11.11, 0.01, 288.29, -26.02);
insert into SHOT values (796, 865, 866, 1130, 2.42, 324.08, 19.60, 2.41, 324.14, 19.64, 0.01, 131.88, -11.34);
insert into SHOT values (797, 866, 867, 1130, 1.12, 357.08, -3.79, 1.12, 356.93, -3.57, 0.01, 313.30, 44.09);
insert into SHOT values (798, 867, 868, 1130, 2.43, 296.25, -3.09, 2.42, 296.25, -3.08, 0.00, 119.67, 11.63);
insert into SHOT values (799, 868, 869, 1130, 2.72, 7.48, 3.58, 2.73, 7.39, 3.57, 0.01, 317.75, -0.88);
insert into SHOT values (800, 869, 870, 1130, 3.26, 268.51, 7.57, 3.26, 268.40, 7.58, 0.01, 201.69, 7.92);
insert into SHOT values (801, 869, 871, 1130, 4.16, 105.64, 30.33, 4.16, 105.66, 30.30, 0.00, 227.25, -64.56);
insert into SHOT values (802, 871, 783, 1130, 2.91, 66.41, 31.47, 2.91, 66.44, 31.54, 0.00, 233.87, 15.87);
insert into SHOT values (803, 783, 872, 1130, 5.31, 79.40, -17.67, 5.32, 79.42, -17.63, 0.00, 110.36, 42.35);
insert into SHOT values (804, 872, 873, 1130, 7.34, 90.58, 8.80, 7.35, 90.55, 8.77, 0.01, 60.69, -20.56);
insert into SHOT values (805, 873, 874, 1130, 7.01, 88.57, -4.91, 7.01, 88.60, -4.91, 0.00, 195.91, -1.33);
insert into SHOT values (806, 874, 875, 1130, 2.61, 8.71, 6.67, 2.62, 8.63, 6.58, 0.01, 336.64, -24.45);
insert into SHOT values (807, 875, 876, 1130, 6.51, 88.02, 0.95, 6.50, 88.06, 0.97, 0.01, 223.12, 18.59);
insert into SHOT values (808, 876, 877, 1130, 7.22, 93.92, 3.64, 7.22, 93.90, 3.65, 0.00, 350.07, 25.40);
insert into SHOT values (809, 877, 878, 1130, 7.45, 87.14, -0.51, 7.46, 87.16, -0.54, 0.01, 99.09, -23.00);
insert into SHOT values (810, 877, 879, 1130, 4.29, 337.30, 33.11, 4.28, 337.37, 33.12, 0.01, 124.98, -20.63);
insert into SHOT values (811, 877, 880, 1130, 3.53, 31.26, 9.30, 3.53, 31.27, 9.28, 0.00, 176.13, -44.23);
insert into SHOT values (812, 880, 881, 1130, 9.56, 82.65, -0.27, 9.57, 82.67, -0.30, 0.01, 117.19, -38.00);
insert into SHOT values (813, 881, 882, 1130, 8.92, 92.85, 1.15, 8.91, 92.83, 1.16, 0.01, 312.02, 10.50);
insert into SHOT values (814, 882, 883, 1130, 5.26, 115.92, 2.04, 5.26, 115.93, 2.07, 0.01, 125.21, 29.75);
insert into SHOT values (815, 883, 884, 1130, 3.19, 58.49, -10.45, 3.19, 58.44, -10.49, 0.00, 334.28, -36.41);
insert into SHOT values (816, 883, 885, 1130, 4.96, 22.12, -46.41, 4.97, 22.14, -46.45, 0.00, 148.83, -68.67);
insert into SHOT values (817, 884, 886, 1130, 9.97, 109.99, -4.37, 9.97, 110.00, -4.37, 0.00, 181.27, -14.62);
insert into SHOT values (818, 886, 887, 1130, 4.57, 81.42, -6.05, 4.58, 81.41, -6.02, 0.00, 61.75, 27.62);
insert into SHOT values (819, 887, 888, 1130, 2.30, 332.11, 26.72, 2.29, 332.06, 26.69, 0.01, 179.13, -37.47);
insert into SHOT values (820, 887, 889, 1130, 1.94, 71.23, 3.79, 1.94, 71.28, 3.85, 0.00, 204.09, 39.13);
insert into SHOT values (821, 889, 890, 1130, 2.21, 309.37, 20.16, 2.20, 309.31, 20.18, 0.00, 178.02, 1.16);
insert into SHOT values (822, 889, 891, 1130, 4.06, 73.30, 2.93, 4.06, 73.35, 2.97, 0.00, 178.65, 35.07);
insert into SHOT values (823, 889, 892, 1130, 1.48, 184.36, 12.39, 1.48, 184.37, 12.49, 0.00, 2.05, 31.47);
insert into SHOT values (824, 891, 893, 1130, 2.15, 84.05, 9.79, 2.14, 84.02, 9.68, 0.01, 280.32, -48.92);
insert into SHOT values (825, 893, 894, 1130, 3.07, 62.50, 37.17, 3.07, 62.49, 37.24, 0.01, 39.39, 78.61);
insert into SHOT values (826, 894, 895, 1130, 1.14, 315.87, 9.59, 1.14, 316.08, 9.59, 0.01, 353.19, 7.72);
insert into SHOT values (827, 895, 896, 1130, 6.21, 120.39, 28.52, 6.21, 120.37, 28.47, 0.01, 88.45, -47.60);
insert into SHOT values (828, 896, 897, 1130, 5.11, 110.88, 43.47, 5.11, 111.03, 43.52, 0.01, 223.55, 13.35);
insert into SHOT values (829, 897, 898, 1130, 0.98, 230.58, 43.60, 0.98, 230.71, 43.74, 0.00, 358.42, 46.40);
insert into SHOT values (830, 898, 899, 1130, 4.66, 127.35, 30.68, 4.66, 127.30, 30.58, 0.01, 77.62, -55.32);
insert into SHOT values (831, 899, 28, 1130, 1.47, 262.53, 60.07, 1.47, 262.97, 59.92, 0.01, 313.55, 2.99);
insert into SURVEY values (1262, 11, 'Neverland', 'Neverland.UpperFlood', 'Neverland');
 insert into CENTRELINE values (1263, 1262, NULL, NULL, NULL, 0.00, 0.00, 0.00);
 insert into CENTRELINE values (1264, 1262, NULL, '2007-02-03', NULL, 398.44, 0.00, 0.00);
 insert into TOPO values (15, 1264);
 insert into TOPO values (4, 1264);
 insert into TOPO values (8, 1264);
 insert into SHOT values (832, 30, 900, 1264, 0.55, 128.42, -44.00, 0.55, 128.88, -43.66, 0.00, 179.62, 26.46);
insert into SHOT values (833, 901, 900, 1264, 0.01, 238.42, -8.00, 0.01, 270.00, 0.00, 0.01, 343.22, 14.41);
insert into SHOT values (834, 900, 902, 1264, 7.06, 238.42, -8.00, 7.05, 238.40, -7.99, 0.01, 75.33, 21.04);
insert into SHOT values (835, 902, 903, 1264, 11.82, 271.42, 2.30, 11.82, 271.41, 2.28, 0.01, 146.62, -53.65);
insert into SHOT values (836, 903, 904, 1264, 4.11, 341.42, -8.00, 4.11, 341.39, -7.97, 0.01, 320.14, 13.82);
insert into SHOT values (837, 904, 905, 1264, 11.57, 279.42, 0.00, 11.57, 279.41, 0.00, 0.01, 132.65, 0.00);
insert into SHOT values (838, 905, 906, 1264, 8.47, 306.42, -0.50, 8.47, 306.41, -0.47, 0.01, 288.80, 39.07);
insert into SHOT values (839, 906, 907, 1264, 3.73, 289.42, 0.00, 3.73, 289.41, 0.00, 0.00, 265.12, 0.00);
insert into SHOT values (840, 907, 908, 1264, 5.40, 231.42, 0.50, 5.40, 231.39, 0.42, 0.01, 155.20, -67.70);
insert into SHOT values (841, 908, 909, 1264, 5.90, 291.42, 11.00, 5.90, 291.47, 11.04, 0.01, 17.72, 39.42);
insert into SHOT values (842, 909, 910, 1264, 3.86, 253.42, 1.00, 3.86, 253.30, 1.04, 0.01, 186.90, 16.72);
insert into SHOT values (843, 910, 911, 1264, 3.77, 190.42, 11.50, 3.77, 190.46, 11.48, 0.00, 331.56, -22.75);
insert into SHOT values (844, 911, 912, 1264, 10.60, 319.42, 41.00, 10.60, 319.46, 40.98, 0.01, 44.65, -36.44);
insert into SHOT values (845, 912, 913, 1264, 9.92, 331.42, 11.00, 9.92, 331.41, 11.04, 0.01, 233.30, 74.39);
insert into SHOT values (846, 913, 914, 1264, 2.44, 340.42, 17.00, 2.44, 340.48, 16.92, 0.00, 51.88, -53.53);
insert into SHOT values (847, 914, 915, 1264, 10.27, 352.42, 30.00, 10.26, 352.44, 29.99, 0.01, 153.14, -35.04);
insert into SHOT values (848, 914, 916, 1264, 8.99, 36.42, 13.00, 8.99, 36.41, 12.98, 0.00, 336.14, -58.83);
insert into SHOT values (849, 916, 917, 1264, 8.12, 4.42, 13.00, 8.11, 4.43, 13.04, 0.01, 178.26, 22.12);
insert into SHOT values (850, 917, 918, 1264, 2.32, 60.42, 7.00, 2.32, 60.32, 6.93, 0.01, 321.85, -33.15);
insert into SHOT values (851, 918, 919, 1264, 9.20, 87.42, 0.00, 9.20, 87.45, 0.00, 0.00, 189.27, 0.00);
insert into SHOT values (852, 911, 920, 1264, 2.37, 221.42, 12.50, 2.37, 221.49, 12.45, 0.01, 8.53, -29.92);
insert into SHOT values (853, 920, 921, 1264, 2.94, 160.42, -6.00, 2.95, 160.45, -6.04, 0.01, 178.49, -27.40);
insert into SHOT values (854, 921, 922, 1264, 14.16, 153.42, -22.00, 14.16, 153.40, -21.98, 0.01, 76.38, 38.03);
insert into SHOT values (855, 922, 923, 1264, 7.52, 178.42, 3.00, 7.52, 178.47, 2.97, 0.01, 245.89, -24.75);
insert into SHOT values (856, 922, 924, 1264, 3.94, 292.42, -20.00, 3.95, 292.35, -20.00, 0.01, 254.53, -17.49);
insert into SHOT values (857, 924, 925, 1264, 18.00, 270.42, -4.00, 17.99, 270.41, -3.98, 0.01, 105.98, 43.60);
insert into SHOT values (858, 925, 926, 1264, 2.93, 278.42, 2.00, 2.93, 278.43, 1.95, 0.00, 290.12, -32.32);
insert into SHOT values (859, 926, 927, 1264, 8.75, 268.42, -12.00, 8.74, 268.46, -12.01, 0.01, 42.76, -5.41);
insert into SHOT values (860, 927, 928, 1264, 9.60, 277.42, -3.00, 9.60, 277.37, -2.98, 0.01, 203.08, 15.47);
insert into SHOT values (861, 928, 929, 1264, 5.10, 259.42, 5.00, 5.09, 259.44, 4.95, 0.01, 56.07, -41.46);
insert into SHOT values (862, 929, 930, 1264, 17.63, 272.42, 11.50, 17.64, 272.42, 11.51, 0.01, 273.24, 28.81);
insert into SHOT values (863, 930, 931, 1264, 14.80, 254.42, 6.00, 14.79, 254.42, 5.98, 0.01, 68.06, -38.81);
insert into SHOT values (864, 931, 932, 1264, 2.80, 283.42, 0.00, 2.81, 283.39, 0.00, 0.01, 271.38, 0.00);
insert into SHOT values (865, 931, 933, 1264, 5.93, 283.42, 0.00, 5.93, 283.36, 0.00, 0.01, 197.00, 0.00);
insert into SHOT values (866, 933, 934, 1264, 4.22, 171.42, 62.00, 4.22, 171.54, 62.14, 0.01, 328.24, 20.52);
insert into SHOT values (867, 934, 935, 1264, 2.08, 281.42, -3.00, 2.07, 281.42, -3.04, 0.01, 101.94, -10.50);
insert into SHOT values (868, 935, 936, 1264, 3.21, 311.42, -41.00, 3.21, 311.32, -41.05, 0.01, 230.52, -43.22);
insert into SHOT values (869, 936, 937, 1264, 8.63, 270.42, 10.00, 8.63, 270.40, 10.01, 0.00, 210.18, 28.03);
insert into SHOT values (870, 937, 938, 1264, 11.54, 326.42, 20.50, 11.54, 326.43, 20.49, 0.01, 343.14, -15.83);
insert into SHOT values (871, 938, 939, 1264, 1.96, 280.42, -12.00, 1.95, 280.25, -11.83, 0.01, 140.54, 40.67);
insert into SHOT values (872, 939, 940, 1264, 2.57, 352.42, -37.00, 2.58, 352.46, -36.99, 0.01, 7.80, -31.27);
insert into SHOT values (873, 940, 941, 1264, 10.93, 327.42, -34.00, 10.93, 327.40, -34.00, 0.01, 186.84, 19.70);
insert into SHOT values (874, 941, 942, 1264, 13.10, 349.42, -0.50, 13.10, 349.40, -0.52, 0.01, 303.53, -44.48);
insert into SHOT values (875, 942, 943, 1264, 7.07, 346.42, -20.00, 7.07, 346.42, -19.93, 0.01, 358.43, 75.37);
insert into SHOT values (876, 943, 944, 1264, 6.70, 254.42, 0.00, 6.70, 254.41, 0.00, 0.00, 97.31, 0.00);
insert into SHOT values (877, 943, 945, 1264, 9.80, 346.42, 45.00, 9.80, 346.47, 45.03, 0.01, 129.79, 2.19);
insert into SHOT values (878, 943, 946, 1264, 18.03, 292.42, 9.00, 18.03, 292.42, 9.00, 0.00, 133.36, -10.75);
insert into SHOT values (879, 946, 947, 1264, 4.25, 343.42, -2.00, 4.25, 343.44, -2.02, 0.00, 111.98, -37.66);
insert into SHOT values (880, 947, 948, 1264, 9.50, 212.42, -20.00, 9.50, 212.46, -20.01, 0.01, 325.00, -6.61);
insert into SHOT values (881, 947, 949, 1264, 11.50, 280.42, 9.00, 11.50, 280.45, 9.00, 0.01, 10.92, 9.83);
insert into SHOT values (882, 949, 950, 1264, 10.29, 268.42, 0.50, 10.29, 268.39, 0.50, 0.01, 214.39, 1.53);
insert into SHOT values (883, 950, 951, 1264, 12.72, 144.42, -7.00, 12.72, 144.41, -7.00, 0.00, 114.32, 2.23);
insert into SHOT values (884, 951, 32, 1264, 5.76, 212.42, 7.00, 5.76, 212.49, 6.98, 0.01, 320.47, -14.17);
insert into SURVEY values (1341, 11, 'NeverlandRopeClimb', 'NeverlandRopeClimb.UpperFlood', 'Neverland Rope Climb');
 insert into CENTRELINE values (1342, 1341, NULL, NULL, NULL, 0.00, 0.00, 0.00);
 insert into CENTRELINE values (1343, 1341, NULL, '2007-08-04', NULL, 302.34, 0.00, 28.77);
 insert into TOPO values (4, 1343);
 insert into TOPO values (9, 1343);
 insert into TOPO values (11, 1343);
 insert into SHOT values (885, 952, 953, 1343, 10.29, 268.42, 0.50, 10.29, 268.39, 0.50, 0.01, 214.39, 1.53);
insert into SHOT_FLAG values(885, 'dpl');
insert into SHOT values (886, 953, 954, 1343, 12.72, 144.42, -7.00, 12.72, 144.41, -7.00, 0.00, 114.32, 2.23);
insert into SHOT_FLAG values(886, 'dpl');
insert into SHOT values (887, 954, 31, 1343, 5.76, 212.42, 7.00, 5.76, 212.49, 6.98, 0.01, 320.47, -14.17);
insert into SHOT_FLAG values(887, 'dpl');
insert into SHOT values (888, 31, 955, 1343, 1.46, 159.42, 18.00, 1.46, 159.35, 17.95, 0.00, 92.14, -31.40);
insert into SHOT values (889, 31, 956, 1343, 4.25, 304.42, -1.00, 4.30, 304.10, -1.47, 0.07, 278.36, -32.97);
insert into SHOT values (890, 956, 957, 1343, 4.84, 323.42, -25.00, 4.89, 323.00, -25.31, 0.06, 279.29, -43.77);
insert into SHOT values (891, 957, 958, 1343, 3.49, 32.42, 28.00, 3.49, 32.40, 28.04, 0.00, 239.49, 32.96);
insert into SHOT values (892, 957, 959, 1343, 3.30, 299.42, -23.00, 3.30, 299.35, -22.99, 0.00, 242.39, -7.30);
insert into SHOT values (893, 957, 960, 1343, 0.01, 218.42, -12.00, 0.07, 231.34, -25.10, 0.06, 233.64, -27.11);
insert into SHOT values (894, 960, 961, 1343, 6.07, 218.42, -12.00, 6.12, 218.82, -12.35, 0.08, 262.25, -38.20);
insert into SHOT values (895, 961, 962, 1343, 3.50, 200.42, -18.00, 3.54, 200.92, -18.43, 0.06, 242.07, -41.33);
insert into SHOT values (896, 962, 963, 1343, 4.89, 133.42, -11.00, 4.85, 133.81, -11.54, 0.07, 279.39, -32.82);
insert into SHOT values (897, 963, 964, 1343, 3.52, 96.42, -4.00, 3.46, 96.49, -4.64, 0.07, 272.54, -30.09);
insert into SHOT values (898, 964, 965, 1343, 4.22, 26.42, 21.00, 4.17, 25.97, 20.63, 0.06, 247.01, -42.19);
insert into SHOT values (899, 965, 966, 1343, 6.05, 40.42, 54.00, 5.99, 40.04, 54.08, 0.07, 249.27, -42.34);
insert into SHOT values (900, 31, 966, 1343, 0.84, 326.42, 28.00, 0.84, 327.83, 29.24, 0.03, 84.07, 37.58);
insert into SHOT values (901, 965, 967, 1343, 2.98, 138.42, -27.00, 2.95, 139.16, -27.00, 0.04, 264.81, 16.94);
insert into SHOT values (902, 967, 968, 1343, 5.23, 65.42, 6.00, 5.14, 65.24, 6.03, 0.09, 255.33, -4.11);
insert into SHOT values (903, 968, 969, 1343, 3.60, 128.42, -3.00, 3.60, 128.34, -3.03, 0.01, 39.59, -16.84);
insert into SHOT values (904, 969, 970, 1343, 6.15, 48.42, 1.00, 6.15, 48.43, 1.02, 0.00, 160.95, 69.98);
insert into SHOT values (905, 970, 971, 1343, 6.65, 122.42, -2.00, 6.65, 122.40, -1.98, 0.00, 357.79, 34.42);
insert into SHOT values (906, 971, 972, 1343, 8.40, 131.42, -12.00, 8.40, 131.45, -12.02, 0.01, 197.68, -38.65);
insert into SHOT values (907, 968, 973, 1343, 4.26, 291.42, -3.00, 4.33, 290.99, -3.04, 0.08, 267.39, -5.05);
insert into SHOT values (908, 973, 974, 1343, 3.20, 58.42, 7.00, 3.20, 58.51, 7.00, 0.01, 128.20, 0.19);
insert into SHOT values (909, 973, 965, 1343, 2.98, 233.42, 20.00, 3.06, 233.77, 19.70, 0.08, 246.38, 7.89);
insert into SHOT values (910, 965, 975, 1343, 7.95, 192.42, 5.00, 7.96, 192.39, 5.05, 0.01, 149.10, 47.48);
insert into SHOT values (911, 963, 976, 1343, 4.94, 258.42, -6.00, 4.94, 258.37, -6.04, 0.01, 142.27, -37.09);
insert into SHOT values (912, 976, 977, 1343, 0.25, 347.42, 0.00, 0.25, 348.23, 0.00, 0.01, 131.93, 0.00);
insert into SHOT values (913, 977, 978, 1343, 4.61, 278.42, 4.00, 4.61, 278.50, 3.98, 0.01, 353.11, -13.33);
insert into SHOT values (914, 978, 979, 1343, 4.42, 289.42, 17.00, 4.42, 289.33, 16.97, 0.01, 213.83, -19.38);
insert into SHOT values (915, 979, 980, 1343, 7.90, 296.42, 0.00, 7.90, 296.47, 0.00, 0.01, 44.91, 0.00);
insert into SHOT values (916, 980, 981, 1343, 11.19, 278.42, 1.00, 11.19, 278.43, 1.02, 0.01, 306.74, 58.63);
insert into SHOT values (917, 981, 982, 1343, 11.36, 295.42, 1.00, 11.36, 295.39, 1.01, 0.01, 193.94, 16.95);
insert into SHOT values (918, 982, 983, 1343, 6.60, 252.42, -8.00, 6.60, 252.45, -8.01, 0.00, 7.38, -19.66);
insert into SHOT values (919, 983, 984, 1343, 10.89, 278.42, 13.00, 10.89, 278.40, 13.00, 0.01, 222.99, 3.17);
insert into SHOT values (920, 984, 985, 1343, 5.78, 306.42, 13.00, 5.78, 306.48, 12.99, 0.01, 16.46, -1.87);
insert into SHOT values (921, 984, 986, 1343, 3.44, 267.42, 80.00, 3.44, 268.06, 80.12, 0.01, 44.39, 13.20);
insert into SHOT values (922, 986, 987, 1343, 4.49, 254.42, 44.00, 4.49, 254.42, 43.84, 0.01, 254.09, -44.45);
insert into SHOT values (923, 987, 988, 1343, 16.00, 137.42, 60.00, 16.01, 137.38, 59.99, 0.01, 84.60, 26.91);
insert into SHOT values (924, 987, 989, 1343, 9.30, 295.42, 24.00, 9.30, 295.39, 24.06, 0.01, 153.50, 43.63);
insert into SHOT values (925, 987, 990, 1343, 4.16, 340.42, -28.00, 4.16, 340.43, -27.97, 0.00, 125.68, 69.19);
insert into SHOT values (926, 990, 991, 1343, 3.11, 354.42, -38.00, 3.11, 354.62, -37.93, 0.01, 83.81, 29.43);
insert into SHOT values (927, 991, 992, 1343, 0.01, 354.42, -38.00, 0.02, 315.00, -35.26, 0.01, 283.15, -22.06);
insert into SHOT values (928, 992, 993, 1343, 5.59, 6.42, -23.00, 5.59, 6.48, -22.97, 0.01, 125.87, 36.19);
insert into SHOT values (929, 993, 994, 1343, 5.56, 347.42, -15.00, 5.56, 347.41, -15.01, 0.00, 189.86, -30.50);
insert into SHOT values (930, 994, 995, 1343, 3.56, 29.42, 26.00, 3.56, 29.37, 25.98, 0.00, 329.48, -10.06);
insert into SHOT values (931, 995, 996, 1343, 9.80, 81.42, 63.00, 9.80, 81.47, 62.99, 0.00, 169.68, -25.98);
insert into SHOT values (932, 994, 997, 1343, 6.31, 240.42, -20.00, 6.31, 240.41, -20.00, 0.00, 228.17, -22.45);
insert into SHOT values (933, 997, 998, 1343, 3.43, 272.42, -3.00, 3.43, 272.51, -3.01, 0.01, 22.69, -4.79);
insert into SHOT values (934, 998, 999, 1343, 5.81, 282.42, 3.00, 5.80, 282.45, 2.96, 0.01, 71.28, -31.66);
insert into SHOT values (935, 999, 1000, 1343, 14.04, 283.42, 4.00, 14.05, 283.41, 4.00, 0.01, 265.08, 5.32);
insert into SHOT values (936, 1000, 1001, 1343, 6.31, 258.42, 17.00, 6.31, 258.43, 17.05, 0.01, 48.32, 69.19);
insert into SHOT values (937, 1001, 1002, 1343, 16.86, 307.42, 25.00, 16.86, 307.39, 24.98, 0.01, 219.90, -38.51);
insert into SHOT values (938, 1001, 1003, 1343, 13.50, 123.42, 47.00, 13.50, 123.48, 46.99, 0.01, 207.22, -17.83);
insert into SHOT values (939, 1001, 1004, 1343, 5.28, 276.42, 23.00, 5.28, 276.38, 22.97, 0.00, 183.53, -41.48);
insert into SURVEY values (1457, 11, 'Geo_Surface', 'Geo_Surface.UpperFlood', NULL);
 insert into CENTRELINE values (1458, 1457, NULL, NULL, NULL, 0.00, 0.00, 0.00);
 insert into STATION values (1, 'Entrance', 166, 50570.60, 55766.60, 237.49);
insert into STATION_FLAG values(1, 'fix');
insert into STATION values (2, '16', 170, 50620.03, 55745.59, 221.52);
insert into STATION values (3, 'R6', 166, 50620.03, 55745.59, 221.52);
insert into STATION values (4, '13', 332, 50620.03, 55745.59, 221.52);
insert into STATION values (5, '1', 312, 50698.40, 55700.68, 212.59);
insert into STATION values (6, 'M2', 166, 50698.40, 55700.68, 212.59);
insert into STATION values (7, 'RA2', 336, 50627.64, 55624.67, 205.17);
insert into STATION values (8, 'RA2', 166, 50627.64, 55624.67, 205.17);
insert into STATION values (9, '1', 415, 50635.25, 55576.21, 195.49);
insert into STATION values (10, '14', 336, 50635.25, 55576.21, 195.49);
insert into STATION values (11, '1', 554, 50646.81, 55541.72, 183.51);
insert into STATION values (12, '39', 415, 50646.81, 55541.72, 183.51);
insert into STATION values (13, 'FFMW54', 717, 50589.63, 55435.99, 167.42);
insert into STATION values (14, '54', 558, 50589.63, 55435.99, 167.42);
insert into STATION values (15, '2a', 717, 50599.47, 55432.71, 159.88);
insert into STATION values (16, '53', 558, 50599.47, 55432.71, 159.88);
insert into STATION values (17, 's22', 755, 50737.34, 55351.31, 132.46);
insert into STATION values (18, '22', 558, 50737.34, 55351.31, 132.46);
insert into STATION values (19, 'CH1', 796, 50767.81, 55318.23, 129.76);
insert into STATION values (20, '15', 558, 50767.81, 55318.23, 129.76);
insert into STATION values (21, 'MW9', 811, 50796.25, 55288.92, 121.43);
insert into STATION values (22, '9', 558, 50796.25, 55288.92, 121.43);
insert into STATION values (23, 'd7', 917, 50780.44, 55224.27, 128.41);
insert into STATION values (24, '36', 811, 50780.44, 55224.27, 128.41);
insert into STATION values (25, '1', 961, 50780.44, 55224.27, 128.41);
insert into STATION values (26, 'd8', 1106, 50777.91, 55212.80, 132.69);
insert into STATION values (27, 'd8', 917, 50777.91, 55212.80, 132.69);
insert into STATION values (28, '2.78', 1128, 50772.68, 55217.15, 129.13);
insert into STATION values (29, '42', 811, 50772.68, 55217.15, 129.13);
insert into STATION values (30, 'N1', 1262, 50772.68, 55217.15, 129.13);
insert into STATION values (31, '1', 1341, 50575.10, 55239.54, 125.34);
insert into STATION values (32, 'N41', 1262, 50575.10, 55239.54, 125.34);
insert into STATION values (33, '1', 59, 50500.00, 55800.00, 230.00);
insert into STATION_FLAG values(33, 'fix');
insert into STATION values (34, '2', 59, 51000.00, 55100.00, 230.00);
insert into STATION_FLAG values(34, 'fix');
insert into STATION values (35, '3', 59, 50500.00, 55800.00, 230.00);
insert into STATION_FLAG values(35, 'fix');
insert into STATION values (36, '4', 59, 51000.00, 55100.00, 230.00);
insert into STATION_FLAG values(36, 'fix');
insert into STATION values (37, 'Grid31', 59, 50540.00, 55700.00, 236.60);
insert into STATION_FLAG values(37, 'fix');
insert into STATION values (38, 'Grid32', 59, 50620.00, 55620.00, 236.60);
insert into STATION_FLAG values(38, 'fix');
insert into STATION values (39, 'Half-Penny', 59, 50697.00, 55388.00, 250.00);
insert into STATION_FLAG values(39, 'fix');
insert into STATION values (40, 'BARWELL', 59, 50705.00, 55403.00, 267.90);
insert into STATION_FLAG values(40, 'fix');
insert into STATION values (41, 'BLACKMOOR', 59, 50550.00, 55500.00, 240.00);
insert into STATION_FLAG values(41, 'fix');
insert into STATION values (42, 'CHARNEL', 59, 50731.00, 55279.00, 262.60);
insert into STATION_FLAG values(42, 'fix');
insert into STATION values (43, 'CharnelShaft', 59, 50730.50, 55275.50, 250.00);
insert into STATION_FLAG values(43, 'fix');
insert into STATION values (44, 'GREBE', 59, 50440.00, 55500.00, 250.00);
insert into STATION_FLAG values(44, 'fix');
insert into STATION values (45, 'HALF', 59, 50703.00, 55396.00, 259.70);
insert into STATION_FLAG values(45, 'fix');
insert into STATION values (46, 'LAMP', 59, 50656.00, 55400.00, 260.20);
insert into STATION_FLAG values(46, 'fix');
insert into STATION values (47, 'M_M', 59, 50640.00, 55415.00, 262.60);
insert into STATION_FLAG values(47, 'fix');
insert into STATION values (48, 'OIL', 59, 50766.00, 55428.00, 260.40);
insert into STATION_FLAG values(48, 'fix');
insert into STATION values (49, 'RING', 59, 50981.00, 55250.00, 257.80);
insert into STATION_FLAG values(49, 'fix');
insert into STATION values (50, 'RMN_RAKE', 59, 50423.00, 55988.00, 247.20);
insert into STATION_FLAG values(50, 'fix');
insert into STATION values (51, 'RUIN', 59, 50622.00, 55988.00, 247.20);
insert into STATION_FLAG values(51, 'fix');
insert into STATION values (52, 'SYCAMORE', 59, 50992.00, 55327.00, 262.80);
insert into STATION_FLAG values(52, 'fix');
insert into STATION values (53, 'WATERWHEEL', 59, 50480.00, 55640.00, 234.90);
insert into STATION_FLAG values(53, 'fix');
insert into STATION values (54, 'WaterSink', 59, 50515.00, 55700.00, 235.00);
insert into STATION_FLAG values(54, 'fix');
insert into STATION values (55, 'L', 93, 50800.00, 55600.00, 230.00);
insert into STATION_FLAG values(55, 'fix');
insert into STATION values (56, 'R', 93, 50900.00, 55600.00, 230.00);
insert into STATION_FLAG values(56, 'fix');
insert into STATION values (57, 'N', 93, 50900.00, 55610.00, 230.00);
insert into STATION_FLAG values(57, 'fix');
insert into STATION values (58, 'Grid_05_08', 107, 50500.00, 55800.00, 236.60);
insert into STATION_FLAG values(58, 'fix');
insert into STATION values (59, 'Grid_05_07', 107, 50500.00, 55700.00, 236.60);
insert into STATION_FLAG values(59, 'fix');
insert into STATION values (60, 'Grid_05_06', 107, 50500.00, 55600.00, 236.60);
insert into STATION_FLAG values(60, 'fix');
insert into STATION values (61, 'Grid_05_05', 107, 50500.00, 55500.00, 236.60);
insert into STATION_FLAG values(61, 'fix');
insert into STATION values (62, 'Grid_05_04', 107, 50500.00, 55400.00, 236.60);
insert into STATION_FLAG values(62, 'fix');
insert into STATION values (63, 'Grid_05_03', 107, 50500.00, 55300.00, 236.60);
insert into STATION_FLAG values(63, 'fix');
insert into STATION values (64, 'Grid_05_02', 107, 50500.00, 55200.00, 236.60);
insert into STATION_FLAG values(64, 'fix');
insert into STATION values (65, 'Grid_05_01', 107, 50500.00, 55100.00, 236.60);
insert into STATION_FLAG values(65, 'fix');
insert into STATION values (66, 'Grid_06_01', 107, 50600.00, 55100.00, 236.60);
insert into STATION_FLAG values(66, 'fix');
insert into STATION values (67, 'Grid_07_01', 107, 50700.00, 55100.00, 236.60);
insert into STATION_FLAG values(67, 'fix');
insert into STATION values (68, 'Grid_08_01', 107, 50800.00, 55100.00, 236.60);
insert into STATION_FLAG values(68, 'fix');
insert into STATION values (69, 'Grid_09_01', 107, 50900.00, 55100.00, 236.60);
insert into STATION_FLAG values(69, 'fix');
insert into STATION values (70, 'Grid_10_01', 107, 51000.00, 55100.00, 236.60);
insert into STATION_FLAG values(70, 'fix');
insert into STATION values (71, 'E0', 166, 50570.60, 55766.60, 234.24);
insert into STATION values (72, 'E1', 166, 50571.41, 55765.89, 234.24);
insert into STATION values (73, 'E2', 166, 50573.23, 55763.84, 233.99);
insert into STATION values (74, 'E3', 166, 50575.11, 55763.30, 228.24);
insert into STATION values (75, 'E4', 166, 50581.70, 55763.82, 228.24);
insert into STATION values (76, 'L0', 166, 50582.50, 55764.42, 225.64);
insert into STATION values (77, 'L1', 166, 50575.11, 55772.16, 226.90);
insert into STATION values (78, 'L2', 166, 50576.23, 55775.59, 226.90);
insert into STATION values (79, 'L3', 166, 50578.33, 55775.12, 228.39);
insert into STATION values (80, 'L4', 166, 50578.75, 55780.18, 228.39);
insert into STATION values (81, 'L5', 166, 50580.98, 55780.10, 227.85);
insert into STATION values (82, 'L6', 166, 50581.97, 55781.91, 227.47);
insert into STATION values (83, 'L7', 166, 50579.61, 55787.77, 228.34);
insert into STATION values (84, 'L1a', 166, 50569.73, 55774.46, 229.32);
insert into STATION values (85, 'L1b', 166, 50567.42, 55776.02, 231.90);
insert into STATION values (86, 'R1', 166, 50595.98, 55762.31, 224.40);
insert into STATION values (87, 'R2', 166, 50602.86, 55761.66, 223.77);
insert into STATION values (88, 'R3', 166, 50611.28, 55758.17, 222.94);
insert into STATION values (89, 'R4', 166, 50616.06, 55753.53, 222.33);
insert into STATION values (90, 'R5', 166, 50618.86, 55749.36, 221.87);
insert into STATION values (91, 'R7', 166, 50616.52, 55742.34, 221.08);
insert into STATION values (92, 'R8', 166, 50614.55, 55736.64, 220.53);
insert into STATION values (93, 'R9', 166, 50623.80, 55730.37, 219.51);
insert into STATION values (94, 'R10', 166, 50629.81, 55723.86, 218.71);
insert into STATION values (95, 'R11', 166, 50636.35, 55720.48, 218.04);
insert into STATION values (96, 'R12', 166, 50643.50, 55718.43, 217.36);
insert into STATION values (97, 'R13', 166, 50655.38, 55715.78, 216.25);
insert into STATION values (98, 'R14', 166, 50664.19, 55715.78, 215.45);
insert into STATION values (99, 'R15', 166, 50675.80, 55713.52, 214.38);
insert into STATION values (100, 'R16', 166, 50695.26, 55713.18, 212.60);
insert into STATION values (101, 'R17', 166, 50697.84, 55713.04, 213.16);
insert into STATION values (102, 'R18', 166, 50699.52, 55710.74, 213.78);
insert into STATION values (103, 'R19', 166, 50700.84, 55704.99, 215.05);
insert into STATION values (104, 'M3', 166, 50704.87, 55697.19, 212.35);
insert into STATION values (105, 'M4', 166, 50705.53, 55692.99, 212.21);
insert into STATION values (106, 'M5', 166, 50706.77, 55684.52, 211.93);
insert into STATION values (107, 'M6', 166, 50708.10, 55679.00, 211.74);
insert into STATION values (108, 'M7', 166, 50709.40, 55674.20, 211.57);
insert into STATION values (109, 'M8', 166, 50708.35, 55661.71, 211.16);
insert into STATION values (110, 'M9', 166, 50695.75, 55662.10, 210.74);
insert into STATION values (111, 'M10', 166, 50672.52, 55656.14, 209.94);
insert into STATION values (112, 'M11', 166, 50669.73, 55652.59, 209.79);
insert into STATION values (113, 'M12', 166, 50667.63, 55651.19, 209.71);
insert into STATION values (114, 'M13', 166, 50662.68, 55648.22, 209.52);
insert into STATION values (115, 'M14', 166, 50666.24, 55637.07, 209.13);
insert into STATION values (116, 'M15', 166, 50668.48, 55630.71, 208.91);
insert into STATION values (117, 'M16', 166, 50668.60, 55626.51, 208.78);
insert into STATION values (118, 'B1', 166, 50662.77, 55630.56, 210.91);
insert into STATION values (119, 'B2', 166, 50654.29, 55632.66, 211.42);
insert into STATION values (120, 'B3', 166, 50646.79, 55631.15, 210.67);
insert into STATION values (121, 'B4', 166, 50645.48, 55631.58, 210.92);
insert into STATION values (122, 'B5', 166, 50642.45, 55632.35, 211.42);
insert into STATION values (123, 'B6', 166, 50624.96, 55638.34, 208.92);
insert into STATION values (124, 'B7', 166, 50622.21, 55637.17, 206.42);
insert into STATION values (125, 'B8', 166, 50619.89, 55636.06, 208.67);
insert into STATION values (126, 'B9', 166, 50617.16, 55637.26, 205.42);
insert into STATION values (127, 'C1', 166, 50614.08, 55635.79, 205.29);
insert into STATION values (128, 'C2', 166, 50626.77, 55624.45, 205.17);
insert into STATION values (129, 'BS1', 166, 50602.13, 55648.04, 205.41);
insert into STATION values (130, 'BS2', 166, 50581.65, 55670.55, 211.93);
insert into STATION values (131, 'BS3', 166, 50578.13, 55672.47, 212.90);
insert into STATION values (132, 'BS4', 166, 50571.01, 55675.76, 214.78);
insert into STATION values (133, 'BS5', 166, 50560.15, 55678.87, 217.49);
insert into STATION values (134, 'BS6', 166, 50555.20, 55679.61, 218.69);
insert into STATION values (135, 'BS7', 166, 50554.40, 55683.37, 225.95);
insert into STATION values (136, 'BS8', 166, 50548.24, 55685.44, 225.95);
insert into STATION values (137, 'BS9', 166, 50548.20, 55693.36, 235.45);
insert into STATION values (138, 'BS10', 166, 50539.22, 55696.21, 235.95);
insert into STATION values (139, '1', 170, 50571.73, 55766.48, 239.17);
insert into STATION values (140, '2', 170, 50571.73, 55766.48, 236.30);
insert into STATION values (141, '3', 170, 50573.74, 55762.94, 235.13);
insert into STATION values (142, '4', 170, 50573.74, 55762.94, 232.93);
insert into STATION values (143, '5', 170, 50578.28, 55763.06, 229.75);
insert into STATION values (144, '6', 170, 50583.53, 55763.57, 228.92);
insert into STATION values (145, '7', 170, 50583.67, 55765.45, 227.50);
insert into STATION values (146, 'a1', 170, 50581.39, 55765.62, 227.10);
insert into STATION values (147, '8', 170, 50593.74, 55763.60, 226.25);
insert into STATION values (148, '9', 170, 50601.06, 55761.98, 225.99);
insert into STATION values (149, '10', 170, 50607.56, 55760.19, 224.55);
insert into STATION values (150, '11', 170, 50608.46, 55759.86, 224.86);
insert into STATION values (151, '12', 170, 50613.83, 55756.04, 224.17);
insert into STATION values (152, '13', 170, 50617.38, 55751.89, 222.60);
insert into STATION values (153, '14', 170, 50619.12, 55749.37, 221.67);
insert into STATION values (154, '15', 170, 50619.71, 55747.93, 221.56);
insert into STATION values (155, '17', 170, 50616.28, 55741.90, 221.52);
insert into STATION values (156, '18', 170, 50615.03, 55737.04, 221.34);
insert into STATION values (157, '19', 170, 50615.58, 55736.31, 221.24);
insert into STATION values (158, '20', 170, 50623.15, 55730.92, 220.76);
insert into STATION values (159, '21', 170, 50623.15, 55730.92, 221.01);
insert into STATION values (160, '22', 170, 50627.80, 55728.40, 220.82);
insert into STATION values (161, '23', 170, 50631.22, 55724.93, 220.31);
insert into STATION values (162, '24', 170, 50637.94, 55720.16, 219.88);
insert into STATION values (163, '25', 170, 50643.34, 55717.47, 219.88);
insert into STATION values (164, '26', 170, 50654.03, 55713.70, 217.26);
insert into STATION values (165, '27', 170, 50654.03, 55713.70, 217.51);
insert into STATION values (166, '28', 170, 50657.62, 55713.17, 217.00);
insert into STATION values (167, '29', 170, 50664.74, 55710.80, 215.13);
insert into STATION values (168, '30', 170, 50664.74, 55710.80, 215.38);
insert into STATION values (169, '31', 170, 50674.01, 55708.93, 214.05);
insert into STATION values (170, '2', 312, 50704.65, 55696.78, 210.20);
insert into STATION values (171, '3', 312, 50705.51, 55693.19, 209.66);
insert into STATION values (172, '4', 312, 50707.29, 55684.47, 208.06);
insert into STATION values (173, '5', 312, 50707.17, 55679.62, 208.48);
insert into STATION values (174, '6', 312, 50709.71, 55672.06, 208.34);
insert into STATION values (175, '7', 312, 50708.41, 55669.07, 208.63);
insert into STATION values (176, '8', 312, 50708.63, 55661.17, 208.21);
insert into STATION values (177, '9', 312, 50705.34, 55660.55, 208.36);
insert into STATION values (178, '10', 312, 50697.25, 55662.34, 208.22);
insert into STATION values (179, '11', 312, 50687.29, 55661.01, 207.87);
insert into STATION values (180, '12', 312, 50683.44, 55658.11, 208.12);
insert into STATION values (181, '1', 332, 50569.92, 55765.45, 235.13);
insert into STATION values (182, '2', 332, 50572.17, 55761.79, 234.41);
insert into STATION values (183, '2a', 332, 50568.95, 55761.59, 234.98);
insert into STATION values (184, '3', 332, 50572.17, 55761.79, 231.64);
insert into STATION values (185, '4', 332, 50575.18, 55761.77, 229.61);
insert into STATION values (186, '5', 332, 50582.23, 55762.33, 227.98);
insert into STATION values (187, '6', 332, 50582.63, 55763.99, 227.03);
insert into STATION values (188, '7', 332, 50591.13, 55762.73, 225.82);
insert into STATION values (189, '8', 332, 50597.21, 55762.25, 225.82);
insert into STATION values (190, '9', 332, 50607.13, 55759.88, 224.75);
insert into STATION values (191, '10', 332, 50608.73, 55759.32, 224.72);
insert into STATION values (192, '11', 332, 50614.77, 55753.59, 223.55);
insert into STATION values (193, '12', 332, 50618.30, 55749.74, 221.75);
insert into STATION values (194, '14', 332, 50615.83, 55741.32, 221.20);
insert into STATION values (195, '15', 332, 50614.86, 55736.53, 221.12);
insert into STATION values (196, '15a', 332, 50617.82, 55740.25, 223.23);
insert into STATION values (197, '16', 332, 50624.34, 55730.03, 221.12);
insert into STATION values (198, '17', 332, 50628.82, 55727.80, 221.03);
insert into STATION values (199, '18', 332, 50632.22, 55724.35, 220.43);
insert into STATION values (200, '19', 332, 50638.65, 55721.01, 220.43);
insert into STATION values (201, '20', 332, 50645.30, 55719.42, 219.96);
insert into STATION values (202, '21', 332, 50657.35, 55715.86, 217.51);
insert into STATION values (203, '22', 332, 50659.81, 55715.97, 217.08);
insert into STATION values (204, '23', 332, 50664.19, 55714.59, 215.85);
insert into STATION values (205, '24', 332, 50674.36, 55712.72, 214.40);
insert into STATION values (206, '25', 332, 50678.26, 55712.69, 214.26);
insert into STATION values (207, '26', 332, 50691.64, 55710.70, 213.55);
insert into STATION values (208, '27', 332, 50695.90, 55711.96, 213.47);
insert into STATION values (209, 'rr1', 336, 50630.43, 55611.93, 204.80);
insert into STATION values (210, 'RA1', 336, 50627.45, 55616.78, 204.90);
insert into STATION values (211, 'rr2', 336, 50632.77, 55603.54, 205.10);
insert into STATION values (212, 'r1a', 336, 50626.12, 55601.38, 201.17);
insert into STATION values (213, 'r1', 336, 50626.13, 55601.38, 201.17);
insert into STATION values (214, 'r2', 336, 50627.51, 55601.20, 201.17);
insert into STATION values (215, 'r3', 336, 50629.18, 55602.26, 203.07);
insert into STATION values (216, 'r4', 336, 50632.77, 55603.54, 205.10);
insert into STATION values (217, 'r5', 336, 50630.88, 55597.87, 203.33);
insert into STATION values (218, 'r6', 336, 50631.26, 55596.60, 203.33);
insert into STATION values (219, 'r7', 336, 50629.52, 55595.00, 202.42);
insert into STATION values (220, 'r8', 336, 50628.46, 55593.40, 204.04);
insert into STATION values (221, 'r9', 336, 50628.61, 55594.83, 202.49);
insert into STATION values (222, 'r10', 336, 50626.72, 55594.88, 201.26);
insert into STATION values (223, 'r11', 336, 50625.90, 55595.04, 200.19);
insert into STATION values (224, 'r12', 336, 50625.73, 55595.50, 199.72);
insert into STATION values (225, 'r13', 336, 50624.56, 55594.46, 198.50);
insert into STATION values (226, 'r13a', 336, 50623.87, 55594.02, 198.35);
insert into STATION values (227, 'r13b', 336, 50623.33, 55594.86, 198.35);
insert into STATION values (228, 'r14', 336, 50623.32, 55593.67, 198.24);
insert into STATION values (229, '1', 336, 50628.46, 55593.40, 204.04);
insert into STATION values (230, '1a', 336, 50628.47, 55593.39, 204.04);
insert into STATION values (231, '2', 336, 50632.54, 55592.97, 203.61);
insert into STATION values (232, '3', 336, 50632.04, 55590.85, 203.30);
insert into STATION values (233, '4', 336, 50630.93, 55589.76, 203.29);
insert into STATION values (234, '5', 336, 50630.39, 55589.05, 204.50);
insert into STATION values (235, '6', 336, 50628.79, 55588.55, 204.39);
insert into STATION values (236, '7', 336, 50627.57, 55587.80, 204.77);
insert into STATION values (237, '8', 336, 50624.23, 55585.74, 204.25);
insert into STATION values (238, '9', 336, 50622.08, 55586.86, 202.56);
insert into STATION values (239, '10', 336, 50621.75, 55585.22, 199.14);
insert into STATION values (240, '10a', 336, 50621.75, 55585.22, 199.14);
insert into STATION values (241, '11a', 336, 50622.41, 55581.28, 198.51);
insert into STATION values (242, '11', 336, 50622.41, 55581.27, 198.50);
insert into STATION values (243, '12', 336, 50623.23, 55580.32, 197.56);
insert into STATION values (244, '13', 336, 50629.04, 55578.16, 195.55);
insert into STATION values (245, 'bc2', 336, 50634.12, 55576.02, 194.85);
insert into STATION values (246, 'bc3', 336, 50635.47, 55575.49, 194.57);
insert into STATION values (247, 'gc13', 415, 50628.95, 55578.19, 195.43);
insert into STATION values (248, 'gc13a', 415, 50628.96, 55578.18, 195.43);
insert into STATION values (249, '1a', 415, 50635.24, 55576.21, 195.49);
insert into STATION values (250, '2', 415, 50634.03, 55576.01, 194.81);
insert into STATION values (251, '3', 415, 50635.48, 55575.44, 194.50);
insert into STATION values (252, '4', 415, 50635.41, 55574.55, 194.01);
insert into STATION values (253, '5', 415, 50636.85, 55574.28, 193.93);
insert into STATION values (254, '6', 415, 50637.90, 55573.64, 195.16);
insert into STATION values (255, '7', 415, 50638.12, 55572.20, 195.84);
insert into STATION values (256, '8', 415, 50638.57, 55571.00, 196.47);
insert into STATION values (257, '9', 415, 50636.16, 55569.54, 193.78);
insert into STATION values (258, '10', 415, 50637.81, 55569.32, 197.91);
insert into STATION values (259, '11', 415, 50637.64, 55568.01, 198.83);
insert into STATION values (260, '12', 415, 50636.46, 55567.01, 197.58);
insert into STATION values (261, '13', 415, 50638.83, 55568.19, 199.70);
insert into STATION values (262, '14', 415, 50638.89, 55565.83, 200.47);
insert into STATION values (263, '15', 415, 50639.18, 55563.66, 200.20);
insert into STATION values (264, '16', 415, 50638.55, 55564.04, 200.03);
insert into STATION values (265, '17a', 415, 50638.71, 55561.51, 199.49);
insert into STATION values (266, '17', 415, 50638.71, 55561.50, 199.49);
insert into STATION values (267, '18', 415, 50639.31, 55559.89, 197.51);
insert into STATION values (268, '19', 415, 50639.68, 55560.15, 195.40);
insert into STATION values (269, '20', 415, 50638.73, 55562.23, 194.79);
insert into STATION values (270, '21', 415, 50639.09, 55563.10, 193.91);
insert into STATION values (271, '22', 415, 50640.96, 55563.73, 192.72);
insert into STATION values (272, '21X', 415, 50638.69, 55562.81, 193.85);
insert into STATION values (273, '23', 415, 50637.16, 55565.30, 193.17);
insert into STATION values (274, '24', 415, 50637.02, 55561.57, 193.59);
insert into STATION values (275, '25a', 415, 50636.93, 55560.33, 193.06);
insert into STATION values (276, '25', 415, 50636.93, 55560.32, 193.06);
insert into STATION values (277, '26a', 415, 50637.53, 55559.35, 192.77);
insert into STATION values (278, '26', 415, 50637.53, 55559.34, 192.77);
insert into STATION values (279, '27', 415, 50638.45, 55555.53, 190.77);
insert into STATION values (280, '28a', 415, 50638.56, 55554.84, 191.47);
insert into STATION values (281, '28', 415, 50638.56, 55554.84, 191.47);
insert into STATION values (282, '29a', 415, 50641.40, 55553.60, 192.19);
insert into STATION values (283, '29', 415, 50641.41, 55553.60, 192.19);
insert into STATION values (284, '30', 415, 50642.08, 55554.79, 192.19);
insert into STATION values (285, '31', 415, 50644.01, 55554.74, 191.60);
insert into STATION values (286, '32a', 415, 50644.40, 55553.32, 191.50);
insert into STATION values (287, '32', 415, 50644.41, 55553.31, 191.50);
insert into STATION values (288, '33', 415, 50643.97, 55552.01, 189.61);
insert into STATION values (289, '34', 415, 50641.99, 55550.69, 187.68);
insert into STATION values (290, '35', 415, 50640.97, 55549.79, 185.59);
insert into STATION values (291, '36', 415, 50640.64, 55548.12, 184.31);
insert into STATION values (292, '37', 415, 50642.29, 55546.26, 184.57);
insert into STATION values (293, '38', 415, 50644.83, 55543.58, 183.99);
insert into STATION values (294, '35', 554, 50607.32, 55433.98, 156.26);
insert into STATION values (295, '51', 558, 50607.32, 55433.98, 156.26);
insert into STATION values (296, 'bc32', 554, 50644.41, 55553.31, 191.50);
insert into STATION values (297, 'bc33', 554, 50643.97, 55552.01, 189.61);
insert into STATION values (298, 'bc34', 554, 50641.99, 55550.69, 187.68);
insert into STATION values (299, 'bc35', 554, 50640.97, 55549.79, 185.59);
insert into STATION values (300, 'bc36', 554, 50640.64, 55548.12, 184.31);
insert into STATION values (301, 'bc37', 554, 50642.29, 55546.26, 184.57);
insert into STATION values (302, 'bc38', 554, 50644.83, 55543.58, 183.99);
insert into STATION values (303, 'bc39a', 554, 50646.80, 55541.72, 183.51);
insert into STATION values (304, 'bc40', 554, 50652.92, 55546.95, 191.01);
insert into STATION values (305, '2', 554, 50659.99, 55518.50, 171.06);
insert into STATION values (306, '3', 554, 50670.00, 55505.95, 169.93);
insert into STATION values (307, '4', 554, 50677.30, 55497.42, 167.75);
insert into STATION values (308, '5', 554, 50682.69, 55491.12, 163.16);
insert into STATION values (309, '6', 554, 50684.30, 55485.57, 161.28);
insert into STATION values (310, '7', 554, 50685.82, 55482.77, 160.77);
insert into STATION values (311, '8', 554, 50687.00, 55481.49, 160.65);
insert into STATION values (312, '9', 554, 50687.64, 55472.46, 158.64);
insert into STATION values (313, '10', 554, 50688.23, 55471.08, 158.08);
insert into STATION values (314, '11', 554, 50689.53, 55468.49, 157.52);
insert into STATION values (315, '12', 554, 50693.72, 55465.16, 157.80);
insert into STATION values (316, '13', 554, 50700.62, 55460.87, 158.66);
insert into STATION values (317, '14', 554, 50707.03, 55455.60, 159.75);
insert into STATION values (318, '15', 554, 50712.08, 55448.54, 158.22);
insert into STATION values (319, '16', 554, 50707.59, 55445.09, 157.17);
insert into STATION values (320, '17', 554, 50701.06, 55445.03, 157.40);
insert into STATION values (321, '18', 554, 50698.70, 55443.80, 156.48);
insert into STATION values (322, '19', 554, 50691.29, 55442.41, 156.48);
insert into STATION values (323, '20', 554, 50685.35, 55441.41, 156.27);
insert into STATION values (324, '20a', 554, 50682.91, 55444.58, 156.27);
insert into STATION values (325, '21', 554, 50684.49, 55439.32, 156.19);
insert into STATION values (326, '22', 554, 50686.08, 55435.09, 156.91);
insert into STATION values (327, '23', 554, 50688.66, 55431.85, 156.62);
insert into STATION values (328, '24', 554, 50697.82, 55421.71, 156.03);
insert into STATION values (329, '25', 554, 50693.10, 55414.56, 156.93);
insert into STATION values (330, '26', 554, 50689.29, 55416.89, 155.89);
insert into STATION values (331, '27', 554, 50676.78, 55418.74, 156.12);
insert into STATION values (332, '28', 554, 50672.03, 55421.64, 155.63);
insert into STATION values (333, '29', 554, 50666.61, 55421.87, 155.06);
insert into STATION values (334, '30', 554, 50663.80, 55424.18, 155.18);
insert into STATION values (335, '31', 554, 50653.83, 55426.01, 155.80);
insert into STATION values (336, '32', 554, 50649.36, 55426.28, 156.04);
insert into STATION values (337, '33', 554, 50641.20, 55428.22, 155.31);
insert into STATION values (338, '34', 554, 50626.39, 55427.81, 155.56);
insert into STATION values (339, '1', 558, 50784.06, 55264.33, 110.94);
insert into STATION values (340, '1a', 558, 50784.09, 55264.41, 111.00);
insert into STATION values (341, '2', 558, 50786.05, 55270.65, 115.58);
insert into STATION values (342, '3', 558, 50786.72, 55273.10, 115.82);
insert into STATION values (343, '4', 558, 50789.08, 55278.82, 115.12);
insert into STATION values (344, '5', 558, 50791.26, 55282.53, 118.36);
insert into STATION values (345, '6', 558, 50790.92, 55284.56, 119.24);
insert into STATION values (346, '7', 558, 50794.84, 55287.69, 120.26);
insert into STATION values (347, '8', 558, 50795.37, 55286.60, 121.17);
insert into STATION values (348, '10', 558, 50799.27, 55295.57, 121.37);
insert into STATION values (349, '11', 558, 50800.11, 55300.89, 121.04);
insert into STATION values (350, '12', 558, 50792.00, 55306.87, 122.28);
insert into STATION values (351, '13', 558, 50781.29, 55310.03, 125.48);
insert into STATION values (352, '14', 558, 50774.36, 55313.03, 126.88);
insert into STATION values (353, '16', 558, 50765.51, 55319.42, 128.44);
insert into STATION values (354, '17', 558, 50763.46, 55322.39, 127.34);
insert into STATION values (355, '18', 558, 50757.77, 55333.29, 130.06);
insert into STATION values (356, '19', 558, 50748.57, 55341.99, 130.95);
insert into STATION values (357, '20', 558, 50747.87, 55346.65, 130.95);
insert into STATION values (358, '21', 558, 50736.73, 55350.14, 131.76);
insert into STATION values (359, '23', 558, 50727.07, 55358.35, 133.12);
insert into STATION values (360, '24', 558, 50715.44, 55364.38, 134.03);
insert into STATION values (361, '25', 558, 50707.81, 55371.11, 135.46);
insert into STATION values (362, '26', 558, 50707.13, 55369.13, 135.50);
insert into STATION values (363, '27', 558, 50700.41, 55370.62, 135.98);
insert into STATION values (364, '28', 558, 50694.97, 55373.38, 136.41);
insert into STATION values (365, '29', 558, 50686.02, 55379.51, 139.52);
insert into STATION values (366, '30', 558, 50678.41, 55385.33, 140.19);
insert into STATION values (367, '31', 558, 50674.68, 55386.87, 138.95);
insert into STATION values (368, '32', 558, 50673.44, 55388.68, 137.79);
insert into STATION values (369, '33', 558, 50672.92, 55390.22, 138.60);
insert into STATION values (370, '34', 558, 50667.23, 55392.92, 138.05);
insert into STATION values (371, '35', 558, 50656.05, 55404.27, 142.62);
insert into STATION values (372, '36', 558, 50652.75, 55407.80, 143.30);
insert into STATION values (373, '37', 558, 50650.03, 55408.92, 142.34);
insert into STATION values (374, '38', 558, 50640.71, 55410.13, 144.34);
insert into STATION values (375, '39', 558, 50634.49, 55411.50, 144.12);
insert into STATION values (376, '40', 558, 50627.44, 55413.45, 145.41);
insert into STATION values (377, '41', 558, 50627.28, 55412.22, 148.33);
insert into STATION values (378, '42', 558, 50624.00, 55413.64, 148.42);
insert into STATION values (379, '43', 558, 50621.13, 55415.00, 147.39);
insert into STATION values (380, '44', 558, 50616.00, 55416.91, 147.82);
insert into STATION values (381, '45', 558, 50610.62, 55419.13, 149.49);
insert into STATION values (382, '46', 558, 50605.30, 55424.00, 150.76);
insert into STATION values (383, '47', 558, 50603.82, 55424.76, 151.84);
insert into STATION values (384, '48', 558, 50604.57, 55427.32, 152.28);
insert into STATION values (385, '49', 558, 50603.34, 55426.91, 154.83);
insert into STATION values (386, '50', 558, 50603.76, 55429.42, 155.76);
insert into STATION values (387, '52', 558, 50605.47, 55430.24, 156.99);
insert into STATION values (388, '55', 558, 50584.51, 55441.96, 168.24);
insert into STATION values (389, '56', 558, 50614.16, 55422.26, 158.30);
insert into STATION values (390, '57', 558, 50601.06, 55416.35, 158.44);
insert into STATION values (391, 'MW50', 717, 50603.76, 55429.42, 155.76);
insert into STATION values (392, 'MW51', 717, 50607.32, 55433.98, 156.26);
insert into STATION values (393, 'MW52', 717, 50605.47, 55430.24, 156.99);
insert into STATION values (394, 'MW53', 717, 50599.47, 55432.71, 159.88);
insert into STATION values (395, 'MW54', 717, 50589.52, 55435.23, 167.58);
insert into STATION values (396, 'MW55', 717, 50584.41, 55441.20, 168.40);
insert into STATION values (397, '2', 717, 50595.70, 55434.87, 163.41);
insert into STATION values (398, '2b', 717, 50595.70, 55434.87, 174.21);
insert into STATION values (399, 'MW56', 717, 50614.16, 55422.26, 158.30);
insert into STATION values (400, 'MW57', 717, 50601.06, 55416.35, 158.44);
insert into STATION values (401, '3', 717, 50596.96, 55427.42, 159.40);
insert into STATION values (402, '4', 717, 50601.48, 55423.14, 156.36);
insert into STATION values (403, '5', 717, 50599.63, 55419.25, 156.97);
insert into STATION values (404, '6', 717, 50604.46, 55414.52, 159.97);
insert into STATION values (405, '7', 717, 50607.27, 55409.94, 159.97);
insert into STATION values (406, '6a', 717, 50606.16, 55415.57, 159.97);
insert into STATION values (407, '6b', 717, 50606.16, 55415.57, 168.57);
insert into STATION values (408, '8', 717, 50613.14, 55404.58, 159.97);
insert into STATION values (409, '9', 717, 50620.41, 55399.02, 158.36);
insert into STATION values (410, '10', 717, 50623.31, 55396.27, 158.22);
insert into STATION values (411, '11', 717, 50624.92, 55393.16, 158.10);
insert into STATION values (412, '12', 717, 50623.76, 55390.61, 157.95);
insert into STATION values (413, 'A2', 717, 50610.10, 55417.62, 157.09);
insert into STATION values (414, 'A3', 717, 50613.39, 55417.73, 156.37);
insert into STATION values (415, 'A4', 717, 50617.96, 55413.97, 154.41);
insert into STATION values (416, 'A5', 717, 50626.02, 55414.45, 152.95);
insert into STATION values (417, 'B1', 717, 50604.62, 55419.13, 156.01);
insert into STATION values (418, 'B2', 717, 50603.55, 55414.70, 158.04);
insert into STATION values (419, 'D1', 717, 50620.41, 55399.02, 158.36);
insert into STATION values (420, 'D2', 717, 50623.73, 55395.35, 158.29);
insert into STATION values (421, 'D3', 717, 50625.12, 55392.28, 157.85);
insert into STATION values (422, 'D4', 717, 50623.10, 55387.45, 157.59);
insert into STATION values (423, 'D5', 717, 50624.22, 55385.69, 158.02);
insert into STATION values (424, 'D6', 717, 50618.83, 55385.36, 158.15);
insert into STATION values (425, 'D7', 717, 50626.52, 55384.64, 158.09);
insert into STATION values (426, 'D7a', 717, 50626.38, 55382.79, 170.96);
insert into STATION values (427, 'D8', 717, 50635.49, 55383.22, 156.41);
insert into STATION values (428, 'D9', 717, 50637.25, 55381.81, 155.78);
insert into STATION values (429, 'D10', 717, 50636.27, 55379.59, 154.86);
insert into STATION values (430, 'D11', 717, 50636.25, 55378.18, 154.01);
insert into STATION values (431, 'U9', 717, 50635.94, 55380.78, 156.41);
insert into STATION values (432, 'U10', 717, 50638.11, 55380.81, 158.42);
insert into STATION values (433, 'U11', 717, 50642.50, 55378.35, 161.68);
insert into STATION values (434, 'U12', 717, 50643.14, 55376.78, 168.24);
insert into STATION values (435, 'ws1', 755, 50734.38, 55348.19, 134.95);
insert into STATION values (436, 'ws2', 755, 50730.52, 55349.40, 136.92);
insert into STATION values (437, 'ws3', 755, 50719.07, 55350.48, 136.92);
insert into STATION values (438, 'ws4', 755, 50715.05, 55349.88, 137.49);
insert into STATION values (439, 'ws5', 755, 50711.85, 55350.52, 137.72);
insert into STATION values (440, 'ws6', 755, 50708.52, 55350.84, 138.94);
insert into STATION values (441, 'ws7', 755, 50701.17, 55350.51, 141.91);
insert into STATION values (442, 'ws8', 755, 50696.09, 55351.81, 143.03);
insert into STATION values (443, 'ws9', 755, 50687.41, 55352.64, 146.73);
insert into STATION values (444, 'ws10', 755, 50683.17, 55353.97, 147.67);
insert into STATION values (445, 'ws11', 755, 50677.83, 55354.57, 148.14);
insert into STATION values (446, 'wp1', 755, 50697.36, 55348.03, 144.48);
insert into STATION values (447, 'wp2', 755, 50700.25, 55344.26, 145.32);
insert into STATION values (448, 'wp3', 755, 50701.72, 55342.72, 145.21);
insert into STATION values (449, 'wp4', 755, 50707.86, 55338.36, 146.27);
insert into STATION values (450, 'wp5', 755, 50712.64, 55335.66, 145.79);
insert into STATION values (451, 'wp6', 755, 50715.68, 55331.26, 145.79);
insert into STATION values (452, 'wp7', 755, 50718.48, 55329.80, 145.79);
insert into STATION values (453, 'wp8', 755, 50717.35, 55328.70, 145.79);
insert into STATION values (454, 'wp9', 755, 50718.27, 55325.61, 145.79);
insert into STATION values (455, 'wp10', 755, 50719.83, 55323.91, 145.50);
insert into STATION values (456, 'wp11', 755, 50723.73, 55323.05, 145.50);
insert into STATION values (457, 'wp12', 755, 50710.07, 55321.74, 145.50);
insert into STATION values (458, 'CH2', 796, 50765.66, 55312.14, 131.49);
insert into STATION values (459, 'CH3', 796, 50765.88, 55304.21, 135.53);
insert into STATION values (460, 'CH4', 796, 50766.40, 55300.34, 135.40);
insert into STATION values (461, 'CH5', 796, 50771.37, 55295.29, 134.90);
insert into STATION values (462, 'CH6', 796, 50767.89, 55291.85, 134.56);
insert into STATION values (463, '9', 814, 50796.25, 55288.92, 121.43);
insert into STATION values (464, '1.0', 818, 50780.44, 55224.27, 128.41);
insert into STATION values (465, '1', 811, 50796.30, 55290.47, 121.46);
insert into STATION values (466, '2', 811, 50798.81, 55293.34, 121.40);
insert into STATION values (467, '3', 811, 50800.15, 55298.64, 121.89);
insert into STATION values (468, '4', 811, 50799.09, 55299.32, 123.13);
insert into STATION values (469, '5', 811, 50801.14, 55302.13, 125.85);
insert into STATION values (470, '6', 811, 50803.95, 55301.28, 126.47);
insert into STATION values (471, '7', 811, 50805.49, 55304.11, 128.48);
insert into STATION values (472, '8', 811, 50806.30, 55306.68, 129.06);
insert into STATION values (473, '9', 811, 50807.62, 55307.39, 131.05);
insert into STATION values (474, '10', 811, 50802.21, 55296.98, 128.16);
insert into STATION values (475, '11', 811, 50805.79, 55291.36, 129.94);
insert into STATION values (476, '12', 811, 50801.31, 55289.44, 128.70);
insert into STATION values (477, '13', 811, 50798.21, 55285.86, 127.52);
insert into STATION values (478, '14', 811, 50797.67, 55284.52, 125.22);
insert into STATION values (479, '15', 811, 50796.62, 55287.56, 122.29);
insert into STATION values (480, '16', 811, 50796.94, 55288.80, 121.43);
insert into STATION values (481, '1a', 811, 50796.30, 55290.47, 121.46);
insert into STATION values (482, '17', 811, 50795.39, 55283.24, 124.42);
insert into STATION values (483, '18', 811, 50794.33, 55280.26, 123.86);
insert into STATION values (484, '19', 811, 50793.95, 55279.47, 124.39);
insert into STATION values (485, '20', 811, 50791.21, 55282.17, 125.49);
insert into STATION values (486, '21', 811, 50791.83, 55277.07, 123.59);
insert into STATION values (487, '22', 811, 50790.28, 55276.37, 122.53);
insert into STATION values (488, '23', 811, 50794.69, 55279.04, 126.89);
insert into STATION values (489, '24', 811, 50795.87, 55274.56, 128.67);
insert into STATION values (490, '25', 811, 50793.75, 55269.56, 129.25);
insert into STATION values (491, '26', 811, 50788.82, 55265.68, 128.83);
insert into STATION values (492, '27', 811, 50786.16, 55258.29, 124.71);
insert into STATION values (493, '43', 811, 50780.55, 55263.10, 126.02);
insert into STATION values (494, '44', 811, 50788.62, 55262.19, 126.23);
insert into STATION values (495, '45', 811, 50787.69, 55264.90, 124.05);
insert into STATION values (496, '46', 811, 50789.47, 55268.23, 123.93);
insert into STATION values (497, '47', 811, 50787.68, 55269.20, 122.70);
insert into STATION values (498, '48', 811, 50785.57, 55271.28, 123.17);
insert into STATION values (499, '49', 811, 50791.06, 55272.54, 126.40);
insert into STATION values (500, '50', 811, 50795.22, 55277.80, 126.89);
insert into STATION values (501, '23a', 811, 50794.69, 55279.04, 126.89);
insert into STATION values (502, '28', 811, 50784.34, 55250.76, 124.85);
insert into STATION values (503, '29', 811, 50781.80, 55240.99, 124.50);
insert into STATION values (504, '30', 811, 50780.21, 55237.16, 123.23);
insert into STATION values (505, '31', 811, 50778.03, 55240.34, 120.72);
insert into STATION values (506, '32', 811, 50785.26, 55231.01, 124.06);
insert into STATION values (507, '33', 811, 50781.44, 55232.37, 125.97);
insert into STATION values (508, '34', 811, 50781.83, 55228.20, 127.25);
insert into STATION values (509, '35', 811, 50782.08, 55225.66, 127.84);
insert into STATION values (510, '37', 811, 50777.33, 55224.53, 123.60);
insert into STATION values (511, '38', 811, 50775.20, 55225.17, 122.26);
insert into STATION values (512, '39', 811, 50779.77, 55217.44, 128.53);
insert into STATION values (513, '40', 811, 50777.44, 55215.46, 130.92);
insert into STATION values (514, '41', 811, 50776.40, 55216.32, 130.83);
insert into STATION values (515, '6', 814, 50790.92, 55284.56, 119.24);
insert into STATION values (516, '7', 814, 50794.84, 55287.69, 120.26);
insert into STATION values (517, '8', 814, 50795.37, 55286.60, 121.17);
insert into STATION values (518, '10', 814, 50799.27, 55295.57, 121.37);
insert into STATION values (519, '11', 814, 50800.11, 55300.89, 121.04);
insert into STATION values (520, '12', 814, 50792.00, 55306.87, 122.28);
insert into STATION values (521, '13', 814, 50781.29, 55310.03, 125.48);
insert into STATION values (522, '1.1', 818, 50779.83, 55217.48, 128.61);
insert into STATION values (523, '1.2', 818, 50778.30, 55214.73, 131.35);
insert into STATION values (524, '1.3', 818, 50778.14, 55210.62, 131.95);
insert into STATION values (525, '1.4', 818, 50779.90, 55208.52, 130.26);
insert into STATION values (526, '1.5', 818, 50783.01, 55209.58, 132.98);
insert into STATION values (527, '1.6', 818, 50785.92, 55209.73, 133.63);
insert into STATION values (528, '1.7', 818, 50784.88, 55205.04, 133.45);
insert into STATION values (529, 'd0', 917, 50791.54, 55277.83, 120.34);
insert into STATION values (530, 'd1', 917, 50789.31, 55267.68, 121.80);
insert into STATION values (531, 'd2', 917, 50784.24, 55255.39, 124.14);
insert into STATION values (532, 'd3', 917, 50780.35, 55243.00, 123.46);
insert into STATION values (533, 'd4', 917, 50780.53, 55239.09, 124.29);
insert into STATION values (534, 'd5', 917, 50780.18, 55236.42, 124.06);
insert into STATION values (535, 'd6', 917, 50780.94, 55230.74, 128.07);
insert into STATION values (536, 'C1', 917, 50777.91, 55212.80, 132.69);
insert into STATION values (537, 'C2', 917, 50779.31, 55207.78, 131.68);
insert into STATION values (538, 'C3', 917, 50783.06, 55208.35, 133.70);
insert into STATION values (539, 'C4', 917, 50785.47, 55208.37, 134.72);
insert into STATION values (540, 'C5', 917, 50784.67, 55201.24, 137.77);
insert into STATION values (541, 'C6', 917, 50784.54, 55198.11, 141.13);
insert into STATION values (542, 'C7', 917, 50776.66, 55202.45, 129.51);
insert into STATION values (543, 'C8', 917, 50775.00, 55200.98, 125.82);
insert into STATION values (544, 'C9', 917, 50774.91, 55197.26, 123.12);
insert into STATION values (545, 'C10', 917, 50776.12, 55186.74, 122.57);
insert into STATION values (546, 'C11', 917, 50776.98, 55184.32, 121.92);
insert into STATION values (547, 'C12', 917, 50771.60, 55182.41, 121.22);
insert into STATION values (548, 'C13', 917, 50769.35, 55182.86, 121.30);
insert into STATION values (549, 'C14', 917, 50767.22, 55185.63, 121.55);
insert into STATION values (550, 'C15', 917, 50766.21, 55179.54, 121.01);
insert into STATION values (551, 'C16', 917, 50767.84, 55174.08, 121.21);
insert into STATION values (552, 'C17', 917, 50769.95, 55171.33, 120.72);
insert into STATION values (553, 'C18', 917, 50771.10, 55168.10, 120.60);
insert into STATION values (554, 'C19', 917, 50771.22, 55166.13, 120.70);
insert into STATION values (555, 'C20', 917, 50773.14, 55163.45, 122.17);
insert into STATION values (556, 'C21', 917, 50771.47, 55161.35, 122.45);
insert into STATION values (557, 'C22', 917, 50772.82, 55158.52, 122.23);
insert into STATION values (558, 'C23', 917, 50776.85, 55158.28, 121.66);
insert into STATION values (559, 'C24', 917, 50776.79, 55149.50, 121.05);
insert into STATION values (560, 'C25', 917, 50780.29, 55146.82, 120.74);
insert into STATION values (561, 'C26', 917, 50779.50, 55142.51, 120.36);
insert into STATION values (562, 'C27', 917, 50781.61, 55140.05, 120.07);
insert into STATION values (563, 'C28', 917, 50779.66, 55136.29, 119.63);
insert into STATION values (564, 'C29', 917, 50781.01, 55134.81, 119.63);
insert into STATION values (565, 'E1', 958, 50782.08, 55224.86, 128.75);
insert into STATION values (566, 'E2', 958, 50790.51, 55227.69, 127.34);
insert into STATION values (567, 'E3', 958, 50788.57, 55231.10, 125.84);
insert into STATION values (568, 'E4', 958, 50798.18, 55230.87, 124.49);
insert into STATION values (569, 'E5', 958, 50811.71, 55234.14, 124.97);
insert into STATION values (570, 'E6', 958, 50818.77, 55229.30, 126.17);
insert into STATION values (571, 'E7', 958, 50825.98, 55227.54, 125.99);
insert into STATION values (572, 'E8', 958, 50834.27, 55222.97, 126.58);
insert into STATION values (573, 'E9', 958, 50844.39, 55224.62, 127.40);
insert into STATION values (574, 'E10', 958, 50852.49, 55219.19, 130.67);
insert into STATION values (575, 'E11', 958, 50849.11, 55217.91, 132.18);
insert into STATION values (576, 'E12', 958, 50852.72, 55214.84, 132.51);
insert into STATION values (577, 'E13', 958, 50859.71, 55209.87, 134.65);
insert into STATION values (578, 'E14', 958, 50866.61, 55205.65, 138.59);
insert into STATION values (579, 'E15', 958, 50871.67, 55203.03, 138.69);
insert into STATION values (580, 'E16', 958, 50879.77, 55203.25, 139.12);
insert into STATION values (581, 'E17', 958, 50880.97, 55203.12, 139.14);
insert into STATION values (582, 'E18', 958, 50888.97, 55200.61, 138.70);
insert into STATION values (583, 'E19', 958, 50899.74, 55190.77, 134.24);
insert into STATION values (584, 'E20', 958, 50907.77, 55184.84, 133.72);
insert into STATION values (585, 'E21', 958, 50910.18, 55183.19, 133.67);
insert into STATION values (586, 'E22', 958, 50907.63, 55182.67, 133.76);
insert into STATION values (587, 'E23', 958, 50905.14, 55182.47, 133.76);
insert into STATION values (588, 'E24', 958, 50903.40, 55180.69, 133.50);
insert into STATION values (589, 'E25', 958, 50901.23, 55179.36, 133.36);
insert into STATION values (590, 'E26', 958, 50896.80, 55182.87, 133.17);
insert into STATION values (591, 'E27', 958, 50898.90, 55178.29, 132.64);
insert into STATION values (592, 'E28', 958, 50893.36, 55177.94, 132.25);
insert into STATION values (593, 'E29', 958, 50891.59, 55175.16, 131.17);
insert into STATION values (594, 'E30', 958, 50888.76, 55182.31, 131.44);
insert into STATION values (595, 'E31', 958, 50883.45, 55193.41, 131.23);
insert into STATION values (596, 'E32', 958, 50877.48, 55197.06, 131.23);
insert into STATION values (597, 'D12', 958, 50852.68, 55214.77, 132.23);
insert into STATION values (598, 'D13', 958, 50859.72, 55209.50, 133.51);
insert into STATION values (599, 'D14', 958, 50866.82, 55204.94, 136.74);
insert into STATION values (600, 'D15', 958, 50871.83, 55202.23, 136.44);
insert into STATION values (601, 'D16', 958, 50879.94, 55202.46, 136.87);
insert into STATION values (602, 'D17', 958, 50881.13, 55202.32, 136.89);
insert into STATION values (603, 'D18', 958, 50889.14, 55199.81, 136.45);
insert into STATION values (604, 'D19', 958, 50899.90, 55189.97, 131.99);
insert into STATION values (605, 'D20', 958, 50907.94, 55184.04, 131.46);
insert into STATION values (606, 'D21', 958, 50910.35, 55182.39, 131.41);
insert into STATION values (607, 'D22', 958, 50907.80, 55181.87, 131.50);
insert into STATION values (608, 'D23', 958, 50905.31, 55181.67, 131.50);
insert into STATION values (609, 'D24', 958, 50903.57, 55179.90, 131.24);
insert into STATION values (610, 'D25', 958, 50901.40, 55178.56, 131.11);
insert into STATION values (611, 'D26', 958, 50896.97, 55182.08, 130.91);
insert into STATION values (612, 'D27', 958, 50899.06, 55177.49, 130.38);
insert into STATION values (613, 'D28', 958, 50893.53, 55177.15, 129.99);
insert into STATION values (614, 'D29', 958, 50891.76, 55174.36, 128.92);
insert into STATION values (615, 'D30', 958, 50888.93, 55181.52, 129.19);
insert into STATION values (616, 'D31', 958, 50883.61, 55192.62, 128.98);
insert into STATION values (617, 'D32', 958, 50877.64, 55196.27, 128.98);
insert into STATION values (618, '14', 961, 50818.77, 55229.30, 126.17);
insert into STATION values (619, '26', 973, 50871.83, 55202.23, 136.44);
insert into STATION values (620, '53', 965, 50833.68, 55222.70, 125.63);
insert into STATION values (621, '53', 961, 50833.68, 55222.70, 125.63);
insert into STATION values (622, '2', 965, 50830.79, 55226.68, 125.84);
insert into STATION values (623, '54', 961, 50830.79, 55226.68, 125.84);
insert into STATION values (624, '53', 969, 50833.68, 55222.70, 125.63);
insert into STATION values (625, 'START', 973, 50848.95, 55215.04, 130.77);
insert into STATION values (626, '41', 961, 50848.95, 55215.04, 130.77);
insert into STATION values (627, 'RI34', 961, 50781.82, 55228.21, 127.25);
insert into STATION values (628, 'RI35', 961, 50782.07, 55225.67, 127.84);
insert into STATION values (629, 'RI36', 961, 50780.44, 55224.27, 128.41);
insert into STATION values (630, 'RI37', 961, 50777.33, 55224.52, 123.60);
insert into STATION values (631, 'RI39', 961, 50779.79, 55217.44, 128.53);
insert into STATION values (632, 'RI40', 961, 50777.47, 55215.45, 130.92);
insert into STATION values (633, '2', 961, 50784.93, 55224.16, 128.18);
insert into STATION values (634, '3', 961, 50788.87, 55227.78, 126.74);
insert into STATION values (635, '4', 961, 50790.16, 55231.64, 124.93);
insert into STATION values (636, '5', 961, 50797.94, 55229.64, 124.93);
insert into STATION values (637, '6', 961, 50800.16, 55226.43, 124.93);
insert into STATION values (638, '7', 961, 50800.34, 55222.38, 125.43);
insert into STATION values (639, '8', 961, 50800.63, 55219.82, 125.84);
insert into STATION values (640, '10', 961, 50798.66, 55217.14, 124.75);
insert into STATION values (641, '9', 961, 50797.32, 55219.96, 126.01);
insert into STATION values (642, '11', 961, 50795.77, 55221.29, 126.88);
insert into STATION values (643, '12', 961, 50808.35, 55231.21, 125.11);
insert into STATION values (644, '13', 961, 50815.09, 55233.74, 124.74);
insert into STATION values (645, '15', 961, 50822.32, 55225.95, 127.15);
insert into STATION values (646, '16', 961, 50823.55, 55223.52, 129.62);
insert into STATION values (647, '17', 961, 50826.47, 55220.01, 129.72);
insert into STATION values (648, '18', 961, 50829.66, 55218.36, 129.87);
insert into STATION values (649, '19', 961, 50832.33, 55215.26, 129.39);
insert into STATION values (650, '20', 961, 50834.08, 55213.55, 130.34);
insert into STATION values (651, '21', 961, 50832.32, 55213.59, 130.27);
insert into STATION values (652, '22a', 961, 50830.13, 55211.20, 129.64);
insert into STATION values (653, '22b', 961, 50830.41, 55209.92, 129.54);
insert into STATION values (654, '22d', 961, 50823.68, 55202.94, 128.25);
insert into STATION values (655, '23', 961, 50835.47, 55209.59, 129.28);
insert into STATION values (656, '24', 961, 50837.56, 55208.98, 128.82);
insert into STATION values (657, '25', 961, 50839.30, 55205.90, 129.00);
insert into STATION values (658, '26', 961, 50840.52, 55208.33, 128.50);
insert into STATION values (659, '27', 961, 50845.33, 55204.51, 129.58);
insert into STATION values (660, '28', 961, 50847.50, 55200.84, 130.18);
insert into STATION values (661, '29', 961, 50851.41, 55196.27, 129.65);
insert into STATION values (662, '30', 961, 50854.69, 55190.73, 128.05);
insert into STATION values (663, '31', 961, 50857.09, 55188.45, 127.76);
insert into STATION values (664, '32', 961, 50858.55, 55186.09, 128.15);
insert into STATION values (665, '33', 961, 50859.45, 55183.68, 127.46);
insert into STATION values (666, '34', 961, 50860.25, 55180.08, 126.61);
insert into STATION values (667, '35', 961, 50868.91, 55174.79, 126.43);
insert into STATION values (668, '36', 961, 50853.40, 55184.60, 127.47);
insert into STATION values (669, '34a', 961, 50776.16, 55233.49, 135.32);
insert into STATION values (670, '37', 961, 50838.10, 55213.42, 130.14);
insert into STATION values (671, '38', 961, 50835.28, 55215.77, 130.72);
insert into STATION values (672, '39', 961, 50840.21, 55217.42, 131.03);
insert into STATION values (673, '40', 961, 50844.99, 55215.55, 130.61);
insert into STATION values (674, '42', 961, 50851.35, 55217.01, 132.29);
insert into STATION values (675, '43', 961, 50852.48, 55219.49, 130.16);
insert into STATION values (676, '44', 961, 50852.27, 55217.62, 130.81);
insert into STATION values (677, '45', 961, 50859.65, 55222.16, 132.33);
insert into STATION values (678, '46', 961, 50847.52, 55222.87, 126.69);
insert into STATION values (679, '47', 961, 50843.62, 55224.08, 126.33);
insert into STATION values (680, '48', 961, 50846.34, 55227.91, 126.25);
insert into STATION values (681, '49', 961, 50841.08, 55229.77, 127.44);
insert into STATION values (682, '50', 961, 50848.76, 55228.11, 125.51);
insert into STATION values (683, '51', 961, 50853.89, 55225.10, 124.67);
insert into STATION values (684, '52', 961, 50837.58, 55225.61, 125.79);
insert into STATION values (685, '55', 961, 50824.77, 55228.43, 125.85);
insert into STATION values (686, '3', 965, 50822.38, 55230.33, 129.18);
insert into STATION values (687, '4a', 965, 50826.26, 55232.19, 130.66);
insert into STATION values (688, '4', 965, 50826.51, 55232.31, 130.76);
insert into STATION values (689, '4b', 965, 50828.48, 55233.25, 131.51);
insert into STATION values (690, '5', 969, 50835.42, 55222.96, 126.73);
insert into STATION values (691, '6', 969, 50836.61, 55222.45, 127.64);
insert into STATION values (692, '7', 969, 50838.78, 55221.46, 128.06);
insert into STATION values (693, '8', 969, 50836.63, 55218.33, 127.66);
insert into STATION values (694, '9', 969, 50838.05, 55217.13, 127.79);
insert into STATION values (695, '10', 969, 50835.94, 55212.26, 127.69);
insert into STATION values (696, '11', 969, 50840.07, 55219.06, 129.54);
insert into STATION values (697, '12', 969, 50838.41, 55217.59, 128.42);
insert into STATION values (698, '13', 969, 50840.48, 55214.59, 131.07);
insert into STATION values (699, '14', 969, 50835.78, 55217.40, 128.07);
insert into STATION values (700, '15', 969, 50834.18, 55218.71, 130.63);
insert into STATION values (701, '16', 969, 50839.09, 55221.43, 129.23);
insert into STATION values (702, '17', 969, 50839.42, 55219.48, 129.54);
insert into STATION values (703, '20', 973, 50847.98, 55218.49, 131.98);
insert into STATION values (704, '21', 973, 50855.82, 55213.70, 132.38);
insert into STATION values (705, '22', 973, 50859.01, 55210.10, 132.62);
insert into STATION values (706, '23', 973, 50861.74, 55208.48, 133.75);
insert into STATION values (707, '24', 973, 50866.85, 55205.97, 134.95);
insert into STATION values (708, '25', 973, 50868.99, 55204.85, 134.24);
insert into STATION values (709, '27', 973, 50872.18, 55200.78, 136.99);
insert into STATION values (710, '28', 973, 50874.77, 55198.84, 139.84);
insert into STATION values (711, '29', 973, 50875.33, 55197.37, 141.89);
insert into STATION values (712, '30', 973, 50876.46, 55196.33, 141.97);
insert into STATION values (713, '31', 973, 50878.46, 55193.83, 141.97);
insert into STATION values (714, '32', 973, 50873.73, 55198.70, 142.99);
insert into STATION values (715, '33', 973, 50872.75, 55198.02, 142.51);
insert into STATION values (716, '34', 973, 50871.66, 55198.67, 143.02);
insert into STATION values (717, '35', 973, 50865.10, 55198.94, 143.71);
insert into STATION values (718, '36', 973, 50872.92, 55199.37, 142.45);
insert into STATION values (719, '37', 973, 50876.78, 55200.48, 143.28);
insert into STATION values (720, '38', 973, 50877.51, 55200.20, 143.27);
insert into STATION values (721, '39', 973, 50880.65, 55198.72, 136.32);
insert into STATION values (722, '40', 973, 50877.62, 55200.79, 136.09);
insert into STATION values (723, '41', 973, 50881.52, 55196.54, 136.73);
insert into STATION values (724, '42', 973, 50880.18, 55202.02, 136.69);
insert into STATION values (725, '43', 973, 50887.01, 55198.32, 136.15);
insert into STATION values (726, '44', 973, 50890.87, 55195.96, 135.91);
insert into STATION values (727, '45', 973, 50892.79, 55193.18, 135.13);
insert into STATION values (728, '46', 973, 50896.66, 55187.57, 130.54);
insert into STATION values (729, '47', 973, 50904.29, 55181.30, 130.19);
insert into STATION values (730, '48', 973, 50908.61, 55177.61, 129.80);
insert into STATION values (731, '49', 973, 50912.30, 55173.16, 128.78);
insert into STATION values (732, '47a', 973, 50903.18, 55182.35, 130.87);
insert into STATION values (733, '47b', 973, 50902.97, 55180.17, 130.53);
insert into STATION values (734, '50', 973, 50904.93, 55175.69, 129.28);
insert into STATION values (735, '51', 973, 50903.21, 55173.27, 128.97);
insert into STATION values (736, '52', 973, 50900.58, 55171.25, 128.51);
insert into STATION values (737, '53', 973, 50897.15, 55171.15, 128.51);
insert into STATION values (738, '54', 973, 50895.21, 55170.05, 128.31);
insert into STATION values (739, '55', 973, 50896.27, 55166.71, 127.37);
insert into STATION values (740, '56', 973, 50897.49, 55166.00, 126.99);
insert into STATION values (741, '57', 973, 50896.48, 55165.35, 126.97);
insert into STATION values (742, '58', 973, 50892.07, 55163.87, 126.89);
insert into STATION values (743, '59', 973, 50887.84, 55166.45, 127.59);
insert into STATION values (744, '60', 973, 50890.09, 55162.35, 126.08);
insert into STATION values (745, '61', 973, 50890.52, 55160.08, 125.51);
insert into STATION values (746, '62', 973, 50890.58, 55153.64, 124.60);
insert into STATION values (747, '63', 973, 50893.59, 55159.29, 125.90);
insert into STATION values (748, '64', 973, 50890.88, 55164.79, 126.00);
insert into STATION values (749, '65', 973, 50889.34, 55164.44, 125.75);
insert into STATION values (750, '66', 973, 50884.70, 55167.51, 128.00);
insert into STATION values (751, '67', 973, 50888.77, 55166.59, 126.05);
insert into STATION values (752, '68', 973, 50887.47, 55170.23, 125.58);
insert into STATION values (753, '69', 973, 50887.30, 55176.62, 125.13);
insert into STATION values (754, '70', 973, 50878.52, 55179.54, 124.16);
insert into STATION values (755, 'd9', 1106, 50775.77, 55215.57, 132.75);
insert into STATION values (756, 'd10', 1106, 50761.74, 55226.31, 124.51);
insert into STATION values (757, 'd11', 1106, 50757.84, 55223.31, 121.07);
insert into STATION values (758, 'd12', 1106, 50744.65, 55222.72, 118.26);
insert into STATION values (759, 'd13', 1106, 50734.41, 55224.97, 118.81);
insert into STATION values (760, 'd14', 1106, 50721.72, 55227.77, 119.26);
insert into STATION values (761, 'd15', 1106, 50707.37, 55225.86, 118.51);
insert into STATION values (762, 'd16', 1106, 50694.98, 55224.21, 118.72);
insert into STATION values (763, 'd17', 1106, 50692.21, 55222.07, 118.60);
insert into STATION values (764, 'd18', 1106, 50675.25, 55221.31, 117.71);
insert into STATION values (765, 'd19', 1106, 50668.38, 55220.39, 116.74);
insert into STATION values (766, 'd20', 1106, 50668.12, 55218.41, 116.67);
insert into STATION values (767, 'd21', 1106, 50670.10, 55216.89, 116.76);
insert into STATION values (768, 'd22', 1106, 50671.04, 55213.53, 116.94);
insert into STATION values (769, 'd23', 1106, 50666.55, 55213.33, 116.70);
insert into STATION values (770, 'd24', 1106, 50658.25, 55215.15, 116.55);
insert into STATION values (771, 'd25', 1106, 50647.86, 55213.77, 116.00);
insert into STATION values (772, 'd26', 1106, 50647.61, 55219.24, 115.53);
insert into STATION values (773, 'd27', 1106, 50632.98, 55215.98, 115.00);
insert into STATION values (774, 'd28', 1106, 50623.00, 55215.53, 114.65);
insert into STATION values (775, 'd29', 1106, 50600.58, 55213.73, 113.87);
insert into STATION values (776, 'd30', 1106, 50590.67, 55212.41, 113.87);
insert into STATION values (777, 'd31', 1106, 50569.71, 55211.47, 113.13);
insert into STATION values (778, 'd32', 1106, 50555.74, 55212.06, 112.40);
insert into STATION values (779, 'd33', 1106, 50554.24, 55207.29, 112.23);
insert into STATION values (780, 'd34', 1106, 50556.54, 55201.76, 111.91);
insert into STATION values (781, 'd35', 1106, 50554.87, 55199.13, 112.35);
insert into STATION values (782, '6', 1115, 50678.66, 55216.56, 116.73);
insert into STATION values (783, '2.49', 1128, 50678.66, 55216.56, 116.73);
insert into STATION values (784, '32', 1119, 50772.68, 55217.15, 129.13);
insert into STATION values (785, '42', 1124, 50772.68, 55217.15, 129.13);
insert into STATION values (786, '1', 1115, 50679.30, 55213.28, 120.90);
insert into STATION values (787, '2', 1115, 50679.31, 55213.45, 122.14);
insert into STATION values (788, '3', 1115, 50679.79, 55210.23, 120.78);
insert into STATION values (789, '4', 1115, 50679.90, 55211.89, 117.79);
insert into STATION values (790, '5', 1115, 50679.26, 55214.78, 117.95);
insert into STATION values (791, '6', 1119, 50679.16, 55213.75, 117.18);
insert into STATION values (792, '7', 1119, 50684.71, 55214.89, 116.21);
insert into STATION values (793, '8', 1119, 50692.10, 55215.40, 117.12);
insert into STATION values (794, '9', 1119, 50697.70, 55214.92, 115.92);
insert into STATION values (795, '10', 1119, 50698.65, 55218.01, 116.32);
insert into STATION values (796, '11', 1119, 50712.35, 55218.27, 116.85);
insert into STATION values (797, '12', 1119, 50713.99, 55221.34, 117.42);
insert into STATION values (798, '13', 1119, 50719.73, 55218.88, 116.85);
insert into STATION values (799, '14', 1119, 50709.68, 55221.40, 118.89);
insert into STATION values (800, '15', 1119, 50723.42, 55222.92, 117.34);
insert into STATION values (801, '16', 1119, 50733.67, 55222.15, 117.77);
insert into STATION values (802, '16a', 1119, 50733.67, 55222.15, 118.27);
insert into STATION values (803, '17', 1119, 50735.90, 55223.64, 119.62);
insert into STATION values (804, '18', 1119, 50737.10, 55220.61, 117.62);
insert into STATION values (805, '19', 1119, 50738.48, 55223.80, 114.03);
insert into STATION values (806, '20', 1119, 50739.70, 55222.38, 117.07);
insert into STATION values (807, '21', 1119, 50749.13, 55219.15, 116.27);
insert into STATION values (808, '22', 1119, 50753.15, 55220.76, 115.83);
insert into STATION values (809, '23', 1119, 50752.08, 55222.69, 115.83);
insert into STATION values (810, '24', 1119, 50759.83, 55221.78, 115.90);
insert into STATION values (811, '25', 1119, 50762.54, 55222.98, 117.52);
insert into STATION values (812, '26', 1119, 50763.33, 55226.11, 119.04);
insert into STATION values (813, '27', 1119, 50766.10, 55231.73, 127.21);
insert into STATION values (814, '28', 1119, 50766.66, 55222.10, 121.61);
insert into STATION values (815, '29', 1119, 50770.01, 55220.74, 123.94);
insert into STATION values (816, '30', 1119, 50771.17, 55219.94, 125.76);
insert into STATION values (817, '31', 1119, 50773.40, 55217.18, 127.87);
insert into STATION values (818, '39', 1124, 50779.77, 55217.46, 128.53);
insert into STATION values (819, '40', 1124, 50777.45, 55215.47, 130.92);
insert into STATION values (820, '41', 1124, 50776.40, 55216.33, 130.83);
insert into STATION values (821, '1.1', 1128, 50551.60, 55194.18, 112.23);
insert into STATION values (822, '1.0', 1128, 50548.42, 55195.07, 109.29);
insert into STATION values (823, '1.2', 1128, 50552.89, 55194.27, 112.25);
insert into STATION values (824, '2.1', 1128, 50554.52, 55192.80, 112.33);
insert into STATION values (825, '2.2', 1128, 50557.51, 55192.29, 111.90);
insert into STATION values (826, '2.3', 1128, 50556.47, 55195.11, 110.31);
insert into STATION values (827, '2.4', 1128, 50558.34, 55195.47, 110.59);
insert into STATION values (828, '2.5', 1128, 50562.27, 55195.06, 110.15);
insert into STATION values (829, '2.6', 1128, 50556.79, 55202.86, 111.19);
insert into STATION values (830, '2.7', 1128, 50554.68, 55206.48, 112.52);
insert into STATION values (831, '2.8', 1128, 50558.68, 55201.96, 111.38);
insert into STATION values (832, '2.9', 1128, 50558.13, 55206.08, 111.21);
insert into STATION values (833, '2.10', 1128, 50564.87, 55204.82, 111.10);
insert into STATION values (834, '2.11', 1128, 50570.06, 55204.70, 111.10);
insert into STATION values (835, '2.12', 1128, 50576.06, 55204.78, 111.12);
insert into STATION values (836, '2.13', 1128, 50582.96, 55205.86, 110.70);
insert into STATION values (837, '2.14', 1128, 50585.94, 55206.07, 110.72);
insert into STATION values (838, '2.15', 1128, 50587.72, 55206.13, 110.58);
insert into STATION values (839, '2.16', 1128, 50592.43, 55206.54, 111.01);
insert into STATION values (840, '2.17', 1128, 50597.25, 55207.03, 111.12);
insert into STATION values (841, '2.18', 1128, 50597.45, 55209.53, 112.27);
insert into STATION values (842, '2.19', 1128, 50603.45, 55207.49, 110.83);
insert into STATION values (843, '2.20', 1128, 50607.27, 55208.39, 110.64);
insert into STATION values (844, '2.21', 1128, 50609.81, 55208.36, 110.85);
insert into STATION values (845, '2.22', 1128, 50615.19, 55208.79, 111.01);
insert into STATION values (846, '2.23', 1128, 50620.68, 55209.26, 110.97);
insert into STATION values (847, '2.24', 1128, 50624.58, 55210.07, 111.21);
insert into STATION values (848, '2.25', 1128, 50630.36, 55210.39, 111.01);
insert into STATION values (849, '2.26', 1128, 50634.73, 55211.19, 110.81);
insert into STATION values (850, '2.27', 1128, 50638.27, 55211.53, 110.40);
insert into STATION values (851, '2.28', 1128, 50632.64, 55213.33, 110.97);
insert into STATION values (852, '2.29', 1128, 50635.68, 55214.00, 111.15);
insert into STATION values (853, '2.30', 1128, 50643.47, 55212.26, 111.30);
insert into STATION values (854, '2.31', 1128, 50647.77, 55213.65, 111.44);
insert into STATION values (855, '2.32', 1128, 50654.17, 55213.57, 112.21);
insert into STATION values (856, '2.33', 1128, 50651.37, 55212.00, 111.34);
insert into STATION values (857, '2.34', 1128, 50650.95, 55208.55, 112.25);
insert into STATION values (858, '2.35', 1128, 50651.21, 55207.52, 112.74);
insert into STATION values (859, '2.36', 1128, 50654.34, 55203.97, 112.44);
insert into STATION values (860, '2.37', 1128, 50654.63, 55208.10, 112.36);
insert into STATION values (861, '2.38', 1128, 50662.35, 55209.55, 112.52);
insert into STATION values (862, '2.39', 1128, 50672.76, 55206.77, 112.75);
insert into STATION values (863, '2.40', 1128, 50673.39, 55208.48, 112.93);
insert into STATION values (864, '2.41', 1128, 50680.50, 55207.29, 112.30);
insert into STATION values (865, '2.42', 1128, 50676.14, 55209.81, 112.33);
insert into STATION values (866, '2.43', 1128, 50674.81, 55211.65, 113.14);
insert into STATION values (867, '2.44', 1128, 50674.75, 55212.77, 113.07);
insert into STATION values (868, '2.45', 1128, 50672.58, 55213.84, 112.94);
insert into STATION values (869, '2.46', 1128, 50672.93, 55216.54, 113.11);
insert into STATION values (870, '2.47', 1128, 50669.70, 55216.45, 113.54);
insert into STATION values (871, '2.48', 1128, 50676.39, 55215.57, 115.21);
insert into STATION values (872, '2.50', 1128, 50683.64, 55217.49, 115.12);
insert into STATION values (873, '2.51', 1128, 50690.90, 55217.42, 116.24);
insert into STATION values (874, '2.52', 1128, 50697.88, 55217.59, 115.64);
insert into STATION values (875, '2.53', 1128, 50698.27, 55220.16, 115.94);
insert into STATION values (876, '2.54', 1128, 50704.77, 55220.38, 116.05);
insert into STATION values (877, '2.55', 1128, 50711.96, 55219.89, 116.51);
insert into STATION values (878, '2.56', 1128, 50719.41, 55220.26, 116.44);
insert into STATION values (879, '2.57', 1128, 50710.58, 55223.20, 118.85);
insert into STATION values (880, '2.58', 1128, 50713.77, 55222.87, 117.08);
insert into STATION values (881, '2.59', 1128, 50723.26, 55224.09, 117.03);
insert into STATION values (882, '2.60', 1128, 50732.16, 55223.65, 117.21);
insert into STATION values (883, '2.61', 1128, 50736.89, 55221.35, 117.40);
insert into STATION values (884, '2.62', 1128, 50739.56, 55222.99, 116.82);
insert into STATION values (885, '2.63', 1128, 50738.18, 55224.52, 113.80);
insert into STATION values (886, '2.64', 1128, 50748.90, 55219.59, 116.06);
insert into STATION values (887, '2.65', 1128, 50753.40, 55220.27, 115.58);
insert into STATION values (888, '2.66', 1128, 50752.44, 55222.08, 116.61);
insert into STATION values (889, '2.67', 1128, 50755.23, 55220.89, 115.71);
insert into STATION values (890, '2.68', 1128, 50753.63, 55222.20, 116.47);
insert into STATION values (891, '2.69', 1128, 50759.11, 55222.05, 115.92);
insert into STATION values (892, '2.70', 1128, 50755.12, 55219.45, 116.03);
insert into STATION values (893, '2.71', 1128, 50761.21, 55222.27, 116.28);
insert into STATION values (894, '2.72', 1128, 50763.38, 55223.40, 118.14);
insert into STATION values (895, '2.73', 1128, 50762.60, 55224.21, 118.33);
insert into STATION values (896, '2.74', 1128, 50767.31, 55221.45, 121.29);
insert into STATION values (897, '2.75', 1128, 50770.77, 55220.12, 124.81);
insert into STATION values (898, '2.76', 1128, 50770.22, 55219.67, 125.49);
insert into STATION values (899, '2.77', 1128, 50773.41, 55217.24, 127.86);
insert into STATION values (900, 'N2', 1262, 50772.99, 55216.90, 128.75);
insert into STATION values (901, 'N2a', 1262, 50773.00, 55216.90, 128.75);
insert into STATION values (902, 'N3', 1262, 50767.04, 55213.24, 127.77);
insert into STATION values (903, 'N4', 1262, 50755.23, 55213.53, 128.24);
insert into STATION values (904, 'N5', 1262, 50753.93, 55217.39, 127.67);
insert into STATION values (905, 'N6', 1262, 50742.52, 55219.28, 127.67);
insert into STATION values (906, 'N7', 1262, 50735.70, 55224.31, 127.60);
insert into STATION values (907, 'N8', 1262, 50732.18, 55225.55, 127.60);
insert into STATION values (908, 'N9', 1262, 50727.96, 55222.18, 127.64);
insert into STATION values (909, 'N10', 1262, 50722.57, 55224.30, 128.77);
insert into STATION values (910, 'N11', 1262, 50718.87, 55223.19, 128.84);
insert into STATION values (911, 'N12', 1262, 50718.20, 55219.56, 129.59);
insert into STATION values (912, 'PP1', 1262, 50713.00, 55225.64, 136.54);
insert into STATION values (913, 'PP2', 1262, 50708.34, 55234.19, 138.44);
insert into STATION values (914, 'PP3', 1262, 50707.56, 55236.39, 139.15);
insert into STATION values (915, 'PP4', 1262, 50706.39, 55245.20, 144.28);
insert into STATION values (916, 'PP5', 1262, 50712.76, 55243.44, 141.17);
insert into STATION values (917, 'PP6', 1262, 50713.37, 55251.32, 143.00);
insert into STATION values (918, 'PP7', 1262, 50715.37, 55252.46, 143.28);
insert into STATION values (919, 'PP8', 1262, 50724.56, 55252.87, 143.28);
insert into STATION values (920, 'N13', 1262, 50716.67, 55217.83, 130.10);
insert into STATION values (921, 'N14', 1262, 50717.65, 55215.07, 129.79);
insert into STATION values (922, 'N15', 1262, 50723.53, 55203.33, 124.49);
insert into STATION values (923, 'N16', 1262, 50723.73, 55195.82, 124.88);
insert into STATION values (924, 'N17', 1262, 50720.10, 55204.74, 123.14);
insert into STATION values (925, 'N18', 1262, 50702.15, 55204.87, 121.89);
insert into STATION values (926, 'N19', 1262, 50699.25, 55205.30, 121.99);
insert into STATION values (927, 'N20', 1262, 50690.70, 55205.07, 120.17);
insert into STATION values (928, 'N21', 1262, 50681.19, 55206.30, 119.67);
insert into STATION values (929, 'N22', 1262, 50676.20, 55205.37, 120.11);
insert into STATION values (930, 'N23', 1262, 50658.93, 55206.10, 123.63);
insert into STATION values (931, 'N24', 1262, 50644.76, 55202.15, 125.17);
insert into STATION values (932, 'N24a', 1262, 50642.03, 55202.80, 125.17);
insert into STATION values (933, 'N25', 1262, 50638.99, 55203.52, 125.17);
insert into STATION values (934, 'N26', 1262, 50639.28, 55201.57, 128.90);
insert into STATION values (935, 'N27', 1262, 50637.25, 55201.98, 128.79);
insert into STATION values (936, 'N28', 1262, 50635.43, 55203.58, 126.68);
insert into STATION values (937, 'N29', 1262, 50626.93, 55203.64, 128.18);
insert into STATION values (938, 'N30', 1262, 50620.95, 55212.65, 132.22);
insert into STATION values (939, 'N31', 1262, 50619.07, 55212.99, 131.82);
insert into STATION values (940, 'N32', 1262, 50618.80, 55215.03, 130.27);
insert into STATION values (941, 'N33', 1262, 50613.92, 55222.66, 124.16);
insert into STATION values (942, 'N34', 1262, 50611.51, 55235.54, 124.04);
insert into STATION values (943, 'N35', 1262, 50609.95, 55242.00, 121.63);
insert into STATION values (944, 'F1', 1262, 50603.50, 55240.20, 121.63);
insert into STATION values (945, 'G1', 1262, 50608.33, 55248.73, 128.56);
insert into STATION values (946, 'N36', 1262, 50593.49, 55248.79, 124.45);
insert into STATION values (947, 'N37', 1262, 50592.28, 55252.86, 124.30);
insert into STATION values (948, 'H1', 1262, 50587.49, 55245.33, 121.05);
insert into STATION values (949, 'N38', 1262, 50581.11, 55254.92, 126.10);
insert into STATION values (950, 'N39', 1262, 50570.82, 55254.63, 126.19);
insert into STATION values (951, 'N40', 1262, 50578.17, 55244.36, 124.64);
insert into STATION values (952, 'N38', 1341, 50581.11, 55254.92, 126.10);
insert into STATION values (953, 'N39', 1341, 50570.82, 55254.63, 126.19);
insert into STATION values (954, 'N40', 1341, 50578.17, 55244.36, 124.64);
insert into STATION values (955, '2', 1341, 50575.59, 55238.24, 125.79);
insert into STATION values (956, '3', 1341, 50571.54, 55241.95, 125.23);
insert into STATION values (957, '4', 1341, 50568.88, 55245.48, 123.14);
insert into STATION values (958, '5', 1341, 50570.53, 55248.08, 124.78);
insert into STATION values (959, '6', 1341, 50566.23, 55246.97, 121.85);
insert into STATION values (960, '4a', 1341, 50568.83, 55245.44, 123.11);
insert into STATION values (961, '7', 1341, 50565.08, 55240.78, 121.80);
insert into STATION values (962, '8', 1341, 50563.88, 55237.64, 120.68);
insert into STATION values (963, '9', 1341, 50567.31, 55234.35, 119.71);
insert into STATION values (964, '10', 1341, 50570.74, 55233.96, 119.43);
insert into STATION values (965, '11', 1341, 50572.45, 55237.47, 120.90);
insert into STATION values (966, '12', 1341, 50574.71, 55240.16, 125.75);
insert into STATION values (967, '13', 1341, 50574.17, 55235.48, 119.56);
insert into STATION values (968, '14', 1341, 50578.81, 55237.62, 120.10);
insert into STATION values (969, '15', 1341, 50581.63, 55235.39, 119.91);
insert into STATION values (970, '16', 1341, 50586.23, 55239.47, 120.02);
insert into STATION values (971, '17', 1341, 50591.84, 55235.91, 119.79);
insert into STATION values (972, '18', 1341, 50598.00, 55230.47, 118.04);
insert into STATION values (973, '19', 1341, 50574.77, 55239.17, 119.87);
insert into STATION values (974, '20', 1341, 50577.48, 55240.83, 120.26);
insert into STATION values (975, '21', 1341, 50570.75, 55229.73, 121.60);
insert into STATION values (976, '22', 1341, 50562.50, 55233.36, 119.19);
insert into STATION values (977, '22a', 1341, 50562.45, 55233.60, 119.19);
insert into STATION values (978, '23', 1341, 50557.90, 55234.28, 119.51);
insert into STATION values (979, '24', 1341, 50553.91, 55235.68, 120.80);
insert into STATION values (980, '25', 1341, 50546.84, 55239.20, 120.80);
insert into STATION values (981, '26', 1341, 50535.77, 55240.84, 121.00);
insert into STATION values (982, '27', 1341, 50525.51, 55245.71, 121.20);
insert into STATION values (983, '28', 1341, 50519.28, 55243.74, 120.28);
insert into STATION values (984, '29', 1341, 50508.78, 55245.29, 122.73);
insert into STATION values (985, '30', 1341, 50504.25, 55248.64, 124.03);
insert into STATION values (986, '31', 1341, 50508.19, 55245.27, 126.12);
insert into STATION values (987, '32', 1341, 50505.07, 55244.40, 129.23);
insert into STATION values (988, '33', 1341, 50510.49, 55238.51, 143.09);
insert into STATION values (989, '34', 1341, 50497.40, 55248.04, 133.02);
insert into STATION values (990, '35', 1341, 50503.84, 55247.86, 127.28);
insert into STATION values (991, '36', 1341, 50503.61, 55250.30, 125.37);
insert into STATION values (992, '36a', 1341, 50503.60, 55250.31, 125.36);
insert into STATION values (993, '37', 1341, 50504.18, 55255.42, 123.18);
insert into STATION values (994, '38', 1341, 50503.01, 55260.66, 121.74);
insert into STATION values (995, '39', 1341, 50504.58, 55263.45, 123.30);
insert into STATION values (996, '40', 1341, 50508.98, 55264.11, 132.03);
insert into STATION values (997, '41', 1341, 50497.85, 55257.73, 119.58);
insert into STATION values (998, '42', 1341, 50494.43, 55257.88, 119.40);
insert into STATION values (999, '43', 1341, 50488.77, 55259.13, 119.70);
insert into STATION values (1000, '44', 1341, 50475.14, 55262.38, 120.68);
insert into STATION values (1001, '45', 1341, 50469.23, 55261.17, 122.53);
insert into STATION values (1002, '46', 1341, 50457.09, 55270.45, 129.65);
insert into STATION values (1003, '47', 1341, 50476.91, 55256.09, 132.40);
insert into STATION values (1004, '48', 1341, 50464.40, 55261.71, 124.59);
